000
CDUS43 KLOT 290637
CLIRFD


CLIMATE REPORT
NATIONAL WEATHER SERVICE CHICAGO IL
134 AM CDT SAT AUG 29 2015


...................................

...THE ROCKFORD IL CLIMATE SUMMARY FOR AUGUST 28 2015...

CLIMATE NORMAL PERIOD 1981 TO 2010
CLIMATE RECORD PERIOD 1905 TO 2015


WEATHER ITEM   OBSERVED TIME   RECORD YEAR NORMAL DEPARTURE LAST
                VALUE   (LST)  VALUE       VALUE  FROM      YEAR
                                                  NORMAL
..................................................................
TEMPERATURE (F)
 YESTERDAY
  MAXIMUM         70    226 PM  97    1955  81    -11       77
  MINIMUM         58    146 AM  38    1915  60     -2       63
  AVERAGE         64                        70     -6       70

PRECIPITATION (IN)
  YESTERDAY        0.21          2.30 1936   0.14   0.07     0.08
  MONTH TO DATE    3.78                      4.18  -0.40     5.55
  SINCE JUN 1     11.92                     12.78  -0.86    16.07
  SINCE JAN 1     23.11                     25.25  -2.14    26.04

SNOWFALL (IN)
  YESTERDAY        0.0           0.0    MM   0.0    0.0      0.0
  MONTH TO DATE    0.0                       0.0    0.0       T
  SINCE JUN 1      0.0                       0.0    0.0       T
  SINCE JUL 1      0.0                       0.0    0.0       T
  SNOW DEPTH       0

DEGREE DAYS
 HEATING
  YESTERDAY        1                         1      0        0
  MONTH TO DATE    5                         3      2        0
  SINCE JUN 1     26                        37    -11       21
  SINCE JUL 1     10                         6      4       10

 COOLING
  YESTERDAY        0                         6     -6        5
  MONTH TO DATE  187                       206    -19      203
  SINCE JUN 1    580                       655    -75      545
  SINCE JAN 1    640                       710    -70      628
..................................................................


WIND (MPH)
  HIGHEST WIND SPEED    13   HIGHEST WIND DIRECTION     E (90)
  HIGHEST GUST SPEED    17   HIGHEST GUST DIRECTION     E (70)
  AVERAGE WIND SPEED     6.0


SKY COVER
  POSSIBLE SUNSHINE  MM
  AVERAGE SKY COVER 1.0


WEATHER CONDITIONS
 THE FOLLOWING WEATHER WAS RECORDED YESTERDAY.
  RAIN
  LIGHT RAIN
  FOG
  HAZE


RELATIVE HUMIDITY (PERCENT)
 HIGHEST    93          1100 PM
 LOWEST     73          1200 PM
 AVERAGE    83

..........................................................


THE ROCKFORD IL CLIMATE NORMALS FOR TODAY
                         NORMAL    RECORD    YEAR
 MAXIMUM TEMPERATURE (F)   81        98      1948
 MINIMUM TEMPERATURE (F)   59        39      1934


SUNRISE AND SUNSET
AUGUST 29 2015........SUNRISE   618 AM CDT   SUNSET   735 PM CDT
AUGUST 30 2015........SUNRISE   619 AM CDT   SUNSET   734 PM CDT


-  INDICATES NEGATIVE NUMBERS.
R  INDICATES RECORD WAS SET OR TIED.
MM INDICATES DATA IS MISSING.
T  INDICATES TRACE AMOUNT.




$$
