000
CDUS43 KLOT 230633
CLIRFD


CLIMATE REPORT
NATIONAL WEATHER SERVICE CHICAGO IL
133 AM CDT TUE SEP 23 2014


...................................

...THE ROCKFORD IL CLIMATE SUMMARY FOR SEPTEMBER 22 2014...

CLIMATE NORMAL PERIOD 1981 TO 2010
CLIMATE RECORD PERIOD 1905 TO 2014


WEATHER ITEM   OBSERVED TIME   RECORD YEAR NORMAL DEPARTURE LAST
                VALUE   (LST)  VALUE       VALUE  FROM      YEAR
                                                  NORMAL
..................................................................
TEMPERATURE (F)
 YESTERDAY
  MAXIMUM         70    351 PM  93    1937  73     -3       70
  MINIMUM         41    528 AM  30    1976  49     -8       43
  AVERAGE         56                        61     -5       57

PRECIPITATION (IN)
  YESTERDAY        0.00          3.05 2000   0.11  -0.11     0.00
  MONTH TO DATE    2.00                      2.51  -0.51     1.54
  SINCE SEP 1      2.00                      2.51  -0.51     1.54
  SINCE JAN 1     28.25                     28.17   0.08    33.54

SNOWFALL (IN)
  YESTERDAY        0.0           0.0    MM   0.0    0.0      0.0
  MONTH TO DATE    0.0                       0.0    0.0      0.0
  SINCE SEP 1      0.0                       0.0    0.0      0.0
  SINCE JUL 1      T                         0.0    0.0      0.0
  SNOW DEPTH       0

DEGREE DAYS
 HEATING
  YESTERDAY        9                         5      4        8
  MONTH TO DATE  113                        60     53       50
  SINCE SEP 1    113                        60     53       50
  SINCE JUL 1    123                        74     49       61

 COOLING
  YESTERDAY        0                         2     -2        0
  MONTH TO DATE   52                        75    -23      119
  SINCE SEP 1     52                        75    -23      119
  SINCE JAN 1    708                       802    -94      868
..................................................................


WIND (MPH)
  HIGHEST WIND SPEED    10   HIGHEST WIND DIRECTION     W (280)
  HIGHEST GUST SPEED    13   HIGHEST GUST DIRECTION     W (280)
  AVERAGE WIND SPEED     3.3


SKY COVER
  POSSIBLE SUNSHINE  MM
  AVERAGE SKY COVER 0.0


WEATHER CONDITIONS
 THE FOLLOWING WEATHER WAS RECORDED YESTERDAY.
  FOG


RELATIVE HUMIDITY (PERCENT)
 HIGHEST    89           300 AM
 LOWEST     39           200 PM
 AVERAGE    64

..........................................................


THE ROCKFORD IL CLIMATE NORMALS FOR TODAY
                         NORMAL    RECORD    YEAR
 MAXIMUM TEMPERATURE (F)   73        92      1937
 MINIMUM TEMPERATURE (F)   49        29      1995
                                             1974


SUNRISE AND SUNSET
SEPTEMBER 23 2014.....SUNRISE   645 AM CDT   SUNSET   652 PM CDT
SEPTEMBER 24 2014.....SUNRISE   646 AM CDT   SUNSET   650 PM CDT


-  INDICATES NEGATIVE NUMBERS.
R  INDICATES RECORD WAS SET OR TIED.
MM INDICATES DATA IS MISSING.
T  INDICATES TRACE AMOUNT.




$$
