000
CDUS43 KGRB 260737
CLIRHI


CLIMATE REPORT
NATIONAL WEATHER SERVICE GREEN BAY
234 AM CDT WED APR 26 2017


...................................

...THE RHINELANDER WI CLIMATE SUMMARY FOR APRIL 25 2017...

CLIMATE NORMAL PERIOD 1981 TO 2010
CLIMATE RECORD PERIOD 1908 TO 2017


WEATHER ITEM   OBSERVED TIME   RECORD YEAR NORMAL DEPARTURE LAST
                VALUE   (LST)  VALUE       VALUE  FROM      YEAR
                                                  NORMAL
..................................................................
TEMPERATURE (F)
 YESTERDAY
  MAXIMUM         75    244 PM  84    1990  58     17       41
  MINIMUM         48   1159 PM  19    1972  34     14       35
                                      1926
  AVERAGE         62                        46     16       38

PRECIPITATION (IN)
  YESTERDAY        0.13          0.70 1950   0.10   0.03     0.66
  MONTH TO DATE    5.11                      2.08   3.03     2.75
  SINCE MAR 1      6.32                      3.65   2.67     6.42
  SINCE JAN 1      9.68                      5.69   3.99     8.15

SNOWFALL (IN)
  YESTERDAY        0.0           5.3  1909  MM     MM        0.0
  MONTH TO DATE    5.4                      MM     MM       11.9
  SINCE MAR 1     11.2                      MM     MM       21.2
  SINCE JUL 1     62.7                      MM     MM       55.7
  SNOW DEPTH       0

DEGREE DAYS
 HEATING
  YESTERDAY        3                        19    -16       27
  MONTH TO DATE  485                       613   -128      637
  SINCE MAR 1   1637                      1786   -149     1576
  SINCE JUL 1   7148                      8408  -1260     7259

 COOLING
  YESTERDAY        0                         0      0        0
  MONTH TO DATE    0                         0      0        0
  SINCE MAR 1      0                         0      0        0
  SINCE JAN 1      0                         0      0        0
..................................................................


WIND (MPH)
  HIGHEST WIND SPEED    17   HIGHEST WIND DIRECTION     S (200)
  HIGHEST GUST SPEED    24   HIGHEST GUST DIRECTION    SW (210)
  AVERAGE WIND SPEED     8.5


SKY COVER
  POSSIBLE SUNSHINE  MM
  AVERAGE SKY COVER 0.6


WEATHER CONDITIONS
 THE FOLLOWING WEATHER WAS RECORDED YESTERDAY.
  LIGHT RAIN
  FOG


RELATIVE HUMIDITY (PERCENT)
 HIGHEST    72           700 PM
 LOWEST     25           100 PM
 AVERAGE    49

..........................................................


THE RHINELANDER WI CLIMATE NORMALS FOR TODAY
                         NORMAL    RECORD    YEAR
 MAXIMUM TEMPERATURE (F)   59        85      1962
 MINIMUM TEMPERATURE (F)   34        18      1919


SUNRISE AND SUNSET
APRIL 26 2017.........SUNRISE   553 AM CDT   SUNSET   759 PM CDT
APRIL 27 2017.........SUNRISE   551 AM CDT   SUNSET   800 PM CDT


-  INDICATES NEGATIVE NUMBERS.
R  INDICATES RECORD WAS SET OR TIED.
MM INDICATES DATA IS MISSING.
T  INDICATES TRACE AMOUNT.

$$
