000
CDUS43 KGRB 250649
CLIRHI


CLIMATE REPORT
NATIONAL WEATHER SERVICE GREEN BAY
149 AM CDT FRI JUL 25 2014


...................................

...THE RHINELANDER WI CLIMATE SUMMARY FOR JULY 24 2014...

CLIMATE NORMAL PERIOD 1981 TO 2010
CLIMATE RECORD PERIOD 1908 TO 2014


WEATHER ITEM   OBSERVED TIME   RECORD YEAR NORMAL DEPARTURE LAST
                VALUE   (LST)  VALUE       VALUE  FROM      YEAR
                                                  NORMAL
..................................................................
TEMPERATURE (F)
 YESTERDAY
  MAXIMUM         76    233 PM  95    1934  79     -3       71
  MINIMUM         42    321 AM  41    2013  55    -13       41
                                      1953
  AVERAGE         59                        67     -8       56

PRECIPITATION (IN)
  YESTERDAY        0.00          3.78 1929   0.12  -0.12     0.00
  MONTH TO DATE    3.14                      3.20  -0.06     2.17
  SINCE JUN 1      9.87                      7.09   2.78     7.47
  SINCE JAN 1     20.98                     16.77   4.21    20.80

SNOWFALL (IN)
  YESTERDAY        0.0           0.0    MM  MM     MM        0.0
  MONTH TO DATE    0.0                      MM     MM        0.0
  SINCE JUN 1      0.0                      MM     MM        0.0
  SINCE JUL 1      0.0                      MM     MM        0.0
  SNOW DEPTH       0

DEGREE DAYS
 HEATING
  YESTERDAY        6                         2      4        9
  MONTH TO DATE   99                        48     51       33
  SINCE JUN 1    192                       182     10      207
  SINCE JUL 1     99                        48     51       33

 COOLING
  YESTERDAY        0                         3     -3        0
  MONTH TO DATE   41                        83    -42      132
  SINCE JUN 1    103                       136    -33      172
  SINCE JAN 1    110                       148    -38      186
..................................................................


WIND (MPH)
  HIGHEST WIND SPEED    12   HIGHEST WIND DIRECTION     S (180)
  HIGHEST GUST SPEED    15   HIGHEST GUST DIRECTION     S (200)
  AVERAGE WIND SPEED     2.8


SKY COVER
  POSSIBLE SUNSHINE  MM
  AVERAGE SKY COVER 0.3


WEATHER CONDITIONS
 THE FOLLOWING WEATHER WAS RECORDED YESTERDAY.
  FOG
  FOG W/VISIBILITY <= 1/4 MILE


RELATIVE HUMIDITY (PERCENT)
 HIGHEST   100           200 AM
 LOWEST     38           200 PM
 AVERAGE    69

..........................................................


THE RHINELANDER WI CLIMATE NORMALS FOR TODAY
                         NORMAL    RECORD    YEAR
 MAXIMUM TEMPERATURE (F)   79        92      1999
                                             1917
 MINIMUM TEMPERATURE (F)   55        37      1915


SUNRISE AND SUNSET
JULY 25 2014..........SUNRISE   533 AM CDT   SUNSET   835 PM CDT
JULY 26 2014..........SUNRISE   534 AM CDT   SUNSET   833 PM CDT


-  INDICATES NEGATIVE NUMBERS.
R  INDICATES RECORD WAS SET OR TIED.
MM INDICATES DATA IS MISSING.
T  INDICATES TRACE AMOUNT.




$$
