000
CDUS43 KGRB 200655
CLIRHI


CLIMATE REPORT
NATIONAL WEATHER SERVICE GREEN BAY
1255 AM CST SAT JAN 20 2018


...................................

...THE RHINELANDER WI CLIMATE SUMMARY FOR JANUARY 19 2018...

CLIMATE NORMAL PERIOD 1981 TO 2010
CLIMATE RECORD PERIOD 1908 TO 2018


WEATHER ITEM   OBSERVED TIME   RECORD YEAR NORMAL DEPARTURE LAST
                VALUE   (LST)  VALUE       VALUE  FROM      YEAR
                                                  NORMAL
..................................................................
TEMPERATURE (F)
 YESTERDAY
  MAXIMUM         39    340 PM  45    1908  21     18       43
  MINIMUM         23    802 AM -33    1994   3     20       27
  AVERAGE         31                        12     19       35

PRECIPITATION (IN)
  YESTERDAY        0.00          0.75 1935   0.03  -0.03     0.00
  MONTH TO DATE    0.58                      0.69  -0.11     1.22
  SINCE DEC 1      2.31                      2.13   0.18     3.29
  SINCE JAN 1      0.58                      0.69  -0.11     1.22

SNOWFALL (IN)
  YESTERDAY        0.0           7.5  1935  MM     MM        0.0
                                      1946
  MONTH TO DATE    6.5                      MM     MM       13.3
  SINCE DEC 1     19.9                      MM     MM       32.9
  SINCE JUL 1     33.6                      MM     MM       39.5
  SNOW DEPTH       8

DEGREE DAYS
 HEATING
  YESTERDAY       34                        53    -19       30
  MONTH TO DATE 1045                      1002     43     1013
  SINCE DEC 1   2649                      2494    155     2463
  SINCE JUL 1   4622                      4628     -6     3945

 COOLING
  YESTERDAY        0                         0      0        0
  MONTH TO DATE    0                         0      0        0
  SINCE DEC 1      0                         0      0        0
  SINCE JAN 1      0                         0      0        0
..................................................................


WIND (MPH)
  HIGHEST WIND SPEED    14   HIGHEST WIND DIRECTION     W (270)
  HIGHEST GUST SPEED    19   HIGHEST GUST DIRECTION    SW (230)
  AVERAGE WIND SPEED     8.9


SKY COVER
  POSSIBLE SUNSHINE  MM
  AVERAGE SKY COVER 0.0


WEATHER CONDITIONS
 THE FOLLOWING WEATHER WAS RECORDED YESTERDAY.
  NO SIGNIFICANT WEATHER WAS OBSERVED.


RELATIVE HUMIDITY (PERCENT)
 HIGHEST    96           400 AM
 LOWEST     59           200 PM
 AVERAGE    78

..........................................................


THE RHINELANDER WI CLIMATE NORMALS FOR TODAY
                         NORMAL    RECORD    YEAR
 MAXIMUM TEMPERATURE (F)   21        51      1908
 MINIMUM TEMPERATURE (F)    3       -32      1984


SUNRISE AND SUNSET
JANUARY 20 2018.......SUNRISE   731 AM CST   SUNSET   447 PM CST
JANUARY 21 2018.......SUNRISE   730 AM CST   SUNSET   448 PM CST


-  INDICATES NEGATIVE NUMBERS.
R  INDICATES RECORD WAS SET OR TIED.
MM INDICATES DATA IS MISSING.
T  INDICATES TRACE AMOUNT.




$$
