000
CDUS43 KGRB 280721
CLIRHI


CLIMATE REPORT
NATIONAL WEATHER SERVICE GREEN BAY
219 AM CDT THU MAY 28 2015


...................................

...THE RHINELANDER WI CLIMATE SUMMARY FOR MAY 27 2015...

CLIMATE NORMAL PERIOD 1981 TO 2010
CLIMATE RECORD PERIOD 1908 TO 2015


WEATHER ITEM   OBSERVED TIME   RECORD YEAR NORMAL DEPARTURE LAST
                VALUE   (LST)  VALUE       VALUE  FROM      YEAR
                                                  NORMAL
..................................................................
TEMPERATURE (F)
 YESTERDAY
  MAXIMUM         77    405 PM  90    1919  68      9       74
  MINIMUM         51   1159 PM  26    2011  44      7       58
  AVERAGE         64                        56      8       66

PRECIPITATION (IN)
  YESTERDAY        0.82          1.48 2006   0.12   0.70      T
  MONTH TO DATE    3.39                      3.00   0.39     2.88
  SINCE MAR 1      7.41                      7.15   0.26     8.50
  SINCE JAN 1      8.30                      9.19  -0.89    11.11

SNOWFALL (IN)
  YESTERDAY        0.0           T    1947  MM     MM        0.0
  MONTH TO DATE    T                        MM     MM        0.1
  SINCE MAR 1     20.4                      MM     MM       37.8
  SINCE JUL 1     89.3                      MM     MM      110.3
  SNOW DEPTH       0

DEGREE DAYS
 HEATING
  YESTERDAY        1                         9     -8        0
  MONTH TO DATE  278                       352    -74      369
  SINCE MAR 1   2093                      2230   -137     2707
  SINCE JUL 1   9434                      8852    582    10336

 COOLING
  YESTERDAY        0                         1     -1        1
  MONTH TO DATE    5                         5      0        5
  SINCE MAR 1      5                         6     -1        5
  SINCE JAN 1      5                         6     -1        5
..................................................................


WIND (MPH)
  HIGHEST WIND SPEED    18   HIGHEST WIND DIRECTION     W (270)
  HIGHEST GUST SPEED    24   HIGHEST GUST DIRECTION     W (270)
  AVERAGE WIND SPEED     7.1


SKY COVER
  POSSIBLE SUNSHINE  MM
  AVERAGE SKY COVER 0.6


WEATHER CONDITIONS
 THE FOLLOWING WEATHER WAS RECORDED YESTERDAY.
  THUNDERSTORM
  HEAVY RAIN
  RAIN
  LIGHT RAIN
  FOG


RELATIVE HUMIDITY (PERCENT)
 HIGHEST   100           800 AM
 LOWEST     50           400 PM
 AVERAGE    75

..........................................................


THE RHINELANDER WI CLIMATE NORMALS FOR TODAY
                         NORMAL    RECORD    YEAR
 MAXIMUM TEMPERATURE (F)   69        91      1919
 MINIMUM TEMPERATURE (F)   45        27      1917


SUNRISE AND SUNSET
MAY 28 2015...........SUNRISE   515 AM CDT   SUNSET   836 PM CDT
MAY 29 2015...........SUNRISE   514 AM CDT   SUNSET   837 PM CDT


-  INDICATES NEGATIVE NUMBERS.
R  INDICATES RECORD WAS SET OR TIED.
MM INDICATES DATA IS MISSING.
T  INDICATES TRACE AMOUNT.

$$
