000
CDUS43 KGRB 090644
CLIRHI


CLIMATE REPORT
NATIONAL WEATHER SERVICE GREEN BAY
1244 AM CST TUE FEB 9 2016


...................................

...THE RHINELANDER WI CLIMATE SUMMARY FOR FEBRUARY 8 2016...

CLIMATE NORMAL PERIOD 1981 TO 2010
CLIMATE RECORD PERIOD 1908 TO 2016


WEATHER ITEM   OBSERVED TIME   RECORD YEAR NORMAL DEPARTURE LAST
                VALUE   (LST)  VALUE       VALUE  FROM      YEAR
                                                  NORMAL
..................................................................
TEMPERATURE (F)
 YESTERDAY
  MAXIMUM         30   1222 AM  55    1991  24      6       23
  MINIMUM          9   1159 PM -34    1971   5      4       14
  AVERAGE         20                        14      6       19

PRECIPITATION (IN)
  YESTERDAY        0.07          0.35 1950   0.03   0.04      T
  MONTH TO DATE    0.40                      0.24   0.16     0.02
  SINCE DEC 1      5.12                      2.79   2.33     2.72
  SINCE JAN 1      1.16                      1.35  -0.19     0.70

SNOWFALL (IN)
  YESTERDAY        1.0           5.0  1950  MM     MM         T
  MONTH TO DATE    5.0                      MM     MM        0.3
  SINCE DEC 1     25.1                      MM     MM       28.7
  SINCE JUL 1     29.2                      MM     MM       63.8
  SNOW DEPTH      12

DEGREE DAYS
 HEATING
  YESTERDAY       45                        51     -6       46
  MONTH TO DATE  344                       411    -67      454
  SINCE DEC 1   3003                      3538   -535     3545
  SINCE JUL 1   4720                      5672   -952     6066

 COOLING
  YESTERDAY        0                         0      0        0
  MONTH TO DATE    0                         0      0        0
  SINCE DEC 1      0                         0      0        0
  SINCE JAN 1      0                         0      0        0
..................................................................


WIND (MPH)
  HIGHEST WIND SPEED    15   HIGHEST WIND DIRECTION    NW (310)
  HIGHEST GUST SPEED    23   HIGHEST GUST DIRECTION    NW (310)
  AVERAGE WIND SPEED     8.5


SKY COVER
  POSSIBLE SUNSHINE  MM
  AVERAGE SKY COVER 1.0


WEATHER CONDITIONS
 THE FOLLOWING WEATHER WAS RECORDED YESTERDAY.
  LIGHT SNOW
  FOG
  HAZE


RELATIVE HUMIDITY (PERCENT)
 HIGHEST    92          1200 AM
 LOWEST     68           200 PM
 AVERAGE    80

..........................................................


THE RHINELANDER WI CLIMATE NORMALS FOR TODAY
                         NORMAL    RECORD    YEAR
 MAXIMUM TEMPERATURE (F)   24        49      1977
 MINIMUM TEMPERATURE (F)    5       -40      1951


SUNRISE AND SUNSET
FEBRUARY  9 2016......SUNRISE   709 AM CST   SUNSET   515 PM CST
FEBRUARY 10 2016......SUNRISE   708 AM CST   SUNSET   517 PM CST


-  INDICATES NEGATIVE NUMBERS.
R  INDICATES RECORD WAS SET OR TIED.
MM INDICATES DATA IS MISSING.
T  INDICATES TRACE AMOUNT.




$$
