000
CDUS43 KGRB 250846
CLIRHI


CLIMATE REPORT
NATIONAL WEATHER SERVICE GREEN BAY
346 AM CDT MON JUL 25 2016


...................................

...THE RHINELANDER WI CLIMATE SUMMARY FOR JULY 24 2016...

CLIMATE NORMAL PERIOD 1981 TO 2010
CLIMATE RECORD PERIOD 1908 TO 2016


WEATHER ITEM   OBSERVED TIME   RECORD YEAR NORMAL DEPARTURE LAST
                VALUE   (LST)  VALUE       VALUE  FROM      YEAR
                                                  NORMAL
..................................................................
TEMPERATURE (F)
 YESTERDAY
  MAXIMUM         85    158 PM  95    1934  79      6       80
  MINIMUM         63   1159 PM  41    2013  55      8       58
                                      1953
  AVERAGE         74                        67      7       69

PRECIPITATION (IN)
  YESTERDAY        0.08          3.78 1929   0.12  -0.04     0.00
  MONTH TO DATE    2.72                      3.20  -0.48     3.02
  SINCE JUN 1      9.74                      7.09   2.65     6.58
  SINCE JAN 1     20.82                     16.77   4.05    15.18

SNOWFALL (IN)
  YESTERDAY        0.0           0.0    MM  MM     MM        0.0
  MONTH TO DATE    0.0                      MM     MM        0.0
  SINCE JUN 1      0.0                      MM     MM        0.0
  SINCE JUL 1      0.0                      MM     MM        0.0
  SNOW DEPTH       0

DEGREE DAYS
 HEATING
  YESTERDAY        0                         2     -2        0
  MONTH TO DATE   28                        48    -20       49
  SINCE JUN 1    120                       182    -62      181
  SINCE JUL 1     28                        48    -20       49

 COOLING
  YESTERDAY        9                         3      6        4
  MONTH TO DATE  111                        83     28       56
  SINCE JUN 1    164                       136     28       59
  SINCE JAN 1    179                       148     31       64
..................................................................


WIND (MPH)
  HIGHEST WIND SPEED    18   HIGHEST WIND DIRECTION     W (270)
  HIGHEST GUST SPEED    25   HIGHEST GUST DIRECTION     W (270)
  AVERAGE WIND SPEED     7.6


SKY COVER
  POSSIBLE SUNSHINE  MM
  AVERAGE SKY COVER 0.6


WEATHER CONDITIONS
 THE FOLLOWING WEATHER WAS RECORDED YESTERDAY.
  THUNDERSTORM
  HEAVY RAIN
  LIGHT RAIN
  FOG


RELATIVE HUMIDITY (PERCENT)
 HIGHEST    97           100 AM
 LOWEST     51           300 PM
 AVERAGE    74

..........................................................


THE RHINELANDER WI CLIMATE NORMALS FOR TODAY
                         NORMAL    RECORD    YEAR
 MAXIMUM TEMPERATURE (F)   79        92      1999
                                             1917
 MINIMUM TEMPERATURE (F)   55        37      1915


SUNRISE AND SUNSET
JULY 25 2016..........SUNRISE   534 AM CDT   SUNSET   834 PM CDT
JULY 26 2016..........SUNRISE   535 AM CDT   SUNSET   833 PM CDT


-  INDICATES NEGATIVE NUMBERS.
R  INDICATES RECORD WAS SET OR TIED.
MM INDICATES DATA IS MISSING.
T  INDICATES TRACE AMOUNT.




$$
