000
CDUS43 KGRB 250913
CLIRHI

CLIMATE REPORT
NATIONAL WEATHER SERVICE GREEN BAY
310 AM CST TUE NOV 25 2014

...................................

...THE RHINELANDER WI CLIMATE SUMMARY FOR NOVEMBER 24 2014...

CLIMATE NORMAL PERIOD 1981 TO 2010
CLIMATE RECORD PERIOD 1908 TO 2014

WEATHER ITEM   OBSERVED TIME   RECORD YEAR NORMAL DEPARTURE LAST
                VALUE   (LST)  VALUE       VALUE  FROM      YEAR
                                                  NORMAL
..................................................................
TEMPERATURE (F)
 YESTERDAY
  MAXIMUM         39    326 AM  54    1988  33      6       21
  MINIMUM         20   1159 PM -11    1950  18      2       -9
  AVERAGE         30                        26      4        6

PRECIPITATION (IN)
  YESTERDAY        0.75          1.01 2001   0.06   0.69     0.00
  MONTH TO DATE    3.18                      1.49   1.69     2.04
  SINCE SEP 1     13.00                      8.73   4.27     8.31
  SINCE JAN 1     39.46                     29.61   9.85    35.15

SNOWFALL (IN)
  YESTERDAY        5.9 R         2.4  1946  MM     MM        0.0
  MONTH TO DATE   29.8                      MM     MM        6.9
  SINCE SEP 1     32.5                      MM     MM        9.1
  SINCE JUL 1     32.5                      MM     MM        9.1
  SNOW DEPTH       9

DEGREE DAYS
 HEATING
  YESTERDAY       35                        39     -4       59
  MONTH TO DATE 1000                       795    205      846
  SINCE SEP 1   1999                      1761    238     1758
  SINCE JUL 1   2199                      1888    311     1948

COOLING
  YESTERDAY        0                         0      0        0
  MONTH TO DATE    0                         0      0        0
  SINCE SEP 1      1                        20    -19       17
  SINCE JAN 1    148                       261   -113      281
..................................................................

WIND (MPH)
  HIGHEST WIND SPEED    16   HIGHEST WIND DIRECTION     N (340)
  HIGHEST GUST SPEED    28   HIGHEST GUST DIRECTION    NW (330)
  AVERAGE WIND SPEED     8.2

SKY COVER
  POSSIBLE SUNSHINE  MM
  AVERAGE SKY COVER 1.0

WEATHER CONDITIONS
 THE FOLLOWING WEATHER WAS RECORDED YESTERDAY.
  LIGHT RAIN
  SNOW
  LIGHT SNOW
  FOG
  FOG W/VISIBILITY <= 1/4 MILE

RELATIVE HUMIDITY (PERCENT)
 HIGHEST   100          1200 AM
 LOWEST     84           700 PM
 AVERAGE    92
..........................................................

THE RHINELANDER WI CLIMATE NORMALS FOR TODAY
                         NORMAL    RECORD    YEAR
 MAXIMUM TEMPERATURE (F)   33        55      1998
 MINIMUM TEMPERATURE (F)   18        -9      1950

SUNRISE AND SUNSET
NOVEMBER 25 2014......SUNRISE   711 AM CST   SUNSET   419 PM CST
NOVEMBER 26 2014......SUNRISE   712 AM CST   SUNSET   418 PM CST

-  INDICATES NEGATIVE NUMBERS.
R  INDICATES RECORD WAS SET OR TIED.
MM INDICATES DATA IS MISSING.
T  INDICATES TRACE AMOUNT.

$$
