000
CDUS43 KGRB 242126
CLIRHI

CLIMATE REPORT
NATIONAL WEATHER SERVICE GREEN BAY
424 PM CDT THU APR 24 2014

...................................

...THE RHINELANDER WI CLIMATE SUMMARY FOR APRIL 24 2014...
VALID TODAY AS OF 0400 PM LOCAL TIME.

CLIMATE NORMAL PERIOD 1981 TO 2010
CLIMATE RECORD PERIOD 1908 TO 2014

WEATHER ITEM   OBSERVED TIME   RECORD YEAR NORMAL DEPARTURE LAST
                VALUE   (LST)  VALUE       VALUE  FROM      YEAR
                                                  NORMAL
..................................................................
TEMPERATURE (F)
 TODAY
  MAXIMUM         40   1231 AM  85    1915  58    -18       46
  MINIMUM         32    105 PM  15    1909  33     -1       19
  AVERAGE         36                        46    -10       33

PRECIPITATION (IN)
  TODAY            0.23          1.13 2009   0.10   0.13     0.01
  MONTH TO DATE    3.31                      1.98   1.33     3.50
  SINCE MAR 1      4.07                      3.55   0.52     5.51
  SINCE JAN 1      6.68                      5.59   1.09     8.31

SNOWFALL (IN)
  TODAY            1.4 R         1.3  1910  MM     MM        0.1
  MONTH TO DATE   27.1                      MM     MM       13.0
  SINCE MAR 1     36.7                      MM     MM       29.2
  SINCE JUL 1    109.2                      MM     MM       81.8
  SNOW DEPTH      MM

DEGREE DAYS
 HEATING
  TODAY           29                        20      9       32
  MONTH TO DATE  743                       594    149      812
  SINCE MAR 1   2182                      1767    415     2141
  SINCE JUL 1   9811                      8389   1422     8541

COOLING
  TODAY            0                         0      0        0
  MONTH TO DATE    0                         0      0        0
  SINCE MAR 1      0                         0      0        0
  SINCE JAN 1      0                         0      0        0
..................................................................

WIND (MPH)
  HIGHEST WIND SPEED    18   HIGHEST WIND DIRECTION     E (110)
  HIGHEST GUST SPEED    24   HIGHEST GUST DIRECTION     E (110)
  AVERAGE WIND SPEED    12.2

SKY COVER
  POSSIBLE SUNSHINE  MM
  AVERAGE SKY COVER 1.0

WEATHER CONDITIONS
 THE FOLLOWING WEATHER WAS RECORDED TODAY.
  LIGHT RAIN
  SNOW
  LIGHT SNOW
  FOG

RELATIVE HUMIDITY (PERCENT)
 HIGHEST   100           100 PM
 LOWEST     44          1200 AM
 AVERAGE    72
..........................................................

THE RHINELANDER WI CLIMATE NORMALS FOR TOMORROW
                         NORMAL    RECORD    YEAR
 MAXIMUM TEMPERATURE (F)   58        84      1990
 MINIMUM TEMPERATURE (F)   34        19      1972
                                             1926

SUNRISE AND SUNSET
APRIL 24 2014.........SUNRISE   557 AM CDT   SUNSET   756 PM CDT
APRIL 25 2014.........SUNRISE   555 AM CDT   SUNSET   757 PM CDT

-  INDICATES NEGATIVE NUMBERS.
R  INDICATES RECORD WAS SET OR TIED.
MM INDICATES DATA IS MISSING.
T  INDICATES TRACE AMOUNT.

$$
