000
CDUS43 KGRB 290804
CLIRHI

CLIMATE REPORT
NATIONAL WEATHER SERVICE GREEN BAY
202 AM CST MON DEC 29 2014

...................................

...THE RHINELANDER WI CLIMATE SUMMARY FOR DECEMBER 28 2014...

CLIMATE NORMAL PERIOD 1981 TO 2010
CLIMATE RECORD PERIOD 1908 TO 2014

WEATHER ITEM   OBSERVED TIME   RECORD YEAR NORMAL DEPARTURE LAST
                VALUE   (LST)  VALUE       VALUE  FROM      YEAR
                                                  NORMAL
..................................................................
TEMPERATURE (F)
 YESTERDAY
  MAXIMUM         18   1237 PM  45    1984  23     -5       36
  MINIMUM        -10   1140 PM -28    1924   5    -15       24
  AVERAGE          4                        14    -10       30

PRECIPITATION (IN)
  YESTERDAY        T             0.87 1959   0.04  -0.04      T
  MONTH TO DATE    2.02                      1.32   0.70     1.65
  SINCE DEC 1      2.02                      1.32   0.70     1.65
  SINCE JAN 1     41.62                     31.28  10.34    36.86

SNOWFALL (IN)
  YESTERDAY        T             6.0  1966  MM     MM        0.0
  MONTH TO DATE   19.0                      MM     MM       22.7
  SINCE DEC 1     19.0                      MM     MM       22.7
  SINCE JUL 1     54.1                      MM     MM       32.5
  SNOW DEPTH      15

DEGREE DAYS
 HEATING
  YESTERDAY       61                        51     10       35
  MONTH TO DATE 1219                      1337   -118     1564
  SINCE DEC 1   1219                      1337   -118     1564
  SINCE JUL 1   3740                      3471    269     3791

COOLING
  YESTERDAY        0                         0      0        0
  MONTH TO DATE    0                         0      0        0
  SINCE DEC 1      0                         0      0        0
  SINCE JAN 1    148                       261   -113      281
..................................................................

WIND (MPH)
  HIGHEST WIND SPEED    12   HIGHEST WIND DIRECTION     W (280)
  HIGHEST GUST SPEED    16   HIGHEST GUST DIRECTION     W (280)
  AVERAGE WIND SPEED     5.3

SKY COVER
  POSSIBLE SUNSHINE  MM
  AVERAGE SKY COVER 0.5

WEATHER CONDITIONS
 THE FOLLOWING WEATHER WAS RECORDED YESTERDAY.
  FOG

RELATIVE HUMIDITY (PERCENT)
 HIGHEST   100           800 PM
 LOWEST     73           400 PM
 AVERAGE    87
..........................................................

THE RHINELANDER WI CLIMATE NORMALS FOR TODAY
                         NORMAL    RECORD    YEAR
 MAXIMUM TEMPERATURE (F)   22        42      1999
                                             1979
 MINIMUM TEMPERATURE (F)    5       -28      1917

SUNRISE AND SUNSET
DECEMBER 29 2014......SUNRISE   738 AM CST   SUNSET   422 PM CST
DECEMBER 30 2014......SUNRISE   738 AM CST   SUNSET   423 PM CST

-  INDICATES NEGATIVE NUMBERS.
R  INDICATES RECORD WAS SET OR TIED.
MM INDICATES DATA IS MISSING.
T  INDICATES TRACE AMOUNT.

$$
