000
CDUS43 KGRB 272129
CLIRHI


CLIMATE REPORT
NATIONAL WEATHER SERVICE GREEN BAY
429 PM CDT SAT AUG 27 2016


...................................

...THE RHINELANDER WI CLIMATE SUMMARY FOR AUGUST 27 2016...
VALID TODAY AS OF 0400 PM LOCAL TIME.

CLIMATE NORMAL PERIOD 1981 TO 2010
CLIMATE RECORD PERIOD 1908 TO 2016


WEATHER ITEM   OBSERVED TIME   RECORD YEAR NORMAL DEPARTURE LAST
                VALUE   (LST)  VALUE       VALUE  FROM      YEAR
                                                  NORMAL
..................................................................
TEMPERATURE (F)
 TODAY
  MAXIMUM         69    134 PM  92    1984  75     -6       74
                                      1976
                                      1973
  MINIMUM         56    549 AM  30    1915  51      5       39
  AVERAGE         63                        63      0       57

PRECIPITATION (IN)
  TODAY            T             2.16 1921   0.11  -0.11     0.00
  MONTH TO DATE    5.67                      2.85   2.82     3.46
  SINCE JUN 1     16.51                     10.76   5.75    10.08
  SINCE JAN 1     27.59                     20.44   7.15    18.68

SNOWFALL (IN)
  TODAY            0.0           0.0    MM  MM     MM        0.0
  MONTH TO DATE    0.0                      MM     MM        0.0
  SINCE JUN 1      0.0                      MM     MM        0.0
  SINCE JUL 1      0.0                      MM     MM        0.0
  SNOW DEPTH       0

DEGREE DAYS
 HEATING
  TODAY            2                         4     -2        8
  MONTH TO DATE   20                        60    -40       84
  SINCE JUN 1    145                       245   -100      265
  SINCE JUL 1     53                       111    -58      133

 COOLING
  TODAY            0                         1     -1        0
  MONTH TO DATE  100                        69     31       50
  SINCE JUN 1    282                       227     55      148
  SINCE JAN 1    297                       239     58      153
..................................................................


WIND (MPH)
  HIGHEST WIND SPEED    10   HIGHEST WIND DIRECTION    SE (130)
  HIGHEST GUST SPEED    14   HIGHEST GUST DIRECTION     E (110)
  AVERAGE WIND SPEED     3.5


SKY COVER
  POSSIBLE SUNSHINE  MM
  AVERAGE SKY COVER 0.6


WEATHER CONDITIONS
 THE FOLLOWING WEATHER WAS RECORDED TODAY.
  NO SIGNIFICANT WEATHER WAS OBSERVED.


RELATIVE HUMIDITY (PERCENT)
 HIGHEST   100          1200 AM
 LOWEST     73          1100 AM
 AVERAGE    87

..........................................................


THE RHINELANDER WI CLIMATE NORMALS FOR TOMORROW
                         NORMAL    RECORD    YEAR
 MAXIMUM TEMPERATURE (F)   74        92      1984
                                             1953
 MINIMUM TEMPERATURE (F)   51        36      1941
                                             1916


SUNRISE AND SUNSET
AUGUST 27 2016........SUNRISE   613 AM CDT   SUNSET   744 PM CDT
AUGUST 28 2016........SUNRISE   615 AM CDT   SUNSET   742 PM CDT


-  INDICATES NEGATIVE NUMBERS.
R  INDICATES RECORD WAS SET OR TIED.
MM INDICATES DATA IS MISSING.
T  INDICATES TRACE AMOUNT.




$$
