918
CDUS41 KAKQ 230545
CLIRIC


CLIMATE REPORT
NATIONAL WEATHER SERVICE WAKEFIELD, VA
145 AM EDT SUN APR 23 2017


...................................

...THE RICHMOND VA CLIMATE SUMMARY FOR APRIL 22 2017...

CLIMATE NORMAL PERIOD 1981 TO 2010
CLIMATE RECORD PERIOD 1871 TO 2017


WEATHER ITEM   OBSERVED TIME   RECORD YEAR NORMAL DEPARTURE LAST
                VALUE   (LST)  VALUE       VALUE  FROM      YEAR
                                                  NORMAL
..................................................................
TEMPERATURE (F)
 YESTERDAY
  MAXIMUM         68    335 AM  96    1985  72     -4       75
  MINIMUM         52   1159 PM  34    1953  48      4       60
                                      1950
                                      1934
  AVERAGE         60                        60      0       68

PRECIPITATION (IN)
  YESTERDAY        0.39          1.60 1984   0.10   0.29     0.60
  MONTH TO DATE    1.31                      2.41  -1.10     1.59
  SINCE MAR 1      4.99                      6.45  -1.46     2.61
  SINCE JAN 1      9.99                     12.25  -2.26    10.26

SNOWFALL (IN)
  YESTERDAY        0.0           0.0  2002   0.0    0.0
  MONTH TO DATE    0.0                       0.1   -0.1
  SINCE NOV 1      7.1                      10.3   -3.2
  SINCE JUL 1      7.1                      10.3   -3.2
  SNOW DEPTH       0

DEGREE DAYS
 HEATING
  YESTERDAY        5                         6     -1        0
  MONTH TO DATE   88                       197   -109      232
  SINCE MAR 1    581                       713   -132      590
  SINCE JUL 1   3063                      3649   -586     3178

 COOLING
  YESTERDAY        0                         2     -2        3
  MONTH TO DATE   48                        22     26       14
  SINCE MAR 1     56                        28     28       20
  SINCE JAN 1     56                        28     28       20
..................................................................


WIND (MPH)
  HIGHEST WIND SPEED    20   HIGHEST WIND DIRECTION     N (10)
  HIGHEST GUST SPEED    28   HIGHEST GUST DIRECTION     N (10)
  AVERAGE WIND SPEED     9.4


SKY COVER
  POSSIBLE SUNSHINE  MM
  AVERAGE SKY COVER 1.0


WEATHER CONDITIONS
 THE FOLLOWING WEATHER WAS RECORDED YESTERDAY.
  THUNDERSTORM
  HEAVY RAIN
  RAIN
  LIGHT RAIN
  FOG


RELATIVE HUMIDITY (PERCENT)
 HIGHEST   100           100 PM
 LOWEST     87          1200 AM
 AVERAGE    94

..........................................................


THE RICHMOND VA CLIMATE NORMALS FOR TODAY
                         NORMAL    RECORD    YEAR
 MAXIMUM TEMPERATURE (F)   73        95      1985
 MINIMUM TEMPERATURE (F)   48        31      1940


SUNRISE AND SUNSET
APRIL 23 2017.........SUNRISE   624 AM EDT   SUNSET   752 PM EDT
APRIL 24 2017.........SUNRISE   622 AM EDT   SUNSET   753 PM EDT


-  INDICATES NEGATIVE NUMBERS.
R  INDICATES RECORD WAS SET OR TIED.
MM INDICATES DATA IS MISSING.
T  INDICATES TRACE AMOUNT.




$$
