000
CDUS41 KAKQ 170845
CLIRIC


CLIMATE REPORT
NATIONAL WEATHER SERVICE WAKEFIELD, VA
445 AM EDT WED SEP 17 2014


...................................

...THE RICHMOND VA CLIMATE SUMMARY FOR SEPTEMBER 16 2014...

CLIMATE NORMAL PERIOD 1981 TO 2010
CLIMATE RECORD PERIOD 1871 TO 2014


WEATHER ITEM   OBSERVED TIME   RECORD YEAR NORMAL DEPARTURE LAST
                VALUE   (LST)  VALUE       VALUE  FROM      YEAR
                                                  NORMAL
..................................................................
TEMPERATURE (F)
 YESTERDAY
  MAXIMUM         83    205 PM  97    1991  81      2       84
  MINIMUM         65   1226 AM  44    1985  60      5       60
  AVERAGE         74                        71      3       72

PRECIPITATION (IN)
  YESTERDAY        0.00          4.53 1999   0.15  -0.15      T
  MONTH TO DATE    0.55                      2.30  -1.75     0.54
  SINCE SEP 1      0.55                      2.30  -1.75     0.54
  SINCE JAN 1     26.22                     32.29  -6.07    39.41

SNOWFALL (IN)
  YESTERDAY        0.0           0.0  2002   0.0    0.0
                                      2001
  MONTH TO DATE    0.0                       0.0    0.0
  SINCE NOV 1     14.5                      10.3    4.2
  SINCE JUL 1      0.0                       0.0    0.0
  SNOW DEPTH       0

DEGREE DAYS
 HEATING
  YESTERDAY        0                         1     -1        0
  MONTH TO DATE    0                         3     -3        0
  SINCE SEP 1      0                         3     -3        0
  SINCE JUL 1      0                         4     -4        0

 COOLING
  YESTERDAY        9                         6      3        7
  MONTH TO DATE  188                       135     53      174
  SINCE SEP 1    188                       135     53      174
  SINCE JAN 1   1568                      1442    126     1579
..................................................................


WIND (MPH)
  HIGHEST WIND SPEED    15   HIGHEST WIND DIRECTION    NE (30)
  HIGHEST GUST SPEED    17   HIGHEST GUST DIRECTION    NE (40)
  AVERAGE WIND SPEED     4.6


SKY COVER
  POSSIBLE SUNSHINE  MM
  AVERAGE SKY COVER 0.7


WEATHER CONDITIONS
 THE FOLLOWING WEATHER WAS RECORDED YESTERDAY.
  FOG


RELATIVE HUMIDITY (PERCENT)
 HIGHEST    93           500 AM
 LOWEST     45          1100 AM
 AVERAGE    69

..........................................................


THE RICHMOND VA CLIMATE NORMALS FOR TODAY
                         NORMAL    RECORD    YEAR
 MAXIMUM TEMPERATURE (F)   81        97      1991
 MINIMUM TEMPERATURE (F)   60        40      1966


SUNRISE AND SUNSET
SEPTEMBER 17 2014.....SUNRISE   653 AM EDT   SUNSET   714 PM EDT
SEPTEMBER 18 2014.....SUNRISE   654 AM EDT   SUNSET   712 PM EDT


-  INDICATES NEGATIVE NUMBERS.
R  INDICATES RECORD WAS SET OR TIED.
MM INDICATES DATA IS MISSING.
T  INDICATES TRACE AMOUNT.




$$
