000
CDUS41 KAKQ 200529
CLIRIC


CLIMATE REPORT
NATIONAL WEATHER SERVICE WAKEFIELD, VA
128 AM EDT WED SEP 20 2017


...................................

...THE RICHMOND VA CLIMATE SUMMARY FOR SEPTEMBER 19 2017...

CLIMATE NORMAL PERIOD 1981 TO 2010
CLIMATE RECORD PERIOD 1871 TO 2017


WEATHER ITEM   OBSERVED TIME   RECORD YEAR NORMAL DEPARTURE LAST
                VALUE   (LST)  VALUE       VALUE  FROM      YEAR
                                                  NORMAL
..................................................................
TEMPERATURE (F)
 YESTERDAY
  MAXIMUM         84    255 PM  96    1978  80      4       77
  MINIMUM         67    605 AM  43    1984  59      8       70
  AVERAGE         76                        70      6       74

PRECIPITATION (IN)
  YESTERDAY        0.00          3.63 1955   0.14  -0.14     1.64
  MONTH TO DATE    1.48                      2.73  -1.25     3.37
  SINCE SEP 1      1.48                      2.73  -1.25     3.37
  SINCE JAN 1     30.53                     32.72  -2.19    36.81

SNOWFALL (IN)
  YESTERDAY        0.0           0.0  2002   0.0    0.0
                                      2001
  MONTH TO DATE    0.0                       0.0    0.0
  SINCE NOV 1      7.1                      10.3   -3.2
  SINCE JUL 1      0.0                       0.0    0.0
  SNOW DEPTH       0

DEGREE DAYS
 HEATING
  YESTERDAY        0                         1     -1        0
  MONTH TO DATE    9                         6      3        0
  SINCE SEP 1      9                         6      3        0
  SINCE JUL 1      9                         7      2        0

 COOLING
  YESTERDAY       11                         6      5        9
  MONTH TO DATE  100                       153    -53      208
  SINCE SEP 1    100                       153    -53      208
  SINCE JAN 1   1513                      1460     53     1562
..................................................................


WIND (MPH)
  HIGHEST WIND SPEED    18   HIGHEST WIND DIRECTION    NW (330)
  HIGHEST GUST SPEED    26   HIGHEST GUST DIRECTION     N (20)
  AVERAGE WIND SPEED    11.4


SKY COVER
  POSSIBLE SUNSHINE  MM
  AVERAGE SKY COVER 0.5


WEATHER CONDITIONS
 THE FOLLOWING WEATHER WAS RECORDED YESTERDAY.
  NO SIGNIFICANT WEATHER WAS OBSERVED.


RELATIVE HUMIDITY (PERCENT)
 HIGHEST   100           100 AM
 LOWEST     55           300 PM
 AVERAGE    78

..........................................................


THE RICHMOND VA CLIMATE NORMALS FOR TODAY
                         NORMAL    RECORD    YEAR
 MAXIMUM TEMPERATURE (F)   80        95      2005
 MINIMUM TEMPERATURE (F)   59        42      1916


SUNRISE AND SUNSET
SEPTEMBER 20 2017.....SUNRISE   656 AM EDT   SUNSET   709 PM EDT
SEPTEMBER 21 2017.....SUNRISE   656 AM EDT   SUNSET   707 PM EDT


-  INDICATES NEGATIVE NUMBERS.
R  INDICATES RECORD WAS SET OR TIED.
MM INDICATES DATA IS MISSING.
T  INDICATES TRACE AMOUNT.




$$
