000
CDUS41 KAKQ 210634
CLIRIC


CLIMATE REPORT
NATIONAL WEATHER SERVICE WAKEFIELD, VA
133 AM EST SAT JAN 21 2017


...................................

...THE RICHMOND VA CLIMATE SUMMARY FOR JANUARY 20 2017...

CLIMATE NORMAL PERIOD 1981 TO 2010
CLIMATE RECORD PERIOD 1871 TO 2017


WEATHER ITEM   OBSERVED TIME   RECORD YEAR NORMAL DEPARTURE LAST
                VALUE   (LST)  VALUE       VALUE  FROM      YEAR
                                                  NORMAL
..................................................................
TEMPERATURE (F)
 YESTERDAY
  MAXIMUM         49    331 PM  74    1951  47      2       33
  MINIMUM         40    345 AM  -2    1985  28     12       13
  AVERAGE         45                        38      7       23

PRECIPITATION (IN)
  YESTERDAY        0.07          1.03 1979   0.10  -0.03      T
                                      1937
  MONTH TO DATE    2.48                      1.96   0.52     1.53
  SINCE DEC 1      5.28                      5.22   0.06     7.47
  SINCE JAN 1      2.48                      1.96   0.52     1.53

SNOWFALL (IN)
  YESTERDAY        0.0           4.2  1985   0.1   -0.1
  MONTH TO DATE    7.1                       2.3    4.8
  SINCE NOV 1      7.1                       4.6    2.5
  SINCE JUL 1      7.1                       4.6    2.5
  SNOW DEPTH       0

DEGREE DAYS
 HEATING
  YESTERDAY       20                        27     -7       42
  MONTH TO DATE  493                       540    -47      564
  SINCE DEC 1   1227                      1283    -56      967
  SINCE JUL 1   1817                      1959   -142     1559

 COOLING
  YESTERDAY        0                         0      0        0
  MONTH TO DATE    0                         0      0        0
  SINCE DEC 1      0                         1     -1        8
  SINCE JAN 1      0                         0      0        0
..................................................................


WIND (MPH)
  HIGHEST WIND SPEED     8   HIGHEST WIND DIRECTION    SE (130)
  HIGHEST GUST SPEED    10   HIGHEST GUST DIRECTION    SE (150)
  AVERAGE WIND SPEED     4.1


SKY COVER
  POSSIBLE SUNSHINE  MM
  AVERAGE SKY COVER 1.0


WEATHER CONDITIONS
 THE FOLLOWING WEATHER WAS RECORDED YESTERDAY.
  LIGHT RAIN
  FOG
  FOG W/VISIBILITY <= 1/4 MILE


RELATIVE HUMIDITY (PERCENT)
 HIGHEST   100           600 PM
 LOWEST     86          1200 AM
 AVERAGE    93

..........................................................


THE RICHMOND VA CLIMATE NORMALS FOR TODAY
                         NORMAL    RECORD    YEAR
 MAXIMUM TEMPERATURE (F)   47        74      1935
 MINIMUM TEMPERATURE (F)   28        -6      1985


SUNRISE AND SUNSET
JANUARY 21 2017.......SUNRISE   720 AM EST   SUNSET   522 PM EST
JANUARY 22 2017.......SUNRISE   720 AM EST   SUNSET   523 PM EST


-  INDICATES NEGATIVE NUMBERS.
R  INDICATES RECORD WAS SET OR TIED.
MM INDICATES DATA IS MISSING.
T  INDICATES TRACE AMOUNT.




$$
