000
CDUS41 KAKQ 110632
CLIRIC


CLIMATE REPORT
NATIONAL WEATHER SERVICE WAKEFIELD, VA
130 AM EST THU FEB 11 2016


...................................

...THE RICHMOND VA CLIMATE SUMMARY FOR FEBRUARY 10 2016...

CLIMATE NORMAL PERIOD 1981 TO 2010
CLIMATE RECORD PERIOD 1871 TO 2016


WEATHER ITEM   OBSERVED TIME   RECORD YEAR NORMAL DEPARTURE LAST
                VALUE   (LST)  VALUE       VALUE  FROM      YEAR
                                                  NORMAL
..................................................................
TEMPERATURE (F)
 YESTERDAY
  MAXIMUM         41    321 PM  73    1959  50     -9       38
  MINIMUM         24    717 AM  -8    1979  30     -6       32
  AVERAGE         33                        40     -7       35

PRECIPITATION (IN)
  YESTERDAY        0.02          1.18 1946   0.10  -0.08     0.37
  MONTH TO DATE    1.40                      0.98   0.42     1.03
  SINCE DEC 1     10.64                      7.28   3.36     7.66
  SINCE JAN 1      4.70                      4.02   0.68     4.52

SNOWFALL (IN)
  YESTERDAY        0.4           4.5  1948   0.1    0.3
  MONTH TO DATE    0.4                       1.4   -1.0
  SINCE NOV 1     12.5                       7.6    4.9
  SINCE JUL 1     12.5                       7.6    4.9
  SNOW DEPTH       T

DEGREE DAYS
 HEATING
  YESTERDAY       32                        25      7       30
  MONTH TO DATE  218                       257    -39      256
  SINCE DEC 1   1522                      1842   -320     1753
  SINCE JUL 1   2114                      2518   -404     2423

 COOLING
  YESTERDAY        0                         0      0        0
  MONTH TO DATE    0                         0      0        0
  SINCE DEC 1      8                         1      7        0
  SINCE JAN 1      0                         0      0        0
..................................................................


WIND (MPH)
  HIGHEST WIND SPEED    23   HIGHEST WIND DIRECTION    NW (310)
  HIGHEST GUST SPEED    29   HIGHEST GUST DIRECTION    NW (320)
  AVERAGE WIND SPEED    12.9


SKY COVER
  POSSIBLE SUNSHINE  MM
  AVERAGE SKY COVER 0.7


WEATHER CONDITIONS
 THE FOLLOWING WEATHER WAS RECORDED YESTERDAY.
  SNOW
  LIGHT SNOW
  FOG


RELATIVE HUMIDITY (PERCENT)
 HIGHEST    92           500 AM
 LOWEST     34           200 PM
 AVERAGE    63

..........................................................


THE RICHMOND VA CLIMATE NORMALS FOR TODAY
                         NORMAL    RECORD    YEAR
 MAXIMUM TEMPERATURE (F)   50        83      1932
 MINIMUM TEMPERATURE (F)   30        -3      1936


SUNRISE AND SUNSET
FEBRUARY 11 2016......SUNRISE   704 AM EST   SUNSET   544 PM EST
FEBRUARY 12 2016......SUNRISE   703 AM EST   SUNSET   545 PM EST


-  INDICATES NEGATIVE NUMBERS.
R  INDICATES RECORD WAS SET OR TIED.
MM INDICATES DATA IS MISSING.
T  INDICATES TRACE AMOUNT.




$$
