169
CDUS41 KAKQ 302128
CLIRIC


CLIMATE REPORT
NATIONAL WEATHER SERVICE WAKEFIELD, VA
527 PM EDT SAT APR 30 2016


...................................

...THE RICHMOND VA CLIMATE SUMMARY FOR APRIL 30 2016...
VALID TODAY AS OF 0500 PM LOCAL TIME.

CLIMATE NORMAL PERIOD 1981 TO 2010
CLIMATE RECORD PERIOD 1871 TO 2016


WEATHER ITEM   OBSERVED TIME   RECORD YEAR NORMAL DEPARTURE LAST
                VALUE   (LST)  VALUE       VALUE  FROM      YEAR
                                                  NORMAL
..................................................................
TEMPERATURE (F)
 TODAY
  MAXIMUM         60    117 PM  93    1974  74    -14       67
  MINIMUM         52    621 AM  30    1897  50      2       53
  AVERAGE         56

PRECIPITATION (IN)
  TODAY            0.00          0.93 1895   0.10  -0.10      T
  MONTH TO DATE    2.17                      3.27  -1.10     5.33
  SINCE MAR 1      3.19                      7.31  -4.12     9.11
  SINCE JAN 1     10.84                     13.11  -2.27    16.37

SNOWFALL (IN)
  TODAY            0.0
  MONTH TO DATE    0.0
  SINCE NOV 1     15.1
  SINCE JUL 1     15.1
  SNOW DEPTH       0

DEGREE DAYS
 HEATING
  TODAY            9                         5      4        5
  MONTH TO DATE  269                       240     29      181
  SINCE MAR 1    627                       756   -129      716
  SINCE JUL 1   3215                      3692   -477     3818

 COOLING
  TODAY            0                         2     -2        0
  MONTH TO DATE   24                        36    -12       25
  SINCE MAR 1     30                        42    -12       25
  SINCE JAN 1     30                        42    -12       25
..................................................................


WIND (MPH)
  RESULTANT WIND SPEED   5   RESULTANT WIND DIRECTION   E (70)
  HIGHEST WIND SPEED    12   HIGHEST WIND DIRECTION    SE (120)
  HIGHEST GUST SPEED    17   HIGHEST GUST DIRECTION    SE (120)


SKY COVER
  POSSIBLE SUNSHINE  MM
  AVERAGE SKY COVER 1.0


WEATHER CONDITIONS
 THE FOLLOWING WEATHER WAS RECORDED TODAY.
  FOG


RELATIVE HUMIDITY (PERCENT)
 HIGHEST    96
 LOWEST     67
 AVERAGE    82

..........................................................


THE RICHMOND VA CLIMATE NORMALS FOR TOMORROW
                         NORMAL    RECORD    YEAR
 MAXIMUM TEMPERATURE (F)   75        94      1942
 MINIMUM TEMPERATURE (F)   51        36      1996
                                             1937


SUNRISE AND SUNSET
APRIL 30 2016.........SUNRISE   615 AM EDT   SUNSET   759 PM EDT
MAY  1 2016...........SUNRISE   614 AM EDT   SUNSET   800 PM EDT


-  INDICATES NEGATIVE NUMBERS.
R  INDICATES RECORD WAS SET OR TIED.
MM INDICATES DATA IS MISSING.
T  INDICATES TRACE AMOUNT.




$$
