000
CDUS41 KAKQ 300931
CLIRIC


CLIMATE REPORT
NATIONAL WEATHER SERVICE WAKEFIELD, VA
530 AM EDT WED JUL 30 2014


...................................

...THE RICHMOND VA CLIMATE SUMMARY FOR JULY 29 2014...

CLIMATE NORMAL PERIOD 1981 TO 2010
CLIMATE RECORD PERIOD 1871 TO 2014


WEATHER ITEM   OBSERVED TIME   RECORD YEAR NORMAL DEPARTURE LAST
                VALUE   (LST)  VALUE       VALUE  FROM      YEAR
                                                  NORMAL
..................................................................
TEMPERATURE (F)
 YESTERDAY
  MAXIMUM         83    316 PM 103    2011  89     -6       86
  MINIMUM         65    554 AM  56    1946  69     -4       69
                                      1920
  AVERAGE         74                        79     -5       78

PRECIPITATION (IN)
  YESTERDAY        0.00          2.15 1960   0.16  -0.16     0.01
  MONTH TO DATE    2.63                      4.20  -1.57     5.58
  SINCE JUN 1      6.02                      8.13  -2.11    12.08
  SINCE JAN 1     22.06                     25.02  -2.96    30.96

SNOWFALL (IN)
  YESTERDAY        0.0           0.0  2002   0.0    0.0
                                      2001
  MONTH TO DATE    0.0                       0.0    0.0
  SINCE NOV 1     14.5                      10.3    4.2
  SINCE JUL 1      0.0                       0.0    0.0
  SNOW DEPTH       0

DEGREE DAYS
 HEATING
  YESTERDAY        0                         0      0        0
  MONTH TO DATE    0                         0      0        0
  SINCE JUN 1      0                         7     -7        0
  SINCE JUL 1      0                         0      0        0

 COOLING
  YESTERDAY        9                        14     -5       13
  MONTH TO DATE  441                       415     26      468
  SINCE JUN 1    796                       730     66      826
  SINCE JAN 1   1004                       891    113     1039
..................................................................


WIND (MPH)
  HIGHEST WIND SPEED    16   HIGHEST WIND DIRECTION     N (360)
  HIGHEST GUST SPEED    21   HIGHEST GUST DIRECTION     N (360)
  AVERAGE WIND SPEED     7.6


SKY COVER
  POSSIBLE SUNSHINE  MM
  AVERAGE SKY COVER 0.5


WEATHER CONDITIONS
 THE FOLLOWING WEATHER WAS RECORDED YESTERDAY.
  NO SIGNIFICANT WEATHER WAS OBSERVED.


RELATIVE HUMIDITY (PERCENT)
 HIGHEST    78           400 AM
 LOWEST     33           200 PM
 AVERAGE    56

..........................................................


THE RICHMOND VA CLIMATE NORMALS FOR TODAY
                         NORMAL    RECORD    YEAR
 MAXIMUM TEMPERATURE (F)   89       103      1953
 MINIMUM TEMPERATURE (F)   69        58      1946
                                             1914


SUNRISE AND SUNSET
JULY 30 2014..........SUNRISE   612 AM EDT   SUNSET   819 PM EDT
JULY 31 2014..........SUNRISE   613 AM EDT   SUNSET   818 PM EDT


-  INDICATES NEGATIVE NUMBERS.
R  INDICATES RECORD WAS SET OR TIED.
MM INDICATES DATA IS MISSING.
T  INDICATES TRACE AMOUNT.




$$
