000
CDUS41 KAKQ 252238
CLIRIC


CLIMATE REPORT
NATIONAL WEATHER SERVICE WAKEFIELD, VA
538 PM EST SUN JAN 25 2015


...................................

...THE RICHMOND VA CLIMATE SUMMARY FOR JANUARY 25 2015...
VALID TODAY AS OF 0500 PM LOCAL TIME.

CLIMATE NORMAL PERIOD 1981 TO 2010
CLIMATE RECORD PERIOD 1871 TO 2015


WEATHER ITEM   OBSERVED TIME   RECORD YEAR NORMAL DEPARTURE LAST
                VALUE   (LST)  VALUE       VALUE  FROM      YEAR
                                                  NORMAL
..................................................................
TEMPERATURE (F)
 TODAY
  MAXIMUM         54    332 PM  79    1950  48      6       35
  MINIMUM         32    429 AM  -6    1940  28      4       18
  AVERAGE         43

PRECIPITATION (IN)
  TODAY            0.00          1.20 1933   0.10  -0.10     0.00
  MONTH TO DATE    3.45                      2.45   1.00     3.04
  SINCE DEC 1      6.59                      5.71   0.88     9.15
  SINCE JAN 1      3.45                      2.45   1.00     3.04

SNOWFALL (IN)
  TODAY            0.0
  MONTH TO DATE    0.1
  SINCE NOV 1      0.1
  SINCE JUL 1      0.1
  SNOW DEPTH       0

DEGREE DAYS
 HEATING
  TODAY           22                        27     -5       38
  MONTH TO DATE  671                       675     -4      740
  SINCE DEC 1   1317                      1418   -101     1391
  SINCE JUL 1   1987                      2094   -107     2031

 COOLING
  TODAY            0                         0      0        0
  MONTH TO DATE    0                         0      0        0
  SINCE DEC 1      0                         1     -1        4
  SINCE JAN 1      0                         0      0        0
..................................................................


WIND (MPH)
  RESULTANT WIND SPEED   6   RESULTANT WIND DIRECTION  SW (240)
  HIGHEST WIND SPEED    15   HIGHEST WIND DIRECTION     W (270)
  HIGHEST GUST SPEED    18   HIGHEST GUST DIRECTION     W (280)


SKY COVER
  POSSIBLE SUNSHINE  MM
  AVERAGE SKY COVER 0.6


WEATHER CONDITIONS
 THE FOLLOWING WEATHER WAS RECORDED TODAY.
  NO SIGNIFICANT WEATHER WAS OBSERVED.


RELATIVE HUMIDITY (PERCENT)
 HIGHEST    75
 LOWEST     45
 AVERAGE    60

..........................................................


THE RICHMOND VA CLIMATE NORMALS FOR TOMORROW
                         NORMAL    RECORD    YEAR
 MAXIMUM TEMPERATURE (F)   48        80      1950
 MINIMUM TEMPERATURE (F)   28       -11      1940


SUNRISE AND SUNSET
JANUARY 25 2015.......SUNRISE   718 AM EST   SUNSET   525 PM EST
JANUARY 26 2015.......SUNRISE   717 AM EST   SUNSET   527 PM EST


-  INDICATES NEGATIVE NUMBERS.
R  INDICATES RECORD WAS SET OR TIED.
MM INDICATES DATA IS MISSING.
T  INDICATES TRACE AMOUNT.




$$
