000
CDUS41 KAKQ 212245
CLIRIC


CLIMATE REPORT
NATIONAL WEATHER SERVICE WAKEFIELD, VA
545 PM EST TUE NOV 21 2017


...................................

...THE RICHMOND VA CLIMATE SUMMARY FOR NOVEMBER 21 2017...
VALID TODAY AS OF 0500 PM LOCAL TIME.

CLIMATE NORMAL PERIOD 1981 TO 2010
CLIMATE RECORD PERIOD 1871 TO 2017


WEATHER ITEM   OBSERVED TIME   RECORD YEAR NORMAL DEPARTURE LAST
                VALUE   (LST)  VALUE       VALUE  FROM      YEAR
                                                  NORMAL
..................................................................
TEMPERATURE (F)
 TODAY
  MAXIMUM         62    330 PM  78    1931  59      3       50
                                      1900
  MINIMUM         34    644 AM  18    1951  38     -4       25
  AVERAGE         48

PRECIPITATION (IN)
  TODAY            0.00          2.62 1952   0.11  -0.11     0.00
  MONTH TO DATE    1.38                      2.26  -0.88     0.82
  SINCE SEP 1      7.81                      9.37  -1.56    16.25
  SINCE JAN 1     36.86                     39.36  -2.50    49.69

SNOWFALL (IN)
  TODAY            0.0
  MONTH TO DATE    0.0
  SINCE NOV 1      0.0
  SINCE JUL 1      0.0
  SNOW DEPTH       0

DEGREE DAYS
 HEATING
  TODAY           17                        16      1       27
  MONTH TO DATE  316                       279     37      299
  SINCE SEP 1    450                       511    -61      435
  SINCE JUL 1    450                       512    -62      435

 COOLING
  TODAY            0                         0      0        0
  MONTH TO DATE    6                         0      6        4
  SINCE SEP 1    293                       236     57      345
  SINCE JAN 1   1706                      1543    163     1699
..................................................................


WIND (MPH)
  RESULTANT WIND SPEED   9   RESULTANT WIND DIRECTION   S (190)
  HIGHEST WIND SPEED    16   HIGHEST WIND DIRECTION     S (190)
  HIGHEST GUST SPEED    20   HIGHEST GUST DIRECTION     S (190)


SKY COVER
  POSSIBLE SUNSHINE  MM
  AVERAGE SKY COVER 0.8


WEATHER CONDITIONS
 THE FOLLOWING WEATHER WAS RECORDED TODAY.
  NO SIGNIFICANT WEATHER WAS OBSERVED.


RELATIVE HUMIDITY (PERCENT)
 HIGHEST    82
 LOWEST     38
 AVERAGE    60

..........................................................


THE RICHMOND VA CLIMATE NORMALS FOR TOMORROW
                         NORMAL    RECORD    YEAR
 MAXIMUM TEMPERATURE (F)   59        77      1931
 MINIMUM TEMPERATURE (F)   38        17      2000


SUNRISE AND SUNSET
NOVEMBER 21 2017......SUNRISE   655 AM EST   SUNSET   455 PM EST
NOVEMBER 22 2017......SUNRISE   657 AM EST   SUNSET   454 PM EST


-  INDICATES NEGATIVE NUMBERS.
R  INDICATES RECORD WAS SET OR TIED.
MM INDICATES DATA IS MISSING.
T  INDICATES TRACE AMOUNT.




$$
