000
CDUS45 KGJT 041159
CLIRIL


CLIMATE REPORT
NATIONAL WEATHER SERVICE GRAND JUNCTION CO
459 AM MST WED MAR 4 2015


...................................

...THE RIFLE CO CLIMATE SUMMARY FOR MARCH 3 2015...

CLIMATE NORMAL PERIOD 1981 TO 2010
CLIMATE RECORD PERIOD 9999 TO 9999


WEATHER ITEM   OBSERVED TIME   RECORD YEAR NORMAL DEPARTURE LAST
                VALUE   (LST)  VALUE       VALUE  FROM      YEAR
                                                  NORMAL
..................................................................
TEMPERATURE (F)
 YESTERDAY
  MAXIMUM         44    246 PM  MM      MM  49     -5       55
  MINIMUM         29   1031 PM  MM      MM  23      6       31
  AVERAGE         37                        36      1       43

PRECIPITATION (IN)
  YESTERDAY        0.03         MM      MM   0.03   0.00     0.00
  MONTH TO DATE    0.67                      0.09   0.58     0.27
  SINCE MAR 1      0.67                      0.09   0.58     0.27
  SINCE JAN 1      1.21                      1.66  -0.45     1.67

SNOWFALL (IN)
  YESTERDAY       MM            MM      MM  MM     MM       MM
  MONTH TO DATE   MM                        MM     MM       MM
  SINCE MAR 1     MM                        MM     MM       MM
  SINCE JUL 1     MM                        MM     MM       MM
  SNOW DEPTH      MM

DEGREE DAYS
 HEATING
  YESTERDAY       28                        29     -1       22
  MONTH TO DATE   83                        88     -5       63
  SINCE MAR 1     83                        88     -5       63
  SINCE JUL 1   4456                      5085   -629     5274

 COOLING
  YESTERDAY        0                         0      0        0
  MONTH TO DATE    0                         0      0        0
  SINCE MAR 1      0                         0      0        0
  SINCE JAN 1      0                         0      0        0
..................................................................


WIND (MPH)
  HIGHEST WIND SPEED    31   HIGHEST WIND DIRECTION     W (270)
  HIGHEST GUST SPEED    38   HIGHEST GUST DIRECTION     W (270)
  AVERAGE WIND SPEED     9.0


SKY COVER
  POSSIBLE SUNSHINE  MM
  AVERAGE SKY COVER 0.8


WEATHER CONDITIONS
 THE FOLLOWING WEATHER WAS RECORDED YESTERDAY.
  SNOW
  LIGHT SNOW
  FOG
  HAZE


RELATIVE HUMIDITY (PERCENT)
 HIGHEST    82           800 AM
 LOWEST     59          1100 AM
 AVERAGE    71

..........................................................


THE RIFLE CO CLIMATE NORMALS FOR TODAY
                         NORMAL    RECORD    YEAR
 MAXIMUM TEMPERATURE (F)   49        MM        MM
 MINIMUM TEMPERATURE (F)   23        MM        MM


SUNRISE AND SUNSET
MARCH  4 2015.........SUNRISE   640 AM MST   SUNSET   606 PM MST
MARCH  5 2015.........SUNRISE   638 AM MST   SUNSET   607 PM MST


-  INDICATES NEGATIVE NUMBERS.
R  INDICATES RECORD WAS SET OR TIED.
MM INDICATES DATA IS MISSING.
T  INDICATES TRACE AMOUNT.




$$
