000
CDUS45 KGJT 262333
CLIRIL


CLIMATE REPORT
NATIONAL WEATHER SERVICE GRAND JUNCTION CO
528 PM MDT SUN MAR 26 2017


...................................

...THE RIFLE CO CLIMATE SUMMARY FOR MARCH 26 2017...
VALID TODAY AS OF 0500 PM LOCAL TIME.

CLIMATE NORMAL PERIOD 1981 TO 2010
CLIMATE RECORD PERIOD 9999 TO 9999


WEATHER ITEM   OBSERVED TIME   RECORD YEAR NORMAL DEPARTURE LAST
                VALUE   (LST)  VALUE       VALUE  FROM      YEAR
                                                  NORMAL
..................................................................
TEMPERATURE (F)
 TODAY
  MAXIMUM         59    206 PM  MM      MM  57      2       47
  MINIMUM         40   1232 AM  MM      MM  28     12       19
  AVERAGE         50                        42      8       33

PRECIPITATION (IN)
  TODAY            0.02         MM      MM   0.05  -0.03     0.00
  MONTH TO DATE    0.02                      0.92  -0.90     0.11
  SINCE MAR 1      0.02                      0.92  -0.90     0.11
  SINCE JAN 1      1.18                      2.49  -1.31     1.37

SNOWFALL (IN)
  TODAY           MM            MM      MM  MM     MM       MM
  MONTH TO DATE   MM                        MM     MM       MM
  SINCE MAR 1     MM                        MM     MM       MM
  SINCE JUL 1     MM                        MM     MM       MM
  SNOW DEPTH      MM

DEGREE DAYS
 HEATING
  TODAY           15                        23     -8       32
  MONTH TO DATE  481                       678   -197      586
  SINCE MAR 1    481                       678   -197      586
  SINCE JUL 1   4618                      5675  -1057     5498

 COOLING
  TODAY            0                         0      0        0
  MONTH TO DATE    0                         0      0        0
  SINCE MAR 1      0                         0      0        0
  SINCE JAN 1      0                         0      0        0
..................................................................


WIND (MPH)
  HIGHEST WIND SPEED    16   HIGHEST WIND DIRECTION     W (280)
  HIGHEST GUST SPEED    21   HIGHEST GUST DIRECTION    NW (300)
  AVERAGE WIND SPEED     7.7


SKY COVER
  POSSIBLE SUNSHINE  MM
  AVERAGE SKY COVER 0.7


WEATHER CONDITIONS
 THE FOLLOWING WEATHER WAS RECORDED TODAY.
  LIGHT RAIN


RELATIVE HUMIDITY (PERCENT)
 HIGHEST    89           700 AM
 LOWEST     25           400 PM
 AVERAGE    57

..........................................................


THE RIFLE CO CLIMATE NORMALS FOR TOMORROW
                         NORMAL    RECORD    YEAR
 MAXIMUM TEMPERATURE (F)   57        MM        MM
 MINIMUM TEMPERATURE (F)   28        MM        MM


SUNRISE AND SUNSET
MARCH 26 2017.........SUNRISE   704 AM MDT   SUNSET   729 PM MDT
MARCH 27 2017.........SUNRISE   703 AM MDT   SUNSET   730 PM MDT


-  INDICATES NEGATIVE NUMBERS.
R  INDICATES RECORD WAS SET OR TIED.
MM INDICATES DATA IS MISSING.
T  INDICATES TRACE AMOUNT.




$$
