000
CDUS45 KGJT 170049 CCA
CLIRIL

CLIMATE REPORT
NATIONAL WEATHER SERVICE GRAND JUNCTION CO
530 PM MDT TUE SEP 16 2014


...................................

...THE RIFLE CO CLIMATE SUMMARY FOR SEPTEMBER 16 2014...
VALID TODAY AS OF 0500 PM LOCAL TIME.

CLIMATE NORMAL PERIOD 1981 TO 2010
CLIMATE RECORD PERIOD 9999 TO 9999


WEATHER ITEM   OBSERVED TIME   RECORD YEAR NORMAL DEPARTURE LAST
                VALUE   (LST)  VALUE       VALUE  FROM      YEAR
                                                  NORMAL
..................................................................
TEMPERATURE (F)
 TODAY
  MAXIMUM         85    253 PM  MM      MM  78      7       80
  MINIMUM         46    608 AM  MM      MM  44      2       50
  AVERAGE         66                        61      5       65

PRECIPITATION (IN)
  TODAY            0.00         MM      MM   0.06  -0.06      T
  MONTH TO DATE    1.11                      0.81   0.30     1.02
  SINCE SEP 1      1.11                      0.81   0.30     1.02
  SINCE JAN 1      9.24                      9.78  -0.54     6.11

SNOWFALL (IN)
  TODAY           MM            MM      MM  MM     MM       MM
  MONTH TO DATE   MM                        MM     MM       MM
  SINCE SEP 1     MM                        MM     MM       MM
  SINCE JUL 1     MM                        MM     MM       MM
  SNOW DEPTH      MM

DEGREE DAYS
 HEATING
  TODAY            0                         4     -4        0
  MONTH TO DATE   36                        40     -4        4
  SINCE SEP 1     36                        40     -4        4
  SINCE JUL 1     53                        47      6        4

 COOLING
  TODAY            1                         1      0        0
  MONTH TO DATE    8                        22    -14       91
  SINCE SEP 1      8                        22    -14       91
  SINCE JAN 1    537                       538     -1      797
..................................................................


WIND (MPH)
  HIGHEST WIND SPEED    10   HIGHEST WIND DIRECTION     W (280)
  HIGHEST GUST SPEED    13   HIGHEST GUST DIRECTION     W (290)
  AVERAGE WIND SPEED     2.4


SKY COVER
  POSSIBLE SUNSHINE  MM
  AVERAGE SKY COVER 0.0


WEATHER CONDITIONS
 THE FOLLOWING WEATHER WAS RECORDED TODAY.
  NO SIGNIFICANT WEATHER WAS OBSERVED.


RELATIVE HUMIDITY (PERCENT)
 HIGHEST    71           400 AM
 LOWEST     19           300 PM
 AVERAGE    45

..........................................................


THE RIFLE CO CLIMATE NORMALS FOR TOMORROW
                         NORMAL    RECORD    YEAR
 MAXIMUM TEMPERATURE (F)   78        MM        MM
 MINIMUM TEMPERATURE (F)   44        MM        MM


SUNRISE AND SUNSET
SEPTEMBER 16 2014.....SUNRISE   653 AM MDT   SUNSET   718 PM MDT
SEPTEMBER 17 2014.....SUNRISE   654 AM MDT   SUNSET   716 PM MDT


-  INDICATES NEGATIVE NUMBERS.
R  INDICATES RECORD WAS SET OR TIED.
MM INDICATES DATA IS MISSING.
T  INDICATES TRACE AMOUNT.




$$
