000
CDUS45 KGJT 240731
CLIRIL


CLIMATE REPORT
NATIONAL WEATHER SERVICE GRAND JUNCTION CO
126 AM MDT THU APR 24 2014


...................................

...THE RIFLE CO CLIMATE SUMMARY FOR APRIL 23 2014...

CLIMATE NORMAL PERIOD 1981 TO 2010
CLIMATE RECORD PERIOD 9999 TO 9999


WEATHER ITEM   OBSERVED TIME   RECORD YEAR NORMAL DEPARTURE LAST
                VALUE   (LST)  VALUE       VALUE  FROM      YEAR
                                                  NORMAL
..................................................................
TEMPERATURE (F)
 YESTERDAY
  MAXIMUM         67   1220 AM  MM      MM  65      2       46
  MINIMUM         41   1159 PM  MM      MM  35      6       28
  AVERAGE         54                        50      4       37

PRECIPITATION (IN)
  YESTERDAY        T            MM      MM   0.03  -0.03     0.00
  MONTH TO DATE    0.56                      0.87  -0.31     1.46
  SINCE MAR 1      1.34                      2.07  -0.73     2.01
  SINCE JAN 1      2.74                      3.64  -0.90     2.78

SNOWFALL (IN)
  YESTERDAY       MM            MM      MM  MM     MM       MM
  MONTH TO DATE   MM                        MM     MM       MM
  SINCE MAR 1     MM                        MM     MM       MM
  SINCE JUL 1     MM                        MM     MM       MM
  SNOW DEPTH      MM

DEGREE DAYS
 HEATING
  YESTERDAY       11                        15     -4       28
  MONTH TO DATE  398                       415    -17      525
  SINCE MAR 1   1123                      1202    -79     1285
  SINCE JUL 1   6334                      6199    135     6339

 COOLING
  YESTERDAY        0                         0      0        0
  MONTH TO DATE    0                         0      0        0
  SINCE MAR 1      0                         0      0        0
  SINCE JAN 1      0                         0      0        0
..................................................................


WIND (MPH)
  HIGHEST WIND SPEED    33   HIGHEST WIND DIRECTION    NW (320)
  HIGHEST GUST SPEED    42   HIGHEST GUST DIRECTION    NW (320)
  AVERAGE WIND SPEED    15.7


SKY COVER
  POSSIBLE SUNSHINE  MM
  AVERAGE SKY COVER 0.5


WEATHER CONDITIONS
 THE FOLLOWING WEATHER WAS RECORDED YESTERDAY.
  LIGHT RAIN


RELATIVE HUMIDITY (PERCENT)
 HIGHEST    46           600 AM
 LOWEST     18          1200 AM
 AVERAGE    32

..........................................................


THE RIFLE CO CLIMATE NORMALS FOR TODAY
                         NORMAL    RECORD    YEAR
 MAXIMUM TEMPERATURE (F)   65        MM        MM
 MINIMUM TEMPERATURE (F)   35        MM        MM


SUNRISE AND SUNSET
APRIL 24 2014.........SUNRISE   621 AM MDT   SUNSET   758 PM MDT
APRIL 25 2014.........SUNRISE   619 AM MDT   SUNSET   759 PM MDT


-  INDICATES NEGATIVE NUMBERS.
R  INDICATES RECORD WAS SET OR TIED.
MM INDICATES DATA IS MISSING.
T  INDICATES TRACE AMOUNT.




$$
