000
CDUS45 KGJT 240744
CLIRIL


CLIMATE REPORT
NATIONAL WEATHER SERVICE GRAND JUNCTION CO
141 AM MDT THU AUG 24 2017


...................................

...THE RIFLE CO CLIMATE SUMMARY FOR AUGUST 23 2017...

CLIMATE NORMAL PERIOD 1981 TO 2010
CLIMATE RECORD PERIOD 9999 TO 9999


WEATHER ITEM   OBSERVED TIME   RECORD YEAR NORMAL DEPARTURE LAST
                VALUE   (LST)  VALUE       VALUE  FROM      YEAR
                                                  NORMAL
..................................................................
TEMPERATURE (F)
 YESTERDAY
  MAXIMUM         87    429 PM  MM      MM  87      0       82
  MINIMUM         58    508 AM  MM      MM  52      6       50
  AVERAGE         73                        69      4       66

PRECIPITATION (IN)
  YESTERDAY        T            MM      MM   0.04  -0.04     0.31
  MONTH TO DATE    0.41                      1.01  -0.60     0.67
  SINCE JUN 1      1.57                      3.16  -1.59     2.34
  SINCE JAN 1      3.80                      8.58  -4.78     6.72

SNOWFALL (IN)
  YESTERDAY       MM            MM      MM  MM     MM       MM
  MONTH TO DATE   MM                        MM     MM       MM
  SINCE JUN 1     MM                        MM     MM       MM
  SINCE JUL 1     MM                        MM     MM       MM
  SNOW DEPTH      MM

DEGREE DAYS
 HEATING
  YESTERDAY        0                         0      0        0
  MONTH TO DATE    0                         0      0        0
  SINCE JUN 1      7                        60    -53        8
  SINCE JUL 1      0                         1     -1        0

 COOLING
  YESTERDAY        8                         4      4        1
  MONTH TO DATE  142                       147     -5      148
  SINCE JUN 1    701                       483    218      628
  SINCE JAN 1    707                       490    217      629
..................................................................


WIND (MPH)
  HIGHEST WIND SPEED    24   HIGHEST WIND DIRECTION    SE (150)
  HIGHEST GUST SPEED    30   HIGHEST GUST DIRECTION    SE (120)
  AVERAGE WIND SPEED     4.1


SKY COVER
  POSSIBLE SUNSHINE  MM
  AVERAGE SKY COVER 0.1


WEATHER CONDITIONS
 THE FOLLOWING WEATHER WAS RECORDED YESTERDAY.
  THUNDERSTORM
  LIGHT RAIN


RELATIVE HUMIDITY (PERCENT)
 HIGHEST    67           300 AM
 LOWEST     21           400 PM
 AVERAGE    44

..........................................................


THE RIFLE CO CLIMATE NORMALS FOR TODAY
                         NORMAL    RECORD    YEAR
 MAXIMUM TEMPERATURE (F)   86        MM        MM
 MINIMUM TEMPERATURE (F)   51        MM        MM


SUNRISE AND SUNSET
AUGUST 24 2017........SUNRISE   632 AM MDT   SUNSET   753 PM MDT
AUGUST 25 2017........SUNRISE   633 AM MDT   SUNSET   752 PM MDT


-  INDICATES NEGATIVE NUMBERS.
R  INDICATES RECORD WAS SET OR TIED.
MM INDICATES DATA IS MISSING.
T  INDICATES TRACE AMOUNT.




$$
