000
CDUS45 KRIW 290735
CLIRIW


CLIMATE REPORT
NATIONAL WEATHER SERVICE RIVERTON WY
127 AM MDT SAT AUG 29 2015


...................................

...THE RIVERTON WY CLIMATE SUMMARY FOR AUGUST 28 2015...

CLIMATE NORMAL PERIOD 1981 TO 2010
CLIMATE RECORD PERIOD 1995 TO 2015


WEATHER ITEM   OBSERVED TIME   RECORD YEAR NORMAL DEPARTURE LAST
                VALUE   (LST)  VALUE       VALUE  FROM      YEAR
                                                  NORMAL
..................................................................
TEMPERATURE (F)
 YESTERDAY
  MAXIMUM         85    429 PM  94    2012  81      4       80
  MINIMUM         50    608 AM  43    2004  51     -1       50
  AVERAGE         68                        66      2       65

PRECIPITATION (IN)
  YESTERDAY        0.00          0.09 2010   0.02  -0.02     0.00
  MONTH TO DATE    0.06                      0.51  -0.45     1.12
  SINCE JUN 1      1.95                      2.68  -0.73     3.02
  SINCE JAN 1      8.80                      6.76   2.04     5.34

SNOWFALL (IN)
  YESTERDAY        0.0                                       0.0
  MONTH TO DATE    0.0                                       0.0
  SINCE JUN 1      T                                         0.0
  SINCE JUL 1      0.0                                       0.0
  SNOW DEPTH       0

DEGREE DAYS
 HEATING
  YESTERDAY        0                         2     -2        0
  MONTH TO DATE   25                        20      5       39
  SINCE JUN 1     58                       151    -93      169
  SINCE JUL 1     35                        32      3       43

 COOLING
  YESTERDAY        3                         3      0        0
  MONTH TO DATE  168                       165      3      118
  SINCE JUN 1    453                       451      2      379
  SINCE JAN 1    453                       460     -7      394
..................................................................


WIND (MPH)
  HIGHEST WIND SPEED    10   HIGHEST WIND DIRECTION     E (100)
  HIGHEST GUST SPEED    13   HIGHEST GUST DIRECTION     E (90)
  AVERAGE WIND SPEED     4.4


SKY COVER
  POSSIBLE SUNSHINE  MM
  AVERAGE SKY COVER 0.0


WEATHER CONDITIONS
 THE FOLLOWING WEATHER WAS RECORDED YESTERDAY.
  FOG
  HAZE


RELATIVE HUMIDITY (PERCENT)
 HIGHEST    89           400 AM
 LOWEST     17           500 PM
 AVERAGE    53

..........................................................


THE RIVERTON WY CLIMATE NORMALS FOR TODAY
                         NORMAL    RECORD    YEAR
 MAXIMUM TEMPERATURE (F)   81        96      2012
 MINIMUM TEMPERATURE (F)   51        47      2007


SUNRISE AND SUNSET
AUGUST 29 2015........SUNRISE   635 AM MDT   SUNSET   754 PM MDT
AUGUST 30 2015........SUNRISE   636 AM MDT   SUNSET   752 PM MDT


-  INDICATES NEGATIVE NUMBERS.
R  INDICATES RECORD WAS SET OR TIED.
MM INDICATES DATA IS MISSING.
T  INDICATES TRACE AMOUNT.




$$
