000
CDUS45 KRIW 270739
CLIRIW


CLIMATE REPORT
NATIONAL WEATHER SERVICE RIVERTON WY
139 AM MDT WED MAY 27 2015


...................................

...THE RIVERTON WY CLIMATE SUMMARY FOR MAY 26 2015...

CLIMATE NORMAL PERIOD 1981 TO 2010
CLIMATE RECORD PERIOD 1995 TO 2015


WEATHER ITEM   OBSERVED TIME   RECORD YEAR NORMAL DEPARTURE LAST
                VALUE   (LST)  VALUE       VALUE  FROM      YEAR
                                                  NORMAL
..................................................................
TEMPERATURE (F)
 YESTERDAY
  MAXIMUM         68    342 PM  87    2006  70     -2       83
                                      2003
  MINIMUM         42    345 AM  34    2012  43     -1       46
  AVERAGE         55                        57     -2       65

PRECIPITATION (IN)
  YESTERDAY        T             2.00 2008   0.04  -0.04     0.06
  MONTH TO DATE    4.33                      1.49   2.84     0.70
  SINCE MAR 1      5.56                      3.34   2.22     1.42
  SINCE JAN 1      6.63                      3.85   2.78     2.32

SNOWFALL (IN)
  YESTERDAY        0.0                                       0.0
  MONTH TO DATE    0.5                                       2.7
  SINCE MAR 1     10.5                                       6.6
  SINCE JUL 1     39.1                                      55.8
  SNOW DEPTH       0

DEGREE DAYS
 HEATING
  YESTERDAY       10                         8      2        0
  MONTH TO DATE  396                       313     83      324
  SINCE MAR 1   1761                      1855    -94     1859
  SINCE JUL 1   7154                      7709   -555     7740

 COOLING
  YESTERDAY        0                         0      0        0
  MONTH TO DATE    0                         0      0        0
  SINCE MAR 1      0                         0      0        0
  SINCE JAN 1      0                         0      0        0
..................................................................


WIND (MPH)
  HIGHEST WIND SPEED    20   HIGHEST WIND DIRECTION     N (10)
  HIGHEST GUST SPEED    23   HIGHEST GUST DIRECTION     N (360)
  AVERAGE WIND SPEED     5.7


SKY COVER
  POSSIBLE SUNSHINE  MM
  AVERAGE SKY COVER 0.3


WEATHER CONDITIONS
 THE FOLLOWING WEATHER WAS RECORDED YESTERDAY.
  THUNDERSTORM


RELATIVE HUMIDITY (PERCENT)
 HIGHEST    96           300 AM
 LOWEST     37           200 PM
 AVERAGE    67

..........................................................


THE RIVERTON WY CLIMATE NORMALS FOR TODAY
                         NORMAL    RECORD    YEAR
 MAXIMUM TEMPERATURE (F)   71        87      2014
 MINIMUM TEMPERATURE (F)   44        35      2012


SUNRISE AND SUNSET
MAY 27 2015...........SUNRISE   540 AM MDT   SUNSET   842 PM MDT
MAY 28 2015...........SUNRISE   540 AM MDT   SUNSET   843 PM MDT


-  INDICATES NEGATIVE NUMBERS.
R  INDICATES RECORD WAS SET OR TIED.
MM INDICATES DATA IS MISSING.
T  INDICATES TRACE AMOUNT.




$$
