000
CDUS45 KRIW 290728
CLIRIW


CLIMATE REPORT
NATIONAL WEATHER SERVICE RIVERTON WY
127 AM MDT MON MAY 29 2017


...................................

...THE RIVERTON WY CLIMATE SUMMARY FOR MAY 28 2017...

CLIMATE NORMAL PERIOD 1981 TO 2010
CLIMATE RECORD PERIOD 1995 TO 2017


WEATHER ITEM   OBSERVED TIME   RECORD YEAR NORMAL DEPARTURE LAST
                VALUE   (LST)  VALUE       VALUE  FROM      YEAR
                                                  NORMAL
..................................................................
TEMPERATURE (F)
 YESTERDAY
  MAXIMUM         72    304 PM  90    2003  71      1       72
  MINIMUM         42    402 AM  35    2011  44     -2       42
  AVERAGE         57                        58     -1       57

PRECIPITATION (IN)
  YESTERDAY        T             0.44 2011   0.04  -0.04     0.00
  MONTH TO DATE    1.40                      1.58  -0.18     2.77
  SINCE MAR 1      8.30                      3.43   4.87     8.21
  SINCE JAN 1     10.16                      3.94   6.22     8.89

SNOWFALL (IN)
  YESTERDAY        0.0                                       0.0
  MONTH TO DATE    4.2                                        T
  SINCE MAR 1     18.7                                      34.2
  SINCE JUL 1     66.4                                      62.4
  SNOW DEPTH       0

DEGREE DAYS
 HEATING
  YESTERDAY        8                         8      0        8
  MONTH TO DATE  351                       329     22      376
  SINCE MAR 1   1682                      1871   -189     1748
  SINCE JUL 1   7556                      7725   -169     7069

 COOLING
  YESTERDAY        0                         1     -1        0
  MONTH TO DATE    0                         1     -1        0
  SINCE MAR 1      0                         1     -1        0
  SINCE JAN 1      0                         1     -1        0
..................................................................


WIND (MPH)
  HIGHEST WIND SPEED    25   HIGHEST WIND DIRECTION    NE (40)
  HIGHEST GUST SPEED    34   HIGHEST GUST DIRECTION    NE (50)
  AVERAGE WIND SPEED     7.5


SKY COVER
  POSSIBLE SUNSHINE  MM
  AVERAGE SKY COVER 0.3


WEATHER CONDITIONS
 THE FOLLOWING WEATHER WAS RECORDED YESTERDAY.
  LIGHT RAIN


RELATIVE HUMIDITY (PERCENT)
 HIGHEST    77          1100 PM
 LOWEST     18           200 PM
 AVERAGE    48

..........................................................


THE RIVERTON WY CLIMATE NORMALS FOR TODAY
                         NORMAL    RECORD    YEAR
 MAXIMUM TEMPERATURE (F)   71        93      2003
 MINIMUM TEMPERATURE (F)   44        33      2011


SUNRISE AND SUNSET
MAY 29 2017...........SUNRISE   539 AM MDT   SUNSET   844 PM MDT
MAY 30 2017...........SUNRISE   538 AM MDT   SUNSET   845 PM MDT


-  INDICATES NEGATIVE NUMBERS.
R  INDICATES RECORD WAS SET OR TIED.
MM INDICATES DATA IS MISSING.
T  INDICATES TRACE AMOUNT.




$$
