000
CDUS45 KRIW 050733
CLIRIW


CLIMATE REPORT
NATIONAL WEATHER SERVICE RIVERTON WY
1231 AM MST MON DEC 5 2016


...................................

...THE RIVERTON WY CLIMATE SUMMARY FOR DECEMBER 4 2016...

CLIMATE NORMAL PERIOD 1981 TO 2010
CLIMATE RECORD PERIOD 1995 TO 2016


WEATHER ITEM   OBSERVED TIME   RECORD YEAR NORMAL DEPARTURE LAST
                VALUE   (LST)  VALUE       VALUE  FROM      YEAR
                                                  NORMAL
..................................................................
TEMPERATURE (F)
 YESTERDAY
  MAXIMUM         44    224 PM  57    2007  33     11       30
  MINIMUM         19    740 AM  -8    2009  10      9        9
  AVERAGE         32                        22     10       20

PRECIPITATION (IN)
  YESTERDAY        0.00          0.01 2011   0.01  -0.01     0.00
                                      2008
  MONTH TO DATE    T                         0.04  -0.04     0.00
  SINCE DEC 1      T                         0.04  -0.04     0.00
  SINCE JAN 1     13.64                      9.15   4.49    10.15

SNOWFALL (IN)
  YESTERDAY        0.0                                       0.0
  MONTH TO DATE    T                                         0.0
  SINCE DEC 1      T                                         0.0
  SINCE JUL 1      4.4                                      18.1
  SNOW DEPTH       0

DEGREE DAYS
 HEATING
  YESTERDAY       33                        43    -10       45
  MONTH TO DATE  150                       171    -21      214
  SINCE DEC 1    150                       171    -21      214
  SINCE JUL 1   1746                      2087   -341     1753

 COOLING
  YESTERDAY        0                         0      0        0
  MONTH TO DATE    0                         0      0        0
  SINCE DEC 1      0                         0      0        0
  SINCE JAN 1    605                       494    111      546
..................................................................


WIND (MPH)
  HIGHEST WIND SPEED    26   HIGHEST WIND DIRECTION    SW (240)
  HIGHEST GUST SPEED    33   HIGHEST GUST DIRECTION    SW (240)
  AVERAGE WIND SPEED    10.7


SKY COVER
  POSSIBLE SUNSHINE  MM
  AVERAGE SKY COVER 0.0


WEATHER CONDITIONS
 THE FOLLOWING WEATHER WAS RECORDED YESTERDAY.
  NO SIGNIFICANT WEATHER WAS OBSERVED.


RELATIVE HUMIDITY (PERCENT)
 HIGHEST    69          1100 PM
 LOWEST     33           200 PM
 AVERAGE    51

..........................................................


THE RIVERTON WY CLIMATE NORMALS FOR TODAY
                         NORMAL    RECORD    YEAR
 MAXIMUM TEMPERATURE (F)   33        56      2012
 MINIMUM TEMPERATURE (F)   10       -14      2013


SUNRISE AND SUNSET
DECEMBER  5 2016......SUNRISE   730 AM MST   SUNSET   439 PM MST
DECEMBER  6 2016......SUNRISE   731 AM MST   SUNSET   439 PM MST


-  INDICATES NEGATIVE NUMBERS.
R  INDICATES RECORD WAS SET OR TIED.
MM INDICATES DATA IS MISSING.
T  INDICATES TRACE AMOUNT.




$$
