000
CDUS45 KRIW 060736
CLIRIW


CLIMATE REPORT
NATIONAL WEATHER SERVICE RIVERTON WY
127 AM MDT FRI MAY 6 2016


...................................

...THE RIVERTON WY CLIMATE SUMMARY FOR MAY 5 2016...

CLIMATE NORMAL PERIOD 1981 TO 2010
CLIMATE RECORD PERIOD 1995 TO 2016


WEATHER ITEM   OBSERVED TIME   RECORD YEAR NORMAL DEPARTURE LAST
                VALUE   (LST)  VALUE       VALUE  FROM      YEAR
                                                  NORMAL
..................................................................
TEMPERATURE (F)
 YESTERDAY
  MAXIMUM         79    423 PM  83    2000  64     15       72
  MINIMUM         48    447 AM  24    2010  37     11       43
  AVERAGE         64                        50     14       58

PRECIPITATION (IN)
  YESTERDAY        0.00          0.94 2007   0.06  -0.06     0.01
  MONTH TO DATE    0.00                      0.29  -0.29     0.01
  SINCE MAR 1      5.44                      2.14   3.30     1.24
  SINCE JAN 1      6.12                      2.65   3.47     2.31

SNOWFALL (IN)
  YESTERDAY        0.0                                       0.0
  MONTH TO DATE    0.0                                       0.0
  SINCE MAR 1     34.2                                      10.0
  SINCE JUL 1     62.4                                      38.6
  SNOW DEPTH       0

DEGREE DAYS
 HEATING
  YESTERDAY        1                        15    -14        7
  MONTH TO DATE   58                        77    -19       37
  SINCE MAR 1   1430                      1619   -189     1402
  SINCE JUL 1   6751                      7473   -722     6795

 COOLING
  YESTERDAY        0                         0      0        0
  MONTH TO DATE    0                         0      0        0
  SINCE MAR 1      0                         0      0        0
  SINCE JAN 1      0                         0      0        0
..................................................................


WIND (MPH)
  HIGHEST WIND SPEED    13   HIGHEST WIND DIRECTION    SE (120)
  HIGHEST GUST SPEED    17   HIGHEST GUST DIRECTION    SE (120)
  AVERAGE WIND SPEED     4.4


SKY COVER
  POSSIBLE SUNSHINE  MM
  AVERAGE SKY COVER 0.0


WEATHER CONDITIONS
 THE FOLLOWING WEATHER WAS RECORDED YESTERDAY.
  NO SIGNIFICANT WEATHER WAS OBSERVED.


RELATIVE HUMIDITY (PERCENT)
 HIGHEST    71           500 AM
 LOWEST     20           500 PM
 AVERAGE    46

..........................................................


THE RIVERTON WY CLIMATE NORMALS FOR TODAY
                         NORMAL    RECORD    YEAR
 MAXIMUM TEMPERATURE (F)   64        82      2004
 MINIMUM TEMPERATURE (F)   37        26      1999


SUNRISE AND SUNSET
MAY  6 2016...........SUNRISE   600 AM MDT   SUNSET   821 PM MDT
MAY  7 2016...........SUNRISE   559 AM MDT   SUNSET   822 PM MDT


-  INDICATES NEGATIVE NUMBERS.
R  INDICATES RECORD WAS SET OR TIED.
MM INDICATES DATA IS MISSING.
T  INDICATES TRACE AMOUNT.




$$
