000
CDUS45 KRIW 290755
CLIRKS


CLIMATE REPORT
NATIONAL WEATHER SERVICE RIVERTON WY
136 AM MDT WED MAR 29 2017


...................................

...THE ROCK SPRINGS WY CLIMATE SUMMARY FOR MARCH 28 2017...

CLIMATE NORMAL PERIOD 1981 TO 2010
CLIMATE RECORD PERIOD 1948 TO 2017


WEATHER ITEM   OBSERVED TIME   RECORD YEAR NORMAL DEPARTURE LAST
                VALUE   (LST)  VALUE       VALUE  FROM      YEAR
                                                  NORMAL
..................................................................
TEMPERATURE (F)
 YESTERDAY
  MAXIMUM         43    435 PM  70    2015  48     -5       49
  MINIMUM         32   1159 PM  -1    1975  26      6       35
  AVERAGE         38                        37      1       42

PRECIPITATION (IN)
  YESTERDAY        0.48R         0.48 1993   0.02   0.46      T
  MONTH TO DATE    1.05                      0.60   0.45     0.29
  SINCE MAR 1      1.05                      0.60   0.45     0.29
  SINCE JAN 1      1.95                      1.53   0.42     0.51

DEGREE DAYS
 HEATING
  YESTERDAY       27                        28     -1       23
  MONTH TO DATE  707                       894   -187      801
  SINCE MAR 1    707                       894   -187      801
  SINCE JUL 1   6445                      6746   -301     6318

 COOLING
  YESTERDAY        0                         0      0        0
  MONTH TO DATE    0                         0      0        0
  SINCE MAR 1      0                         0      0        0
  SINCE JAN 1      0                         0      0        0
..................................................................


WIND (MPH)
  HIGHEST WIND SPEED    15   HIGHEST WIND DIRECTION     N (350)
  HIGHEST GUST SPEED    19   HIGHEST GUST DIRECTION     N (10)
  AVERAGE WIND SPEED     7.6


SKY COVER
  POSSIBLE SUNSHINE  MM
  AVERAGE SKY COVER 0.9


WEATHER CONDITIONS
 THE FOLLOWING WEATHER WAS RECORDED YESTERDAY.
  LIGHT RAIN
  HEAVY SNOW
  SNOW
  LIGHT SNOW
  FOG
  FOG W/VISIBILITY <= 1/4 MILE


RELATIVE HUMIDITY (PERCENT)
 HIGHEST    92           200 AM
 LOWEST     70           300 PM
 AVERAGE    81

..........................................................


THE ROCK SPRINGS WY CLIMATE NORMALS FOR TODAY
                         NORMAL    RECORD    YEAR
 MAXIMUM TEMPERATURE (F)   49        67      1978
 MINIMUM TEMPERATURE (F)   26         0      1987


SUNRISE AND SUNSET
MARCH 29 2017.........SUNRISE   704 AM MDT   SUNSET   739 PM MDT
MARCH 30 2017.........SUNRISE   702 AM MDT   SUNSET   740 PM MDT


-  INDICATES NEGATIVE NUMBERS.
R  INDICATES RECORD WAS SET OR TIED.
MM INDICATES DATA IS MISSING.
T  INDICATES TRACE AMOUNT.




$$
