000
CDUS45 KRIW 240742
CLIRKS


CLIMATE REPORT
NATIONAL WEATHER SERVICE RIVERTON WY
132 AM MDT MON JUL 24 2017


...................................

...THE ROCK SPRINGS WY CLIMATE SUMMARY FOR JULY 23 2017...

CLIMATE NORMAL PERIOD 1981 TO 2010
CLIMATE RECORD PERIOD 1948 TO 2017


WEATHER ITEM   OBSERVED TIME   RECORD YEAR NORMAL DEPARTURE LAST
                VALUE   (LST)  VALUE       VALUE  FROM      YEAR
                                                  NORMAL
..................................................................
TEMPERATURE (F)
 YESTERDAY
  MAXIMUM         91    235 PM  96    2003  85      6       88
  MINIMUM         59    543 AM  45    1993  55      4       57
  AVERAGE         75                        70      5       73

PRECIPITATION (IN)
  YESTERDAY        0.00          0.25 1979   0.02  -0.02     0.00
  MONTH TO DATE    0.02                      0.46  -0.44     0.22
  SINCE JUN 1      0.04                      1.25  -1.21     0.43
  SINCE JAN 1      3.56                      4.98  -1.42     4.89

DEGREE DAYS
 HEATING
  YESTERDAY        0                         0      0        0
  MONTH TO DATE    0                        19    -19       13
  SINCE JUN 1     86                       186   -100       52
  SINCE JUL 1      0                        19    -19       13

 COOLING
  YESTERDAY       10                         5      5        8
  MONTH TO DATE  183                       100     83      106
  SINCE JUN 1    228                       135     93      187
  SINCE JAN 1    228                       136     92      187
..................................................................


WIND (MPH)
  HIGHEST WIND SPEED    28   HIGHEST WIND DIRECTION    SW (220)
  HIGHEST GUST SPEED    34   HIGHEST GUST DIRECTION    SW (230)
  AVERAGE WIND SPEED     7.8


SKY COVER
  POSSIBLE SUNSHINE  MM
  AVERAGE SKY COVER 0.0


WEATHER CONDITIONS
 THE FOLLOWING WEATHER WAS RECORDED YESTERDAY.
  NO SIGNIFICANT WEATHER WAS OBSERVED.


RELATIVE HUMIDITY (PERCENT)
 HIGHEST    35           400 AM
 LOWEST      7           100 PM
 AVERAGE    21

..........................................................


THE ROCK SPRINGS WY CLIMATE NORMALS FOR TODAY
                         NORMAL    RECORD    YEAR
 MAXIMUM TEMPERATURE (F)   85        94      2003
 MINIMUM TEMPERATURE (F)   55        40      2004


SUNRISE AND SUNSET
JULY 24 2017..........SUNRISE   603 AM MDT   SUNSET   842 PM MDT
JULY 25 2017..........SUNRISE   604 AM MDT   SUNSET   841 PM MDT


-  INDICATES NEGATIVE NUMBERS.
R  INDICATES RECORD WAS SET OR TIED.
MM INDICATES DATA IS MISSING.
T  INDICATES TRACE AMOUNT.




$$
