000
CDUS45 KRIW 300740
CLIRKS


CLIMATE REPORT
NATIONAL WEATHER SERVICE RIVERTON WY
126 AM MDT SUN AUG 30 2015


...................................

...THE ROCK SPRINGS WY CLIMATE SUMMARY FOR AUGUST 29 2015...

CLIMATE NORMAL PERIOD 1981 TO 2010
CLIMATE RECORD PERIOD 1948 TO 2015


WEATHER ITEM   OBSERVED TIME   RECORD YEAR NORMAL DEPARTURE LAST
                VALUE   (LST)  VALUE       VALUE  FROM      YEAR
                                                  NORMAL
..................................................................
TEMPERATURE (F)
 YESTERDAY
  MAXIMUM         87    350 PM  90    1948  78      9       78
  MINIMUM         56    604 AM  34    1964  49      7       49
  AVERAGE         72                        64      8       64

PRECIPITATION (IN)
  YESTERDAY        0.00          0.24 1949   0.02  -0.02     0.00
  MONTH TO DATE    0.19                      0.57  -0.38     0.42
  SINCE JUN 1      3.42                      2.00   1.42     1.07
  SINCE JAN 1      7.50                      5.73   1.77     2.38

DEGREE DAYS
 HEATING
  YESTERDAY        0                         3     -3        1
  MONTH TO DATE   28                        33     -5       68
  SINCE JUN 1    103                       224   -121      229
  SINCE JUL 1     54                        57     -3       82

 COOLING
  YESTERDAY        7                         1      6        0
  MONTH TO DATE   79                        94    -15       70
  SINCE JUN 1    248                       273    -25      292
  SINCE JAN 1    248                       274    -26      299
..................................................................


WIND (MPH)
  HIGHEST WIND SPEED    21   HIGHEST WIND DIRECTION     S (200)
  HIGHEST GUST SPEED    25   HIGHEST GUST DIRECTION     S (190)
  AVERAGE WIND SPEED     7.5


SKY COVER
  POSSIBLE SUNSHINE  MM
  AVERAGE SKY COVER 0.0


WEATHER CONDITIONS
 THE FOLLOWING WEATHER WAS RECORDED YESTERDAY.
  NO SIGNIFICANT WEATHER WAS OBSERVED.


RELATIVE HUMIDITY (PERCENT)
 HIGHEST    39           600 AM
 LOWEST     12           200 PM
 AVERAGE    26

..........................................................


THE ROCK SPRINGS WY CLIMATE NORMALS FOR TODAY
                         NORMAL    RECORD    YEAR
 MAXIMUM TEMPERATURE (F)   77        91      1954
 MINIMUM TEMPERATURE (F)   49        35      1964


SUNRISE AND SUNSET
AUGUST 30 2015........SUNRISE   640 AM MDT   SUNSET   753 PM MDT
AUGUST 31 2015........SUNRISE   641 AM MDT   SUNSET   751 PM MDT


-  INDICATES NEGATIVE NUMBERS.
R  INDICATES RECORD WAS SET OR TIED.
MM INDICATES DATA IS MISSING.
T  INDICATES TRACE AMOUNT.




$$
