000
CDUS45 KRIW 020735
CLIRKS


CLIMATE REPORT
NATIONAL WEATHER SERVICE RIVERTON WY
132 AM MDT SAT AUG 2 2014


...................................

...THE ROCK SPRINGS WY CLIMATE SUMMARY FOR AUGUST 1 2014...

CLIMATE NORMAL PERIOD 1981 TO 2010
CLIMATE RECORD PERIOD 1948 TO 2014


WEATHER ITEM   OBSERVED TIME   RECORD YEAR NORMAL DEPARTURE LAST
                VALUE   (LST)  VALUE       VALUE  FROM      YEAR
                                                  NORMAL
..................................................................
TEMPERATURE (F)
 YESTERDAY
  MAXIMUM         84    453 PM  94    2008  85     -1       89
  MINIMUM         52    505 AM  40    1975  55     -3       55
  AVERAGE         68                        70     -2       72

PRECIPITATION (IN)
  YESTERDAY        0.00          0.50 1976   0.02  -0.02      T
  MONTH TO DATE    0.00                      0.02  -0.02      T
  SINCE JUN 1      0.65                      1.45  -0.80     0.21
  SINCE JAN 1      1.96                      5.18  -3.22     1.70

DEGREE DAYS
 HEATING
  YESTERDAY        0                         0      0        0
  MONTH TO DATE    0                         0      0        0
  SINCE JUN 1    161                       191    -30       62
  SINCE JUL 1     14                        24    -10        0

 COOLING
  YESTERDAY        3                         5     -2        7
  MONTH TO DATE    3                         5     -2        7
  SINCE JUN 1    225                       184     41      324
  SINCE JAN 1    232                       185     47      325
..................................................................


WIND (MPH)
  HIGHEST WIND SPEED    22   HIGHEST WIND DIRECTION    NE (60)
  HIGHEST GUST SPEED    27   HIGHEST GUST DIRECTION     E (70)
  AVERAGE WIND SPEED     8.2


SKY COVER
  POSSIBLE SUNSHINE  MM
  AVERAGE SKY COVER 0.2


WEATHER CONDITIONS
 THE FOLLOWING WEATHER WAS RECORDED YESTERDAY.
  NO SIGNIFICANT WEATHER WAS OBSERVED.


RELATIVE HUMIDITY (PERCENT)
 HIGHEST    51           600 AM
 LOWEST     13           400 PM
 AVERAGE    32

..........................................................


THE ROCK SPRINGS WY CLIMATE NORMALS FOR TODAY
                         NORMAL    RECORD    YEAR
 MAXIMUM TEMPERATURE (F)   85        93      1954
 MINIMUM TEMPERATURE (F)   55        43      1975


SUNRISE AND SUNSET
AUGUST  2 2014........SUNRISE   612 AM MDT   SUNSET   833 PM MDT
AUGUST  3 2014........SUNRISE   613 AM MDT   SUNSET   831 PM MDT


-  INDICATES NEGATIVE NUMBERS.
R  INDICATES RECORD WAS SET OR TIED.
MM INDICATES DATA IS MISSING.
T  INDICATES TRACE AMOUNT.




$$
