000
CDUS45 KRIW 120739
CLIRKS


CLIMATE REPORT
NATIONAL WEATHER SERVICE RIVERTON WY
1228 AM MST FRI FEB 12 2016


...................................

...THE ROCK SPRINGS WY CLIMATE SUMMARY FOR FEBRUARY 11 2016...

CLIMATE NORMAL PERIOD 1981 TO 2010
CLIMATE RECORD PERIOD 1948 TO 2016


WEATHER ITEM   OBSERVED TIME   RECORD YEAR NORMAL DEPARTURE LAST
                VALUE   (LST)  VALUE       VALUE  FROM      YEAR
                                                  NORMAL
..................................................................
TEMPERATURE (F)
 YESTERDAY
  MAXIMUM         43    338 PM  51    1970  32     11       45
  MINIMUM         28    802 AM  -7    1948  14     14       24
  AVERAGE         36                        23     13       35

PRECIPITATION (IN)
  YESTERDAY        0.00          0.57 1978   0.02  -0.02     0.00
  MONTH TO DATE    0.01                      0.19  -0.18     0.05
  SINCE DEC 1      0.08                      1.14  -1.06     0.17
  SINCE JAN 1      0.04                      0.64  -0.60     0.06

DEGREE DAYS
 HEATING
  YESTERDAY       29                        42    -13       30
  MONTH TO DATE  464                       471     -7      290
  SINCE DEC 1   3303                      3182    121     2652
  SINCE JUL 1   4969                      5175   -206     4468

 COOLING
  YESTERDAY        0                         0      0        0
  MONTH TO DATE    0                         0      0        0
  SINCE DEC 1      0                         0      0        0
  SINCE JAN 1      0                         0      0        0
..................................................................


WIND (MPH)
  HIGHEST WIND SPEED    29   HIGHEST WIND DIRECTION     W (260)
  HIGHEST GUST SPEED    34   HIGHEST GUST DIRECTION     W (250)
  AVERAGE WIND SPEED    14.6


SKY COVER
  POSSIBLE SUNSHINE  MM
  AVERAGE SKY COVER 0.0


WEATHER CONDITIONS
 THE FOLLOWING WEATHER WAS RECORDED YESTERDAY.
  NO SIGNIFICANT WEATHER WAS OBSERVED.


RELATIVE HUMIDITY (PERCENT)
 HIGHEST    58           800 AM
 LOWEST     41           100 PM
 AVERAGE    50

..........................................................


THE ROCK SPRINGS WY CLIMATE NORMALS FOR TODAY
                         NORMAL    RECORD    YEAR
 MAXIMUM TEMPERATURE (F)   32        56      1954
 MINIMUM TEMPERATURE (F)   14       -14      1948


SUNRISE AND SUNSET
FEBRUARY 12 2016......SUNRISE   716 AM MST   SUNSET   546 PM MST
FEBRUARY 13 2016......SUNRISE   715 AM MST   SUNSET   547 PM MST


-  INDICATES NEGATIVE NUMBERS.
R  INDICATES RECORD WAS SET OR TIED.
MM INDICATES DATA IS MISSING.
T  INDICATES TRACE AMOUNT.




$$
