742
CDUS45 KRIW 250733
CLIRKS


CLIMATE REPORT
NATIONAL WEATHER SERVICE RIVERTON WY
1233 AM MST SAT NOV 25 2017


...................................

...THE ROCK SPRINGS WY CLIMATE SUMMARY FOR NOVEMBER 24 2017...

CLIMATE NORMAL PERIOD 1981 TO 2010
CLIMATE RECORD PERIOD 1948 TO 2017


WEATHER ITEM   OBSERVED TIME   RECORD YEAR NORMAL DEPARTURE LAST
                VALUE   (LST)  VALUE       VALUE  FROM      YEAR
                                                  NORMAL
..................................................................
TEMPERATURE (F)
 YESTERDAY
  MAXIMUM         53   1148 AM  56    1995  36     17       29
  MINIMUM         34   1055 PM  -6    2010  17     17       17
                                      1993
  AVERAGE         44                        26     18       23

PRECIPITATION (IN)
  YESTERDAY        T             0.09 1980   0.02  -0.02      T
  MONTH TO DATE    0.29                      0.41  -0.12     0.14
  SINCE SEP 1      1.08                      2.20  -1.12     2.19
  SINCE JAN 1      5.46                      7.98  -2.52     7.36

DEGREE DAYS
 HEATING
  YESTERDAY       21                        39    -18       42
  MONTH TO DATE  673                       785   -112      625
  SINCE SEP 1   1694                      1688      6     1412
  SINCE JUL 1   1711                      1752    -41     1471

 COOLING
  YESTERDAY        0                         0      0        0
  MONTH TO DATE    0                         0      0        0
  SINCE SEP 1     26                         9     17       12
  SINCE JAN 1    394                       286    108      354
..................................................................


WIND (MPH)
  HIGHEST WIND SPEED    35   HIGHEST WIND DIRECTION     W (270)
  HIGHEST GUST SPEED    44   HIGHEST GUST DIRECTION     W (280)
  AVERAGE WIND SPEED    13.8


SKY COVER
  POSSIBLE SUNSHINE  MM
  AVERAGE SKY COVER 0.3


WEATHER CONDITIONS
 THE FOLLOWING WEATHER WAS RECORDED YESTERDAY.
  NO SIGNIFICANT WEATHER WAS OBSERVED.


RELATIVE HUMIDITY (PERCENT)
 HIGHEST    89          1100 PM
 LOWEST     41          1200 PM
 AVERAGE    65

..........................................................


THE ROCK SPRINGS WY CLIMATE NORMALS FOR TODAY
                         NORMAL    RECORD    YEAR
 MAXIMUM TEMPERATURE (F)   35        60      1995
 MINIMUM TEMPERATURE (F)   17       -11      1993


SUNRISE AND SUNSET
NOVEMBER 25 2017......SUNRISE   717 AM MST   SUNSET   449 PM MST
NOVEMBER 26 2017......SUNRISE   718 AM MST   SUNSET   449 PM MST


-  INDICATES NEGATIVE NUMBERS.
R  INDICATES RECORD WAS SET OR TIED.
MM INDICATES DATA IS MISSING.
T  INDICATES TRACE AMOUNT.




$$
