133
CDUS45 KRIW 250735
CLIRKS


CLIMATE REPORT
NATIONAL WEATHER SERVICE RIVERTON WY
1234 AM MST SAT FEB 25 2017


...................................

...THE ROCK SPRINGS WY CLIMATE SUMMARY FOR FEBRUARY 24 2017...

CLIMATE NORMAL PERIOD 1981 TO 2010
CLIMATE RECORD PERIOD 1948 TO 2017


WEATHER ITEM   OBSERVED TIME   RECORD YEAR NORMAL DEPARTURE LAST
                VALUE   (LST)  VALUE       VALUE  FROM      YEAR
                                                  NORMAL
..................................................................
TEMPERATURE (F)
 YESTERDAY
  MAXIMUM         21    347 PM  55    1981  36    -15       37
  MINIMUM          8   1159 PM -14    1960  17     -9       18
  AVERAGE         15                        26    -11       28

PRECIPITATION (IN)
  YESTERDAY        T             0.39 1964   0.01  -0.01     0.00
  MONTH TO DATE    0.40                      0.41  -0.01     0.18
  SINCE DEC 1      0.97                      1.36  -0.39     0.25
  SINCE JAN 1      0.89                      0.86   0.03     0.21

DEGREE DAYS
 HEATING
  YESTERDAY       50                        38     12       37
  MONTH TO DATE  851                       996   -145      872
  SINCE DEC 1   3814                      3707    107     3711
  SINCE JUL 1   5534                      5700   -166     5377

 COOLING
  YESTERDAY        0                         0      0        0
  MONTH TO DATE    0                         0      0        0
  SINCE DEC 1      0                         0      0        0
  SINCE JAN 1      0                         0      0        0
..................................................................


WIND (MPH)
  HIGHEST WIND SPEED    22   HIGHEST WIND DIRECTION     W (250)
  HIGHEST GUST SPEED    25   HIGHEST GUST DIRECTION     W (250)
  AVERAGE WIND SPEED    11.0


SKY COVER
  POSSIBLE SUNSHINE  MM
  AVERAGE SKY COVER 0.6


WEATHER CONDITIONS
 THE FOLLOWING WEATHER WAS RECORDED YESTERDAY.
  LIGHT SNOW
  FOG
  HAZE


RELATIVE HUMIDITY (PERCENT)
 HIGHEST    84           600 AM
 LOWEST     62           400 PM
 AVERAGE    73

..........................................................


THE ROCK SPRINGS WY CLIMATE NORMALS FOR TODAY
                         NORMAL    RECORD    YEAR
 MAXIMUM TEMPERATURE (F)   36        55      1986
 MINIMUM TEMPERATURE (F)   18        -5      1960


SUNRISE AND SUNSET
FEBRUARY 25 2017......SUNRISE   657 AM MST   SUNSET   602 PM MST
FEBRUARY 26 2017......SUNRISE   655 AM MST   SUNSET   604 PM MST


-  INDICATES NEGATIVE NUMBERS.
R  INDICATES RECORD WAS SET OR TIED.
MM INDICATES DATA IS MISSING.
T  INDICATES TRACE AMOUNT.




$$
