000
CDUS45 KRIW 230737
CLIRKS


CLIMATE REPORT
NATIONAL WEATHER SERVICE RIVERTON WY
1236 AM MST FRI FEB 23 2018


...................................

...THE ROCK SPRINGS WY CLIMATE SUMMARY FOR FEBRUARY 22 2018...

CLIMATE NORMAL PERIOD 1981 TO 2010
CLIMATE RECORD PERIOD 1948 TO 2018


WEATHER ITEM   OBSERVED TIME   RECORD YEAR NORMAL DEPARTURE LAST
                VALUE   (LST)  VALUE       VALUE  FROM      YEAR
                                                  NORMAL
..................................................................
TEMPERATURE (F)
 YESTERDAY
  MAXIMUM         19    409 PM  54    1982  35    -16       31
  MINIMUM          0    835 AM -10    1973  17    -17       24
  AVERAGE         10                        26    -16       28

PRECIPITATION (IN)
  YESTERDAY        0.00          0.34 1959   0.02  -0.02     0.02
  MONTH TO DATE    0.11                      0.38  -0.27     0.20
  SINCE DEC 1      0.30                      1.33  -1.03     0.77
  SINCE JAN 1      0.19                      0.83  -0.64     0.69

DEGREE DAYS
 HEATING
  YESTERDAY       55                        39     16       37
  MONTH TO DATE  822                       919    -97      757
  SINCE DEC 1   3105                      3630   -525     3720
  SINCE JUL 1   4985                      5623   -638     5440

 COOLING
  YESTERDAY        0                         0      0        0
  MONTH TO DATE    0                         0      0        0
  SINCE DEC 1      0                         0      0        0
  SINCE JAN 1      0                         0      0        0
..................................................................


WIND (MPH)
  HIGHEST WIND SPEED    10   HIGHEST WIND DIRECTION     S (200)
  HIGHEST GUST SPEED    11   HIGHEST GUST DIRECTION     S (200)
  AVERAGE WIND SPEED     3.6


SKY COVER
  POSSIBLE SUNSHINE  MM
  AVERAGE SKY COVER 0.7


WEATHER CONDITIONS
 THE FOLLOWING WEATHER WAS RECORDED YESTERDAY.
  FOG
  HAZE


RELATIVE HUMIDITY (PERCENT)
 HIGHEST    87           200 AM
 LOWEST     62           400 PM
 AVERAGE    75

..........................................................


THE ROCK SPRINGS WY CLIMATE NORMALS FOR TODAY
                         NORMAL    RECORD    YEAR
 MAXIMUM TEMPERATURE (F)   36        54      2002
 MINIMUM TEMPERATURE (F)   17        -5      1969


SUNRISE AND SUNSET
FEBRUARY 23 2018......SUNRISE   700 AM MST   SUNSET   600 PM MST
FEBRUARY 24 2018......SUNRISE   658 AM MST   SUNSET   601 PM MST


-  INDICATES NEGATIVE NUMBERS.
R  INDICATES RECORD WAS SET OR TIED.
MM INDICATES DATA IS MISSING.
T  INDICATES TRACE AMOUNT.




$$
