000
CDUS45 KRIW 060738
CLIRKS


CLIMATE REPORT
NATIONAL WEATHER SERVICE RIVERTON WY
1233 AM MST FRI MAR 6 2015


...................................

...THE ROCK SPRINGS WY CLIMATE SUMMARY FOR MARCH 5 2015...

CLIMATE NORMAL PERIOD 1981 TO 2010
CLIMATE RECORD PERIOD 1948 TO 2015


WEATHER ITEM   OBSERVED TIME   RECORD YEAR NORMAL DEPARTURE LAST
                VALUE   (LST)  VALUE       VALUE  FROM      YEAR
                                                  NORMAL
..................................................................
TEMPERATURE (F)
 YESTERDAY
  MAXIMUM         36    318 PM  57    1987  40     -4       48
  MINIMUM         13   1202 AM  -4    1966  20     -7       28
  AVERAGE         25                        30     -5       38

PRECIPITATION (IN)
  YESTERDAY        0.00          0.55 1992   0.01  -0.01     0.00
  MONTH TO DATE    0.13                      0.08   0.05     0.07
  SINCE MAR 1      0.13                      0.08   0.05     0.07
  SINCE JAN 1      0.22                      1.01  -0.79     0.22

DEGREE DAYS
 HEATING
  YESTERDAY       40                        35      5       27
  MONTH TO DATE  232                       179     53      150
  SINCE MAR 1    232                       179     53      150
  SINCE JUL 1   5345                      6031   -686     5602

 COOLING
  YESTERDAY        0                         0      0        0
  MONTH TO DATE    0                         0      0        0
  SINCE MAR 1      0                         0      0        0
  SINCE JAN 1      0                         0      0        0
..................................................................


WIND (MPH)
  HIGHEST WIND SPEED    31   HIGHEST WIND DIRECTION     W (250)
  HIGHEST GUST SPEED    36   HIGHEST GUST DIRECTION     W (250)
  AVERAGE WIND SPEED    19.8


SKY COVER
  POSSIBLE SUNSHINE  MM
  AVERAGE SKY COVER 0.0


WEATHER CONDITIONS
 THE FOLLOWING WEATHER WAS RECORDED YESTERDAY.
  NO SIGNIFICANT WEATHER WAS OBSERVED.


RELATIVE HUMIDITY (PERCENT)
 HIGHEST    73          1200 AM
 LOWEST     54           100 PM
 AVERAGE    64

..........................................................


THE ROCK SPRINGS WY CLIMATE NORMALS FOR TODAY
                         NORMAL    RECORD    YEAR
 MAXIMUM TEMPERATURE (F)   40        59      1972
 MINIMUM TEMPERATURE (F)   21        -1      1964


SUNRISE AND SUNSET
MARCH  6 2015.........SUNRISE   643 AM MST   SUNSET   612 PM MST
MARCH  7 2015.........SUNRISE   642 AM MST   SUNSET   614 PM MST


-  INDICATES NEGATIVE NUMBERS.
R  INDICATES RECORD WAS SET OR TIED.
MM INDICATES DATA IS MISSING.
T  INDICATES TRACE AMOUNT.




$$
