000
CDUS42 KFFC 290825
CLIRMG


CLIMATE REPORT
NATIONAL WEATHER SERVICE PEACHTREE CITY GA
425 AM EDT FRI AUG 29 2014


...................................

...THE ROME  CLIMATE SUMMARY FOR AUGUST 28 2014...

CLIMATE NORMAL PERIOD 1981 TO 2010
CLIMATE RECORD PERIOD 9999 TO 9999


WEATHER ITEM   OBSERVED TIME   RECORD YEAR NORMAL DEPARTURE LAST
                VALUE   (LST)  VALUE       VALUE  FROM      YEAR
                                                  NORMAL
..................................................................
TEMPERATURE (F)
 YESTERDAY
  MAXIMUM         94    500 PM  MM      MM  89      5       92
  MINIMUM         60    631 AM  MM      MM  66     -6       65
  AVERAGE         77                        77      0       79

PRECIPITATION (IN)
  YESTERDAY        0.00         MM      MM   0.12  -0.12     0.00
  MONTH TO DATE    2.16                      3.76  -1.60     1.89
  SINCE JUN 1      8.58                     12.18  -3.60    13.27
  SINCE JAN 1     33.07                     35.05  -1.98    28.07

DEGREE DAYS
 COOLING
  YESTERDAY       12                        12      0       14
  MONTH TO DATE  382                       386     -4      339
  SINCE JUN 1   1121                      1162    -41     1090
  SINCE JAN 1   1322                      1330     -8     1233
..................................................................


WIND (MPH)
  RESULTANT WIND SPEED   1   RESULTANT WIND DIRECTION   E (110)
  HIGHEST WIND SPEED     8   HIGHEST WIND DIRECTION     S (180)
  HIGHEST GUST SPEED    12   HIGHEST GUST DIRECTION    SE (140)
  AVERAGE WIND SPEED     1.4


SKY COVER
  AVERAGE SKY COVER 0.0


WEATHER CONDITIONS
 THE FOLLOWING WEATHER WAS RECORDED YESTERDAY.
  FOG


RELATIVE HUMIDITY (PERCENT)
 HIGHEST   100           200 AM
 LOWEST     28           500 PM
 AVERAGE    64

..........................................................


THE ROME  CLIMATE NORMALS FOR TODAY
                         NORMAL    RECORD    YEAR
 MAXIMUM TEMPERATURE (F)   88        MM        MM
 MINIMUM TEMPERATURE (F)   66        MM        MM


SUNRISE AND SUNSET
AUGUST 29 2014........SUNRISE   712 AM EDT   SUNSET   811 PM EDT
AUGUST 30 2014........SUNRISE   713 AM EDT   SUNSET   809 PM EDT


-  INDICATES NEGATIVE NUMBERS.
R  INDICATES RECORD WAS SET OR TIED.
MM INDICATES DATA IS MISSING.
T  INDICATES TRACE AMOUNT.




$$
