000
CDUS42 KFFC 290819
CLIRMG


CLIMATE REPORT
NATIONAL WEATHER SERVICE PEACHTREE CITY GA
419 AM EDT MON MAY 29 2017


...................................

...THE ROME  CLIMATE SUMMARY FOR MAY 28 2017...

CLIMATE NORMAL PERIOD 1981 TO 2010
CLIMATE RECORD PERIOD 9999 TO 9999


WEATHER ITEM   OBSERVED TIME   RECORD YEAR NORMAL DEPARTURE LAST
                VALUE   (LST)  VALUE       VALUE  FROM      YEAR
                                                  NORMAL
..................................................................
TEMPERATURE (F)
 YESTERDAY
  MAXIMUM         83    556 PM  MM      MM  84     -1       88
  MINIMUM         65    626 AM  MM      MM  60      5       62
  AVERAGE         74                        72      2       75

PRECIPITATION (IN)
  YESTERDAY        0.70         MM      MM   0.11   0.59     0.00
  MONTH TO DATE    5.62                      3.81   1.81     1.35
  SINCE MAR 1     16.40                     12.81   3.59     8.11
  SINCE JAN 1     27.66                     22.50   5.16    17.12

DEGREE DAYS
 COOLING
  YESTERDAY        9                         7      2       10
  MONTH TO DATE  158                       113     45      127
  SINCE MAR 1    300                       146    154      187
  SINCE JAN 1    300                       146    154      187
..................................................................


WIND (MPH)
  RESULTANT WIND SPEED   3   RESULTANT WIND DIRECTION  SW (220)
  HIGHEST WIND SPEED    18   HIGHEST WIND DIRECTION    NW (300)
  HIGHEST GUST SPEED    24   HIGHEST GUST DIRECTION    NW (310)
  AVERAGE WIND SPEED     5.4


SKY COVER
  AVERAGE SKY COVER 0.3


WEATHER CONDITIONS
 THE FOLLOWING WEATHER WAS RECORDED YESTERDAY.
  THUNDERSTORM
  HEAVY RAIN
  RAIN
  LIGHT RAIN
  FOG


RELATIVE HUMIDITY (PERCENT)
 HIGHEST   100           200 AM
 LOWEST     58           400 PM
 AVERAGE    79

..........................................................


THE ROME  CLIMATE NORMALS FOR TODAY
                         NORMAL    RECORD    YEAR
 MAXIMUM TEMPERATURE (F)   84        MM        MM
 MINIMUM TEMPERATURE (F)   60        MM        MM


SUNRISE AND SUNSET
MAY 29 2017...........SUNRISE   631 AM EDT   SUNSET   846 PM EDT
MAY 30 2017...........SUNRISE   630 AM EDT   SUNSET   847 PM EDT


-  INDICATES NEGATIVE NUMBERS.
R  INDICATES RECORD WAS SET OR TIED.
MM INDICATES DATA IS MISSING.
T  INDICATES TRACE AMOUNT.




$$
