000
CDUS41 KRNK 260715
CLIRNK


CLIMATE REPORT
NATIONAL WEATHER SERVICE BLACKSBURG VA
313 AM EDT TUE MAY 26 2015


...................................

...THE BLACKSBURG VA CLIMATE SUMMARY FOR MAY 25 2015...

CLIMATE NORMAL PERIOD 1981 TO 2010
CLIMATE RECORD PERIOD 1952 TO 2015


WEATHER ITEM   OBSERVED TIME   RECORD YEAR NORMAL DEPARTURE LAST
                VALUE   (LST)  VALUE       VALUE  FROM      YEAR
                                                  NORMAL
..................................................................
TEMPERATURE (F)
 YESTERDAY
  MAXIMUM         79        MM  89    1953  74      5       76
  MINIMUM         52        MM  34    1967  50      2       45
  AVERAGE         66                        62      4       61

PRECIPITATION (IN)
  YESTERDAY        0.00          0.83 2001   0.15  -0.15     0.00
  MONTH TO DATE    1.86                      3.38  -1.52     2.43
  SINCE MAR 1     11.73                     10.50   1.23     8.95
  SINCE JAN 1     15.15                     16.39  -1.24    14.58

SNOWFALL (IN)
  YESTERDAY        0.0                                       0.0
  MONTH TO DATE    0.0                                       0.0
  SINCE MAR 1      4.4                                       7.3
  SINCE JUL 1     27.8                                      34.4
  SNOW DEPTH       0

DEGREE DAYS
 HEATING
  YESTERDAY        0                         5     -5        4
  MONTH TO DATE   78                       180   -102      111
  SINCE MAR 1   1083                      1337   -254     1263
  SINCE JUL 1   5209                      5385   -176     5444

 COOLING
  YESTERDAY        1                         1      0        0
  MONTH TO DATE   47                        14     33       32
  SINCE MAR 1     47                        17     30       32
  SINCE JAN 1     47                        17     30       32
..................................................................


WIND (MPH)
  HIGHEST WIND SPEED    13   HIGHEST WIND DIRECTION     S (170)
  HIGHEST GUST SPEED    17   HIGHEST GUST DIRECTION     S (170)
  AVERAGE WIND SPEED     3.7


SKY COVER
  AVERAGE SKY COVER 0.2


WEATHER CONDITIONS
 THE FOLLOWING WEATHER WAS RECORDED YESTERDAY.
  NO SIGNIFICANT WEATHER WAS OBSERVED.


RELATIVE HUMIDITY (PERCENT)
 HIGHEST    90           600 AM
 LOWEST     50           300 PM
 AVERAGE    70

..........................................................


THE BLACKSBURG VA CLIMATE NORMALS FOR TODAY
                         NORMAL    RECORD    YEAR
 MAXIMUM TEMPERATURE (F)   74        88      1953
 MINIMUM TEMPERATURE (F)   50        34      1988


SUNRISE AND SUNSET
MAY 26 2015...........SUNRISE   606 AM EDT   SUNSET   832 PM EDT
MAY 27 2015...........SUNRISE   605 AM EDT   SUNSET   833 PM EDT


-  INDICATES NEGATIVE NUMBERS.
R  INDICATES RECORD WAS SET OR TIED.
MM INDICATES DATA IS MISSING.
T  INDICATES TRACE AMOUNT.




$$
