000
CDUS41 KRNK 230624
CLIRNK


CLIMATE REPORT
NATIONAL WEATHER SERVICE BLACKSBURG VA
120 AM EST MON JAN 23 2017


...................................

...THE BLACKSBURG VA CLIMATE SUMMARY FOR JANUARY 22 2017...

CLIMATE NORMAL PERIOD 1981 TO 2010
CLIMATE RECORD PERIOD 1952 TO 2017


WEATHER ITEM   OBSERVED RECORD YEAR NORMAL DEPARTURE LAST
                VALUE   VALUE       VALUE  FROM      YEAR
                                           NORMAL
...........................................................
TEMPERATURE (F)
 YESTERDAY
  MAXIMUM         51     65    1959  42      9       24
  MINIMUM         46     -3    1970  21     25       16
  AVERAGE         49                 32     17       20

PRECIPITATION (IN)
  YESTERDAY        0.11   1.14 1959   0.10   0.01     1.11
  MONTH TO DATE    2.87               2.21   0.66     2.31
  SINCE DEC 1      5.96               5.16   0.80     7.33
  SINCE JAN 1      2.87               2.21   0.66     2.31

SNOWFALL (IN)
  YESTERDAY        0.0                               11.0
  MONTH TO DATE    4.7                               12.2
  SINCE DEC 1      5.4                               12.2
  SINCE JUL 1      5.4                               12.2
  SNOW DEPTH       0

DEGREE DAYS
 HEATING
  YESTERDAY       16                 33    -17       45
  MONTH TO DATE  580                747   -167      788
  SINCE DEC 1   1460               1714   -254     1346
  SINCE JUL 1   2233               2894   -661     2234

 COOLING
  YESTERDAY        0                  0      0        0
  MONTH TO DATE    0                  0      0        0
  SINCE DEC 1      0                  0      0        0
  SINCE JAN 1      0                  0      0        0
...........................................................


WIND (MPH)
  HIGHEST WIND SPEED    18   HIGHEST WIND DIRECTION     E (80)
  HIGHEST GUST SPEED    25   HIGHEST GUST DIRECTION     E (70)
  AVERAGE WIND SPEED     5.7


SKY COVER
  AVERAGE SKY COVER 1.0


WEATHER CONDITIONS
 THE FOLLOWING WEATHER WAS RECORDED YESTERDAY.
  LIGHT RAIN
  FOG


RELATIVE HUMIDITY (PERCENT)
 HIGHEST   100           100 AM
 LOWEST     96          1200 AM
 AVERAGE    98

..........................................................


THE BLACKSBURG VA CLIMATE NORMALS FOR TODAY
                         NORMAL    RECORD    YEAR
 MAXIMUM TEMPERATURE (F)   42        65      1967
 MINIMUM TEMPERATURE (F)   21        -1      1961


SUNRISE AND SUNSET
JANUARY 23 2017.......SUNRISE   731 AM EST   SUNSET   537 PM EST
JANUARY 24 2017.......SUNRISE   730 AM EST   SUNSET   538 PM EST


-  INDICATES NEGATIVE NUMBERS.
R  INDICATES RECORD WAS SET OR TIED.
MM INDICATES DATA IS MISSING.
T  INDICATES TRACE AMOUNT.

$$
RCS
