000
CDUS41 KRNK 302223
CLIRNK


CLIMATE REPORT
NATIONAL WEATHER SERVICE BLACKSBURG VA
522 PM EST FRI JAN 30 2015


...................................

...THE BLACKSBURG VA CLIMATE SUMMARY FOR JANUARY 30 2015...
VALID TODAY AS OF 0500 PM LOCAL TIME.

CLIMATE NORMAL PERIOD 1981 TO 2010
CLIMATE RECORD PERIOD 1952 TO 2015


WEATHER ITEM   OBSERVED TIME   RECORD YEAR NORMAL DEPARTURE LAST
                VALUE   (LST)  VALUE       VALUE  FROM      YEAR
                                                  NORMAL
..................................................................
TEMPERATURE (F)
 TODAY
  MAXIMUM         40   1200 AM  75    2002  42     -2       33
  MINIMUM         24    500 PM -10    1966  22      2       -5
  AVERAGE         32                        32      0       14

PRECIPITATION (IN)
  TODAY            0.03          2.06 2013   0.10  -0.07     0.00
  MONTH TO DATE    1.30                      2.98  -1.68     1.65
  SINCE DEC 1      3.95                      5.93  -1.98     6.91
  SINCE JAN 1      1.30                      2.98  -1.68     1.65

SNOWFALL (IN)
  TODAY            0.5
  MONTH TO DATE    1.1
  SINCE DEC 1      1.6
  SINCE JUL 1      4.0
  SNOW DEPTH       0

DEGREE DAYS
 HEATING
  TODAY           33                        33      0       51
  MONTH TO DATE  992                      1011    -19     1177
  SINCE DEC 1   1819                      1978   -159     2037
  SINCE JUL 1   3012                      3158   -146     3272

 COOLING
  TODAY            0                         0      0        0
  MONTH TO DATE    0                         0      0        0
  SINCE DEC 1      0                         0      0        0
  SINCE JAN 1      0                         0      0        0
..................................................................


WIND (MPH)
  HIGHEST WIND SPEED    21   HIGHEST WIND DIRECTION    NW (300)
  HIGHEST GUST SPEED    35   HIGHEST GUST DIRECTION     W (290)
  AVERAGE WIND SPEED    14.8


SKY COVER
  POSSIBLE SUNSHINE  MM
  AVERAGE SKY COVER 0.8


WEATHER CONDITIONS
 THE FOLLOWING WEATHER WAS RECORDED TODAY.
  LIGHT RAIN
  SNOW
  LIGHT SNOW
  FOG


RELATIVE HUMIDITY (PERCENT)
 HIGHEST    85           200 AM
 LOWEST     42           400 PM
 AVERAGE    64

..........................................................


THE BLACKSBURG VA CLIMATE NORMALS FOR TOMORROW
                         NORMAL    RECORD    YEAR
 MAXIMUM TEMPERATURE (F)   42        73      2002
 MINIMUM TEMPERATURE (F)   22       -10      1966


SUNRISE AND SUNSET
JANUARY 30 2015.......SUNRISE   726 AM EST   SUNSET   544 PM EST
JANUARY 31 2015.......SUNRISE   726 AM EST   SUNSET   545 PM EST


-  INDICATES NEGATIVE NUMBERS.
R  INDICATES RECORD WAS SET OR TIED.
MM INDICATES DATA IS MISSING.
T  INDICATES TRACE AMOUNT.




$$
