000
CDUS41 KRNK 250832
CLIRNK


CLIMATE REPORT
NATIONAL WEATHER SERVICE BLACKSBURG VA
426 AM EDT SUN JUN 25 2017


...................................

...THE BLACKSBURG VA CLIMATE SUMMARY FOR JUNE 24 2017...

CLIMATE NORMAL PERIOD 1981 TO 2010
CLIMATE RECORD PERIOD 1952 TO 2017


WEATHER ITEM   OBSERVED RECORD YEAR NORMAL DEPARTURE LAST
                VALUE   VALUE       VALUE  FROM      YEAR
                                           NORMAL
...........................................................
TEMPERATURE (F)
 YESTERDAY
  MAXIMUM         81     93    1988  81      0       83
  MINIMUM         58     45    1983  59     -1       63
  AVERAGE         70                 70      0       73

PRECIPITATION (IN)
  YESTERDAY        0.01   1.01 2006   0.12  -0.11     0.05
  MONTH TO DATE    2.88               3.28  -0.40     3.14
  SINCE JUN 1      2.88               3.28  -0.40     3.14
  SINCE JAN 1     24.12              20.62   3.50    19.16

SNOWFALL (IN)
  YESTERDAY        0.0                                0.0
  MONTH TO DATE    0.0                                0.0
  SINCE JUN 1      0.0                                0.0
  SINCE JUL 1      7.7                               25.6
  SNOW DEPTH       0

DEGREE DAYS
 HEATING
  YESTERDAY        0                  0      0        0
  MONTH TO DATE   24                 37    -13       12
  SINCE JUN 1     24                 37    -13       12
  SINCE JUL 1   4190               5445  -1255     4466

 COOLING
  YESTERDAY        5                  5      0        8
  MONTH TO DATE   87                 84      3      120
  SINCE JUN 1     87                 84      3      120
  SINCE JAN 1    141                113     28      166
...........................................................


WIND (MPH)
  HIGHEST WIND SPEED     9   HIGHEST WIND DIRECTION    NW (300)
  HIGHEST GUST SPEED    18   HIGHEST GUST DIRECTION     W (290)
  AVERAGE WIND SPEED     4.8


SKY COVER
  AVERAGE SKY COVER 0.4


WEATHER CONDITIONS
 THE FOLLOWING WEATHER WAS RECORDED YESTERDAY.
  LIGHT RAIN


RELATIVE HUMIDITY (PERCENT)
 HIGHEST    93          1200 AM
 LOWEST     47           500 PM
 AVERAGE    70

..........................................................


THE BLACKSBURG VA CLIMATE NORMALS FOR TODAY
                         NORMAL    RECORD    YEAR
 MAXIMUM TEMPERATURE (F)   81        90      2002
 MINIMUM TEMPERATURE (F)   59        44      1979


SUNRISE AND SUNSET
JUNE 25 2017..........SUNRISE   603 AM EDT   SUNSET   846 PM EDT
JUNE 26 2017..........SUNRISE   603 AM EDT   SUNSET   846 PM EDT


-  INDICATES NEGATIVE NUMBERS.
R  INDICATES RECORD WAS SET OR TIED.
MM INDICATES DATA IS MISSING.
T  INDICATES TRACE AMOUNT.

$$

RAB
