000
CDUS41 KRNK 240922
CLIRNK


CLIMATE REPORT
NATIONAL WEATHER SERVICE BLACKSBURG VA
518 AM EDT FRI OCT 24 2014


...................................

...THE BLACKSBURG VA CLIMATE SUMMARY FOR OCTOBER 23 2014...

CLIMATE NORMAL PERIOD 1981 TO 2010
CLIMATE RECORD PERIOD 1952 TO 2014


WEATHER ITEM   OBSERVED TIME   RECORD YEAR NORMAL DEPARTURE LAST
                VALUE   (LST)  VALUE       VALUE  FROM      YEAR
                                                  NORMAL
..................................................................
TEMPERATURE (F)
 YESTERDAY
  MAXIMUM         57    300 PM  78    1978  64     -7       50
  MINIMUM         37   1100 PM  18    1997  37      0       34
  AVERAGE         47                        50     -3       42

PRECIPITATION (IN)
  YESTERDAY        0.00          1.53 1990   0.09  -0.09     0.02
  MONTH TO DATE    4.05                      2.05   2.00     2.40
  SINCE SEP 1      7.85                      5.15   2.70     3.53
  SINCE JAN 1     33.62                     34.34  -0.72    43.08

SNOWFALL (IN)
  YESTERDAY        0.0
  MONTH TO DATE    0.0
  SINCE SEP 1      0.0
  SINCE JUL 1      0.0
  SNOW DEPTH       0

DEGREE DAYS
 HEATING
  YESTERDAY       18                        15      3       23
  MONTH TO DATE  218                       269    -51      190
  SINCE SEP 1    284                       382    -98      300
  SINCE JUL 1    295                       400   -105      323

 COOLING
  YESTERDAY        0                         0      0        0
  MONTH TO DATE    2                         1      1        7
  SINCE SEP 1     79                        58     21       62
  SINCE JAN 1    609                       570     39      568
..................................................................


WIND (MPH)
  HIGHEST WIND SPEED    17   HIGHEST WIND DIRECTION    NW (320)
  HIGHEST GUST SPEED    23   HIGHEST GUST DIRECTION    NW (310)
  AVERAGE WIND SPEED     7.0


SKY COVER
  POSSIBLE SUNSHINE  MM
  AVERAGE SKY COVER 0.5


WEATHER CONDITIONS
 THE FOLLOWING WEATHER WAS RECORDED YESTERDAY.
  NO SIGNIFICANT WEATHER WAS OBSERVED.


RELATIVE HUMIDITY (PERCENT)
 HIGHEST   100          1100 PM
 LOWEST     62           200 PM
 AVERAGE    81

..........................................................


THE BLACKSBURG VA CLIMATE NORMALS FOR TODAY
                         NORMAL    RECORD    YEAR
 MAXIMUM TEMPERATURE (F)   63        78      2012
 MINIMUM TEMPERATURE (F)   37        15      1969


SUNRISE AND SUNSET
OCTOBER 24 2014.......SUNRISE   738 AM EDT   SUNSET   633 PM EDT
OCTOBER 25 2014.......SUNRISE   739 AM EDT   SUNSET   632 PM EDT


-  INDICATES NEGATIVE NUMBERS.
R  INDICATES RECORD WAS SET OR TIED.
MM INDICATES DATA IS MISSING.
T  INDICATES TRACE AMOUNT.



$$
