468
CDUS41 KRNK 050808
CLIRNK


CLIMATE REPORT
NATIONAL WEATHER SERVICE BLACKSBURG VA
306 AM EST FRI FEB 5 2016


...................................

...THE BLACKSBURG VA CLIMATE SUMMARY FOR FEBRUARY 4 2016...

CLIMATE NORMAL PERIOD 1981 TO 2010
CLIMATE RECORD PERIOD 1952 TO 2016


WEATHER ITEM   OBSERVED RECORD YEAR NORMAL DEPARTURE LAST
                VALUE   VALUE       VALUE  FROM      YEAR
                                           NORMAL
...........................................................
TEMPERATURE (F)
 YESTERDAY
  MAXIMUM         46     70    1989  43      3       53
  MINIMUM         33    -12    1970  22     11       18
  AVERAGE         40                 32      8       36

PRECIPITATION (IN)
  YESTERDAY        T      0.86 1990   0.10  -0.10     0.00
  MONTH TO DATE    1.22               0.40   0.82     0.31
  SINCE DEC 1      8.68               6.43   2.25     4.26
  SINCE JAN 1      3.66               3.48   0.18     1.61

SNOWFALL (IN)
  YESTERDAY        T                                  0.0
  MONTH TO DATE    T                                   T
  SINCE DEC 1     14.2                                1.6
  SINCE JUL 1     14.2                                4.0
  SNOW DEPTH       0

DEGREE DAYS
 HEATING
  YESTERDAY       25                 32     -7       29
  MONTH TO DATE   86                131    -45      122
  SINCE DEC 1   1745               2138   -393     1980
  SINCE JUL 1   2633               3318   -685     3173

 COOLING
  YESTERDAY        0                  0      0        0
  MONTH TO DATE    0                  0      0        0
  SINCE DEC 1      0                  0      0        0
  SINCE JAN 1      0                  0      0        0
...........................................................


WIND (MPH)
  HIGHEST WIND SPEED    13   HIGHEST WIND DIRECTION    NW (310)
  HIGHEST GUST SPEED    20   HIGHEST GUST DIRECTION    NW (310)
  AVERAGE WIND SPEED     5.8


SKY COVER
  AVERAGE SKY COVER 0.6


WEATHER CONDITIONS
 THE FOLLOWING WEATHER WAS RECORDED YESTERDAY.
  LIGHT SNOW
  FOG
  FOG W/VISIBILITY <= 1/4 MILE


RELATIVE HUMIDITY (PERCENT)
 HIGHEST   100          1200 AM
 LOWEST     60           500 PM
 AVERAGE    80

..........................................................


THE BLACKSBURG VA CLIMATE NORMALS FOR TODAY
                         NORMAL    RECORD    YEAR
 MAXIMUM TEMPERATURE (F)   43        67      1962
 MINIMUM TEMPERATURE (F)   22        -5      1996


SUNRISE AND SUNSET
FEBRUARY  5 2016......SUNRISE   721 AM EST   SUNSET   550 PM EST
FEBRUARY  6 2016......SUNRISE   721 AM EST   SUNSET   551 PM EST


-  INDICATES NEGATIVE NUMBERS.
R  INDICATES RECORD WAS SET OR TIED.
MM INDICATES DATA IS MISSING.
T  INDICATES TRACE AMOUNT.

$$
RCS
