000
CDUS41 KRNK 252103
CLIRNK


CLIMATE REPORT
NATIONAL WEATHER SERVICE BLACKSBURG VA
503 PM EDT THU AUG 25 2016


...................................

...THE BLACKSBURG VA CLIMATE SUMMARY FOR AUGUST 25 2016...
VALID TODAY AS OF 0500 PM LOCAL TIME.

CLIMATE NORMAL PERIOD 1981 TO 2010
CLIMATE RECORD PERIOD 1952 TO 2016


WEATHER ITEM   OBSERVED RECORD YEAR NORMAL DEPARTURE LAST
                VALUE   VALUE       VALUE  FROM      YEAR
                                           NORMAL
...........................................................
TEMPERATURE (F)
 TODAY
  MAXIMUM         87     93    2007  81      6       78
  MINIMUM         63     44    1997  58      5       54
  AVERAGE         75                 69      6       66

PRECIPITATION (IN)
  TODAY            0.00   0.85 1958   0.11  -0.11     0.00
  MONTH TO DATE    4.15               2.95   1.20     4.08
  SINCE JUN 1     12.29              11.21   1.08    11.82
  SINCE JAN 1     28.31              28.55  -0.24    27.35

SNOWFALL (IN)
  TODAY            0.0                                0.0
  MONTH TO DATE    0.0                                0.0
  SINCE JUN 1      0.0                                 T
  SINCE JUL 1      0.0                                 T
  SNOW DEPTH       0

DEGREE DAYS
 HEATING
  TODAY            0                  0      0        0
  MONTH TO DATE    0                  0      0        0
  SINCE JUN 1     12                 44    -32       11
  SINCE JUL 1      0                  6     -6        0

 COOLING
  TODAY           10                  5      5        1
  MONTH TO DATE  209                142     67      169
  SINCE JUN 1    666                457    209      627
  SINCE JAN 1    712                486    226      703
...........................................................


WIND (MPH)
  HIGHEST WIND SPEED     8   HIGHEST WIND DIRECTION     W (250)
  HIGHEST GUST SPEED    MM   HIGHEST GUST DIRECTION    MM
  AVERAGE WIND SPEED     2.4


SKY COVER
  AVERAGE SKY COVER 0.3


WEATHER CONDITIONS
 THE FOLLOWING WEATHER WAS RECORDED TODAY.
  FOG
  FOG W/VISIBILITY <= 1/4 MILE


RELATIVE HUMIDITY (PERCENT)
 HIGHEST   100           100 AM
 LOWEST     57           300 PM
 AVERAGE    79

..........................................................


THE BLACKSBURG VA CLIMATE NORMALS FOR TOMORROW
                         NORMAL    RECORD    YEAR
 MAXIMUM TEMPERATURE (F)   81        91      1993
 MINIMUM TEMPERATURE (F)   58        42      1970


SUNRISE AND SUNSET
AUGUST 25 2016........SUNRISE   647 AM EDT   SUNSET   800 PM EDT
AUGUST 26 2016........SUNRISE   648 AM EDT   SUNSET   758 PM EDT


-  INDICATES NEGATIVE NUMBERS.
R  INDICATES RECORD WAS SET OR TIED.
MM INDICATES DATA IS MISSING.
T  INDICATES TRACE AMOUNT.




$$
