000
CDUS41 KRNK 260606
CLIRNK


CLIMATE REPORT
NATIONAL WEATHER SERVICE BLACKSBURG VA
205 AM EDT MON SEP 26 2016


...................................

...THE BLACKSBURG VA CLIMATE SUMMARY FOR SEPTEMBER 25 2016...

CLIMATE NORMAL PERIOD 1981 TO 2010
CLIMATE RECORD PERIOD 1952 TO 2016


WEATHER ITEM   OBSERVED RECORD YEAR NORMAL DEPARTURE LAST
                VALUE   VALUE       VALUE  FROM      YEAR
                                           NORMAL
...........................................................
TEMPERATURE (F)
 YESTERDAY
  MAXIMUM         76     88    2007  72      4       62
  MINIMUM         63     23    1983  47     16       56
  AVERAGE         70                 60     10       59

PRECIPITATION (IN)
  YESTERDAY        T      0.75 1972   0.10  -0.10     0.52
  MONTH TO DATE    0.98               2.59  -1.61     2.55
  SINCE SEP 1      0.98               2.59  -1.61     2.55
  SINCE JAN 1     29.65              31.78  -2.13    29.91

SNOWFALL (IN)
  YESTERDAY        0.0                                0.0
  MONTH TO DATE    0.0                                0.0
  SINCE SEP 1      0.0                                0.0
  SINCE JUL 1      0.0                                 T
  SNOW DEPTH       0

DEGREE DAYS
 HEATING
  YESTERDAY        0                  6     -6        6
  MONTH TO DATE    0                 75    -75       48
  SINCE SEP 1      0                 75    -75       48
  SINCE JUL 1      0                 93    -93       49

 COOLING
  YESTERDAY        5                  1      4        0
  MONTH TO DATE  127                 54     73       81
  SINCE SEP 1    127                 54     73       81
  SINCE JAN 1    904                566    338      808
...........................................................


WIND (MPH)
  HIGHEST WIND SPEED    10   HIGHEST WIND DIRECTION     E (110)
  HIGHEST GUST SPEED    MM   HIGHEST GUST DIRECTION    MM
  AVERAGE WIND SPEED     5.8


SKY COVER
  AVERAGE SKY COVER 0.8


WEATHER CONDITIONS
 THE FOLLOWING WEATHER WAS RECORDED YESTERDAY.
  LIGHT RAIN
  FOG


RELATIVE HUMIDITY (PERCENT)
 HIGHEST   100          1000 PM
 LOWEST     74           200 PM
 AVERAGE    87

..........................................................


THE BLACKSBURG VA CLIMATE NORMALS FOR TODAY
                         NORMAL    RECORD    YEAR
 MAXIMUM TEMPERATURE (F)   71        89      2007
 MINIMUM TEMPERATURE (F)   47        34      1967


SUNRISE AND SUNSET
SEPTEMBER 26 2016.....SUNRISE   713 AM EDT   SUNSET   712 PM EDT
SEPTEMBER 27 2016.....SUNRISE   714 AM EDT   SUNSET   710 PM EDT


-  INDICATES NEGATIVE NUMBERS.
R  INDICATES RECORD WAS SET OR TIED.
MM INDICATES DATA IS MISSING.
T  INDICATES TRACE AMOUNT.




$$
