000
CDUS46 KSGX 211141
CLIRNM


CLIMATE REPORT
NATIONAL WEATHER SERVICE SAN DIEGO, CA
430 AM PDT SAT OCT 21 2017


...................................

...THE RAMONA AIRPORT CA CLIMATE SUMMARY FOR OCTOBER 20 2017...

CLIMATE NORMAL PERIOD 1981 TO 2010
CLIMATE RECORD PERIOD 1974 TO 2017


WEATHER ITEM   OBSERVED TIME   RECORD YEAR NORMAL DEPARTURE LAST
                VALUE   (LST)  VALUE       VALUE  FROM      YEAR
                                                  NORMAL
..................................................................
TEMPERATURE (F)
 YESTERDAY
  MAXIMUM         70    102 PM  98    2003  78     -8       96
  MINIMUM         53   1135 PM  37    2013  47      6       44
  AVERAGE         62                        63     -1       70

PRECIPITATION (IN)
  YESTERDAY        T             1.50 2004   0.03  -0.03     0.00
  MONTH TO DATE    T                         0.39  -0.39     0.01
  SINCE OCT 1      T                         0.39  -0.39     0.01
  SINCE JAN 1     15.94                     12.29   3.65    10.17

DEGREE DAYS
 HEATING
  YESTERDAY        3                         4     -1        0
  MONTH TO DATE   14                        50    -36       30
  SINCE SEP 1     28                        65    -37       38
  SINCE JUL 1     28                        68    -40       38

 COOLING
  YESTERDAY        0                         1     -1        5
  MONTH TO DATE   60                        40     20       31
  SINCE SEP 1    262                       220     42      186
  SINCE JAN 1   1197                       833    364      982
..................................................................


WIND (MPH)
  RESULTANT WIND SPEED   6   RESULTANT WIND DIRECTION   W (260)
  HIGHEST WIND SPEED    18   HIGHEST WIND DIRECTION     W (250)
  HIGHEST GUST SPEED    24   HIGHEST GUST DIRECTION     W (260)
  AVERAGE WIND SPEED     7.2


SKY COVER
  POSSIBLE SUNSHINE  MM
  AVERAGE SKY COVER 0.9


WEATHER CONDITIONS
 THE FOLLOWING WEATHER WAS RECORDED YESTERDAY.
  FOG


RELATIVE HUMIDITY (PERCENT)
 HIGHEST    93           100 AM
 LOWEST     61           200 PM
 AVERAGE    77

..........................................................


THE RAMONA AIRPORT CA CLIMATE NORMALS FOR TODAY
                         NORMAL    RECORD    YEAR
 MAXIMUM TEMPERATURE (F)   78       100      2003
 MINIMUM TEMPERATURE (F)   47        37      2013


SUNRISE AND SUNSET
OCTOBER 21 2017.......SUNRISE   657 AM PDT   SUNSET   607 PM PDT
OCTOBER 22 2017.......SUNRISE   658 AM PDT   SUNSET   606 PM PDT


-  INDICATES NEGATIVE NUMBERS.
R  INDICATES RECORD WAS SET OR TIED.
MM INDICATES DATA IS MISSING.
T  INDICATES TRACE AMOUNT.




$$
