000
CDUS46 KSGX 231436
CLIRNM


CLIMATE REPORT
NATIONAL WEATHER SERVICE SAN DIEGO, CA
736 AM PDT THU MAR 23 2017


...................................

...THE RAMONA AIRPORT CA CLIMATE SUMMARY FOR MARCH 22 2017...

CLIMATE NORMAL PERIOD 1981 TO 2010
CLIMATE RECORD PERIOD 1974 TO 2017


WEATHER ITEM   OBSERVED TIME   RECORD YEAR NORMAL DEPARTURE LAST
                VALUE   (LST)  VALUE       VALUE  FROM      YEAR
                                                  NORMAL
..................................................................
TEMPERATURE (F)
 YESTERDAY
  MAXIMUM         63    257 PM  83    2008  67     -4       63
                                      2004
                                      1976
  MINIMUM         53    545 PM  28    2006  40     13       40
  AVERAGE         58                        53      5       52

PRECIPITATION (IN)
  YESTERDAY        0.01          0.76 1987   0.05  -0.04      T
  MONTH TO DATE    0.08                      2.58  -2.50     1.19
  SINCE OCT 1     21.57                     13.15   8.42    11.37
  SINCE JAN 1     14.55                      9.01   5.54     7.84

DEGREE DAYS
 HEATING
  YESTERDAY        7                        12     -5       13
  MONTH TO DATE  131                       272   -141      208
  SINCE MAR 1    131                       272   -141      208
  SINCE JUL 1   1566                      2013   -447     1711

 COOLING
  YESTERDAY        0                         0      0        0
  MONTH TO DATE    3                         0      3        0
  SINCE MAR 1      3                         0      3        0
  SINCE JAN 1      3                         1      2        5
..................................................................


WIND (MPH)
  RESULTANT WIND SPEED   7   RESULTANT WIND DIRECTION   W (260)
  HIGHEST WIND SPEED    18   HIGHEST WIND DIRECTION     W (280)
  HIGHEST GUST SPEED    24   HIGHEST GUST DIRECTION     W (280)
  AVERAGE WIND SPEED     8.6


SKY COVER
  POSSIBLE SUNSHINE  MM
  AVERAGE SKY COVER 0.8


WEATHER CONDITIONS
 THE FOLLOWING WEATHER WAS RECORDED YESTERDAY.
  LIGHT RAIN
  FOG


RELATIVE HUMIDITY (PERCENT)
 HIGHEST   100           400 AM
 LOWEST     56           300 PM
 AVERAGE    78

..........................................................


THE RAMONA AIRPORT CA CLIMATE NORMALS FOR TODAY
                         NORMAL    RECORD    YEAR
 MAXIMUM TEMPERATURE (F)   67        84      2008
 MINIMUM TEMPERATURE (F)   40        31      2011
                                             2009


SUNRISE AND SUNSET
MARCH 23 2017.........SUNRISE   647 AM PDT   SUNSET   702 PM PDT
MARCH 24 2017.........SUNRISE   646 AM PDT   SUNSET   702 PM PDT


-  INDICATES NEGATIVE NUMBERS.
R  INDICATES RECORD WAS SET OR TIED.
MM INDICATES DATA IS MISSING.
T  INDICATES TRACE AMOUNT.




$$
