000
CDUS46 KSGX 091519
CLIRNM


CLIMATE REPORT
NATIONAL WEATHER SERVICE SAN DIEGO, CA
718 AM PST FRI DEC 9 2016


...................................

...THE RAMONA AIRPORT CA CLIMATE SUMMARY FOR DECEMBER 8 2016...

CLIMATE NORMAL PERIOD 1981 TO 2010
CLIMATE RECORD PERIOD 1974 TO 2016


WEATHER ITEM   OBSERVED TIME   RECORD YEAR NORMAL DEPARTURE LAST
                VALUE   (LST)  VALUE       VALUE  FROM      YEAR
                                                  NORMAL
..................................................................
TEMPERATURE (F)
 YESTERDAY
  MAXIMUM         66    124 PM  87    1975  65      1       82
  MINIMUM         33    524 AM  23    2011  35     -2       39
  AVERAGE         50                        50      0       61

PRECIPITATION (IN)
  YESTERDAY        0.00          0.75 1997   0.05  -0.05     0.00
  MONTH TO DATE    0.00                      0.43  -0.43     0.00
  SINCE OCT 1      1.63                      2.34  -0.71     1.76
  SINCE JAN 1     11.79                     14.24  -2.45    10.48

DEGREE DAYS
 HEATING
  YESTERDAY       15                        15      0        4
  MONTH TO DATE  123                       117      6       77
  SINCE DEC 1    123                       117      6       77
  SINCE JUL 1    374                       528   -154      416

 COOLING
  YESTERDAY        0                         0      0        0
  MONTH TO DATE    0                         0      0        0
  SINCE DEC 1      0                         0      0        0
  SINCE JAN 1   1019                       850    169     1207
..................................................................


WIND (MPH)
  RESULTANT WIND SPEED   3   RESULTANT WIND DIRECTION   W (290)
  HIGHEST WIND SPEED    13   HIGHEST WIND DIRECTION     W (270)
  HIGHEST GUST SPEED    17   HIGHEST GUST DIRECTION     W (270)
  AVERAGE WIND SPEED     2.6


SKY COVER
  POSSIBLE SUNSHINE  MM
  AVERAGE SKY COVER 0.1


WEATHER CONDITIONS
 THE FOLLOWING WEATHER WAS RECORDED YESTERDAY.
  FOG
  FOG W/VISIBILITY <= 1/4 MILE
  HAZE


RELATIVE HUMIDITY (PERCENT)
 HIGHEST   100          1200 AM
 LOWEST     36          1100 AM
 AVERAGE    68

..........................................................


THE RAMONA AIRPORT CA CLIMATE NORMALS FOR TODAY
                         NORMAL    RECORD    YEAR
 MAXIMUM TEMPERATURE (F)   65        85      1975
 MINIMUM TEMPERATURE (F)   35        23      2013


SUNRISE AND SUNSET
DECEMBER  9 2016......SUNRISE   639 AM PST   SUNSET   441 PM PST
DECEMBER 10 2016......SUNRISE   640 AM PST   SUNSET   441 PM PST


-  INDICATES NEGATIVE NUMBERS.
R  INDICATES RECORD WAS SET OR TIED.
MM INDICATES DATA IS MISSING.
T  INDICATES TRACE AMOUNT.




$$
