000
CDUS45 KREV 060851
CLIRNO


CLIMATE REPORT
NATIONAL WEATHER SERVICE RENO NV
1251 AM PST TUE DEC 6 2016


...................................

...THE RENO TAHOE AIRPORT NV CLIMATE SUMMARY FOR DECEMBER 5 2016...

CLIMATE NORMAL PERIOD 1981 TO 2010
CLIMATE RECORD PERIOD 1888 TO 2016


WEATHER ITEM   OBSERVED TIME   RECORD YEAR NORMAL DEPARTURE LAST
                VALUE   (LST)  VALUE       VALUE  FROM      YEAR
                                                  NORMAL
..................................................................
TEMPERATURE (F)
 YESTERDAY
  MAXIMUM         50    351 PM  67    1958  47      3       44
  MINIMUM         26    555 AM -12    1972  26      0       23
  AVERAGE         38                        37      1       34

PRECIPITATION (IN)
  YESTERDAY        0.00          0.50 1966   0.03  -0.03     0.00
  MONTH TO DATE    T                         0.15  -0.15      T
  SINCE OCT 1      2.58                      1.48   1.10     3.20
  SINCE JAN 1      7.83                      6.52   1.31     7.77

SNOWFALL (IN)
  YESTERDAY        0.0           7.4  1919   0.2   -0.2      0.0
  MONTH TO DATE    T                         0.6   -0.6      0.0
  SINCE DEC 1      T                         0.6   -0.6      0.0
  SINCE JUL 1      0.6                       4.1   -3.5      5.1
  SNOW DEPTH       0

DEGREE DAYS
 HEATING
  YESTERDAY       27                        28     -1       31
  MONTH TO DATE  139                       139      0      129
  SINCE DEC 1    139                       139      0      129
  SINCE JUL 1   1017                      1242   -225     1122

 COOLING
  YESTERDAY        0                         0      0        0
  MONTH TO DATE    0                         0      0        0
  SINCE DEC 1      0                         0      0        0
  SINCE JAN 1   1088                       839    249     1194
..................................................................


WIND (MPH)
  RESULTANT WIND SPEED   2   RESULTANT WIND DIRECTION  NW (310)
  HIGHEST WIND SPEED    18   HIGHEST WIND DIRECTION    NW (300)
  HIGHEST GUST SPEED    26   HIGHEST GUST DIRECTION    NW (300)
  AVERAGE WIND SPEED     5.6



WEATHER CONDITIONS
 THE FOLLOWING WEATHER WAS RECORDED YESTERDAY.
  NO SIGNIFICANT WEATHER WAS OBSERVED.


RELATIVE HUMIDITY (PERCENT)
 HIGHEST    75           600 AM
 LOWEST     17           500 PM
 AVERAGE    46

..........................................................


THE RENO TAHOE AIRPORT NV CLIMATE NORMALS FOR TODAY
                         NORMAL    RECORD    YEAR
 MAXIMUM TEMPERATURE (F)   47        67      1939
 MINIMUM TEMPERATURE (F)   26         7      1919


SUNRISE AND SUNSET
DECEMBER  6 2016......SUNRISE   706 AM PST   SUNSET   435 PM PST
DECEMBER  7 2016......SUNRISE   706 AM PST   SUNSET   435 PM PST


-  INDICATES NEGATIVE NUMBERS.
R  INDICATES RECORD WAS SET OR TIED.
MM INDICATES DATA IS MISSING.
T  INDICATES TRACE AMOUNT.




$$
