000
CDUS45 KREV 190846
CLIRNO


CLIMATE REPORT
NATIONAL WEATHER SERVICE RENO NV
1246 AM PST FRI JAN 19 2018


...................................

...THE RENO-TAHOE INTL AIRPORT NV CLIMATE SUMMARY FOR JANUARY 18 2018...

CLIMATE NORMAL PERIOD 1981 TO 2010
CLIMATE RECORD PERIOD 1888 TO 2018


WEATHER ITEM   OBSERVED TIME   RECORD YEAR NORMAL DEPARTURE LAST
                VALUE   (LST)  VALUE       VALUE  FROM      YEAR
                                                  NORMAL
..................................................................
TEMPERATURE (F)
 YESTERDAY
  MAXIMUM         65    152 PM  66    2015  46     19       47
                                      1971
  MINIMUM         41    234 AM  -4    1949  26     15       30
                                      1910
  AVERAGE         53                        36     17       39

PRECIPITATION (IN)
  YESTERDAY        0.01          0.77 1951   0.03  -0.02     0.12
  MONTH TO DATE    0.54                      0.66  -0.12     4.68
  SINCE OCT 1      2.11                      3.02  -0.91     8.47
  SINCE JAN 1      0.54                      0.66  -0.12     4.68

SNOWFALL (IN)
  YESTERDAY        0.0           7.4  1951   0.2   -0.2       T
  MONTH TO DATE    0.0                       4.0   -4.0      9.4
  SINCE DEC 1      1.0                       8.9   -7.9     10.2
  SINCE JUL 1      1.0                      12.4  -11.4     10.8
  SNOW DEPTH       0

DEGREE DAYS
 HEATING
  YESTERDAY       12                        29    -17       26
  MONTH TO DATE  376                       540   -164      566
  SINCE DEC 1   1254                      1461   -207     1429
  SINCE JUL 1   2194                      2564   -370     2307

 COOLING
  YESTERDAY        0                         0      0        0
  MONTH TO DATE    0                         0      0        0
  SINCE DEC 1      0                         0      0        0
  SINCE JAN 1      0                         0      0        0
..................................................................


WIND (MPH)
  RESULTANT WIND SPEED  14   RESULTANT WIND DIRECTION   S (200)
  HIGHEST WIND SPEED    37   HIGHEST WIND DIRECTION    SW (220)
  HIGHEST GUST SPEED    50   HIGHEST GUST DIRECTION    SW (220)
  AVERAGE WIND SPEED    16.3



WEATHER CONDITIONS
 THE FOLLOWING WEATHER WAS RECORDED YESTERDAY.
  LIGHT RAIN


RELATIVE HUMIDITY (PERCENT)
 HIGHEST    83           900 PM
 LOWEST     28           200 PM
 AVERAGE    56

..........................................................


THE RENO-TAHOE INTL AIRPORT NV CLIMATE NORMALS FOR TODAY
                         NORMAL    RECORD    YEAR
 MAXIMUM TEMPERATURE (F)   46        67      1986
 MINIMUM TEMPERATURE (F)   26        -4      1952
                                             1890


SUNRISE AND SUNSET
JANUARY 19 2018.......SUNRISE   716 AM PST   SUNSET   504 PM PST
JANUARY 20 2018.......SUNRISE   715 AM PST   SUNSET   505 PM PST


-  INDICATES NEGATIVE NUMBERS.
R  INDICATES RECORD WAS SET OR TIED.
MM INDICATES DATA IS MISSING.
T  INDICATES TRACE AMOUNT.




$$
