741
CDUS45 KREV 270836
CLIRNO


CLIMATE REPORT
NATIONAL WEATHER SERVICE RENO NV
135 AM PDT TUE SEP 27 2016


...................................

...THE RENO TAHOE AIRPORT NV CLIMATE SUMMARY FOR SEPTEMBER 26 2016...

CLIMATE NORMAL PERIOD 1981 TO 2010
CLIMATE RECORD PERIOD 1888 TO 2016


WEATHER ITEM   OBSERVED TIME   RECORD YEAR NORMAL DEPARTURE LAST
                VALUE   (LST)  VALUE       VALUE  FROM      YEAR
                                                  NORMAL
..................................................................
TEMPERATURE (F)
 YESTERDAY
  MAXIMUM         87    342 PM  93    2009  78      9       90
  MINIMUM         48    627 AM  23    1970  45      3       60
  AVERAGE         68                        62      6       75

PRECIPITATION (IN)
  YESTERDAY        0.00          0.42 1998   0.01  -0.01     0.00
  MONTH TO DATE    T                         0.28  -0.28      T
  SINCE OCT 1      9.20                      7.33   1.87     5.83
  SINCE JAN 1      5.25                      4.97   0.28     4.41

SNOWFALL (IN)
  YESTERDAY        0.0           T    2013   0.1   -0.1      0.0
  MONTH TO DATE    0.0                       0.1   -0.1      0.0
  SINCE SEP 1      0.0                       0.1   -0.1      0.0
  SINCE JUL 1      0.0                       0.1   -0.1      0.0
  SNOW DEPTH       0

DEGREE DAYS
 HEATING
  YESTERDAY        0                         5     -5        0
  MONTH TO DATE   43                        60    -17       21
  SINCE SEP 1     43                        60    -17       21
  SINCE JUL 1     43                        70    -27       22

 COOLING
  YESTERDAY        3                         1      2       10
  MONTH TO DATE   79                        83     -4      145
  SINCE SEP 1     79                        83     -4      145
  SINCE JAN 1   1072                       829    243     1139
..................................................................


WIND (MPH)
  RESULTANT WIND SPEED   1   RESULTANT WIND DIRECTION  SE (120)
  HIGHEST WIND SPEED    12   HIGHEST WIND DIRECTION     E (90)
  HIGHEST GUST SPEED    14   HIGHEST GUST DIRECTION     E (110)
  AVERAGE WIND SPEED     2.6



WEATHER CONDITIONS
 THE FOLLOWING WEATHER WAS RECORDED YESTERDAY.
  NO SIGNIFICANT WEATHER WAS OBSERVED.


RELATIVE HUMIDITY (PERCENT)
 HIGHEST    50           500 AM
 LOWEST     11           300 PM
 AVERAGE    31

..........................................................


THE RENO TAHOE AIRPORT NV CLIMATE NORMALS FOR TODAY
                         NORMAL    RECORD    YEAR
 MAXIMUM TEMPERATURE (F)   78        94      2010
 MINIMUM TEMPERATURE (F)   45        25      1945


SUNRISE AND SUNSET
SEPTEMBER 27 2016.....SUNRISE   652 AM PDT   SUNSET   647 PM PDT
SEPTEMBER 28 2016.....SUNRISE   653 AM PDT   SUNSET   645 PM PDT


-  INDICATES NEGATIVE NUMBERS.
R  INDICATES RECORD WAS SET OR TIED.
MM INDICATES DATA IS MISSING.
T  INDICATES TRACE AMOUNT.




$$
