000
CDUS45 KREV 190855
CLIRNO


CLIMATE REPORT
NATIONAL WEATHER SERVICE RENO NV
1255 AM PST SUN NOV 19 2017


...................................

...THE RENO-TAHOE INTL AIRPORT NV CLIMATE SUMMARY FOR NOVEMBER 18 2017...

CLIMATE NORMAL PERIOD 1981 TO 2010
CLIMATE RECORD PERIOD 1888 TO 2017


WEATHER ITEM   OBSERVED TIME   RECORD YEAR NORMAL DEPARTURE LAST
                VALUE   (LST)  VALUE       VALUE  FROM      YEAR
                                                  NORMAL
..................................................................
TEMPERATURE (F)
 YESTERDAY
  MAXIMUM         50    327 PM  70    2008  54     -4       54
                                      2007
  MINIMUM         25    711 AM   8    1975  30     -5       26
                                      1964
  AVERAGE         38                        42     -4       40

PRECIPITATION (IN)
  YESTERDAY        0.00          0.77 1950   0.03  -0.03     0.00
  MONTH TO DATE    0.97                      0.45   0.52      T
  SINCE OCT 1      1.25                      0.96   0.29     2.43
  SINCE JAN 1     13.41                      6.00   7.41     7.68

SNOWFALL (IN)
  YESTERDAY        0.0           1.6  1994   0.1   -0.1      0.0
  MONTH TO DATE    T                         1.6   -1.6       T
  SINCE SEP 1      T                         2.0   -2.0       T
  SINCE JUL 1      T                         2.0   -2.0       T
  SNOW DEPTH       0

DEGREE DAYS
 HEATING
  YESTERDAY       27                        23      4       25
  MONTH TO DATE  301                       363    -62      255
  SINCE SEP 1    758                       789    -31      584
  SINCE JUL 1    758                       799    -41      584

 COOLING
  YESTERDAY        0                         0      0        0
  MONTH TO DATE    0                         0      0        0
  SINCE SEP 1    151                        93     58       95
  SINCE JAN 1   1401                       839    562     1088
..................................................................


WIND (MPH)
  RESULTANT WIND SPEED   1   RESULTANT WIND DIRECTION   E (100)
  HIGHEST WIND SPEED     7   HIGHEST WIND DIRECTION     E (70)
  HIGHEST GUST SPEED    11   HIGHEST GUST DIRECTION    NW (300)
  AVERAGE WIND SPEED     1.4



WEATHER CONDITIONS
 THE FOLLOWING WEATHER WAS RECORDED YESTERDAY.
  NO SIGNIFICANT WEATHER WAS OBSERVED.


RELATIVE HUMIDITY (PERCENT)
 HIGHEST    88           700 AM
 LOWEST     42           100 PM
 AVERAGE    65

..........................................................


THE RENO-TAHOE INTL AIRPORT NV CLIMATE NORMALS FOR TODAY
                         NORMAL    RECORD    YEAR
 MAXIMUM TEMPERATURE (F)   53        72      1932
 MINIMUM TEMPERATURE (F)   30         3      1994


SUNRISE AND SUNSET
NOVEMBER 19 2017......SUNRISE   648 AM PST   SUNSET   441 PM PST
NOVEMBER 20 2017......SUNRISE   649 AM PST   SUNSET   440 PM PST


-  INDICATES NEGATIVE NUMBERS.
R  INDICATES RECORD WAS SET OR TIED.
MM INDICATES DATA IS MISSING.
T  INDICATES TRACE AMOUNT.




$$
