292
CDUS45 KREV 290836
CLIRNO


CLIMATE REPORT
NATIONAL WEATHER SERVICE RENO NV
136 AM PDT SUN MAY 29 2016


...................................

...THE RENO TAHOE AIRPORT NV CLIMATE SUMMARY FOR MAY 28 2016...

CLIMATE NORMAL PERIOD 1981 TO 2010
CLIMATE RECORD PERIOD 1888 TO 2016


WEATHER ITEM   OBSERVED TIME   RECORD YEAR NORMAL DEPARTURE LAST
                VALUE   (LST)  VALUE       VALUE  FROM      YEAR
                                                  NORMAL
..................................................................
TEMPERATURE (F)
 YESTERDAY
  MAXIMUM         79    257 PM  97    2003  77      2       84
  MINIMUM         49    531 AM  31    1982  48      1       51
                                      1977
                                      1895
  AVERAGE         64                        63      1       68

PRECIPITATION (IN)
  YESTERDAY        0.00          0.93 1919   0.01  -0.01     0.00
  MONTH TO DATE    1.16                      0.44   0.72     1.01
  SINCE OCT 1      9.16                      6.08   3.08     4.28
  SINCE JAN 1      5.21                      3.72   1.49     2.86

SNOWFALL (IN)
  YESTERDAY        0.0           T    2011   0.0    0.0      0.0
                                      1942
  MONTH TO DATE    0.2                       0.3   -0.1       T
  SINCE MAR 1      7.0                       2.8    4.2       T
  SINCE JUL 1     31.1                      21.8    9.3      2.7
  SNOW DEPTH       0

DEGREE DAYS
 HEATING
  YESTERDAY        1                         4     -3        0
  MONTH TO DATE  172                       194    -22      185
  SINCE MAR 1    980                      1218   -238      953
  SINCE JUL 1   4317                      4856   -539     3818

 COOLING
  YESTERDAY        0                         2     -2        3
  MONTH TO DATE   12                        28    -16        7
  SINCE MAR 1     12                        29    -17        7
  SINCE JAN 1     12                        29    -17        7
..................................................................


WIND (MPH)
  RESULTANT WIND SPEED   3   RESULTANT WIND DIRECTION   S (190)
  HIGHEST WIND SPEED    30   HIGHEST WIND DIRECTION     S (200)
  HIGHEST GUST SPEED    35   HIGHEST GUST DIRECTION     S (200)
  AVERAGE WIND SPEED     5.4



WEATHER CONDITIONS
 THE FOLLOWING WEATHER WAS RECORDED YESTERDAY.
  NO SIGNIFICANT WEATHER WAS OBSERVED.


RELATIVE HUMIDITY (PERCENT)
 HIGHEST    61           500 AM
 LOWEST     17           300 PM
 AVERAGE    39

..........................................................


THE RENO TAHOE AIRPORT NV CLIMATE NORMALS FOR TODAY
                         NORMAL    RECORD    YEAR
 MAXIMUM TEMPERATURE (F)   78        96      1986
 MINIMUM TEMPERATURE (F)   49        28      1895


SUNRISE AND SUNSET
MAY 29 2016...........SUNRISE   535 AM PDT   SUNSET   819 PM PDT
MAY 30 2016...........SUNRISE   535 AM PDT   SUNSET   819 PM PDT


-  INDICATES NEGATIVE NUMBERS.
R  INDICATES RECORD WAS SET OR TIED.
MM INDICATES DATA IS MISSING.
T  INDICATES TRACE AMOUNT.




$$
