000
CDUS45 KREV 120854
CLIRNO


CLIMATE REPORT
NATIONAL WEATHER SERVICE RENO NV
1254 AM PST FRI FEB 12 2016


...................................

...THE RENO TAHOE AIRPORT NV CLIMATE SUMMARY FOR FEBRUARY 11 2016...

CLIMATE NORMAL PERIOD 1981 TO 2010
CLIMATE RECORD PERIOD 1888 TO 2016


WEATHER ITEM   OBSERVED TIME   RECORD YEAR NORMAL DEPARTURE LAST
                VALUE   (LST)  VALUE       VALUE  FROM      YEAR
                                                  NORMAL
..................................................................
TEMPERATURE (F)
 YESTERDAY
  MAXIMUM         58    459 PM  68    1921  50      8       60
  MINIMUM         31    706 AM  -6    1901  28      3       30
  AVERAGE         45                        39      6       45

PRECIPITATION (IN)
  YESTERDAY        0.00          1.10 1938   0.03  -0.03     0.00
  MONTH TO DATE    0.00                      0.36  -0.36     1.21
  SINCE OCT 1      5.65                      3.75   1.90     2.69
  SINCE JAN 1      1.70                      1.39   0.31     1.27

SNOWFALL (IN)
  YESTERDAY        0.0           7.7  1922   0.2   -0.2      0.0
  MONTH TO DATE    0.0                       1.8   -1.8      0.0
  SINCE DEC 1     17.8                      12.3    5.5      2.2
  SINCE JUL 1     22.9                      15.8    7.1      2.2
  SNOW DEPTH       0

DEGREE DAYS
 HEATING
  YESTERDAY       20                        26     -6       20
  MONTH TO DATE  311                       295     16      193
  SINCE DEC 1   2046                      2129    -83     1716
  SINCE JUL 1   3039                      3232   -193     2541

 COOLING
  YESTERDAY        0                         0      0        0
  MONTH TO DATE    0                         0      0        0
  SINCE DEC 1      0                         0      0        0
  SINCE JAN 1      0                         0      0        0
..................................................................


WIND (MPH)
  RESULTANT WIND SPEED   0   RESULTANT WIND DIRECTION   E (110)
  HIGHEST WIND SPEED     6   HIGHEST WIND DIRECTION    NW (310)
  HIGHEST GUST SPEED    12   HIGHEST GUST DIRECTION     W (280)
  AVERAGE WIND SPEED     0.6



WEATHER CONDITIONS
 THE FOLLOWING WEATHER WAS RECORDED YESTERDAY.
  HAZE


RELATIVE HUMIDITY (PERCENT)
 HIGHEST    85           700 AM
 LOWEST     36           400 PM
 AVERAGE    61

..........................................................


THE RENO TAHOE AIRPORT NV CLIMATE NORMALS FOR TODAY
                         NORMAL    RECORD    YEAR
 MAXIMUM TEMPERATURE (F)   50        67      2015
                                             2014
                                             1924
 MINIMUM TEMPERATURE (F)   28        -5      1949


SUNRISE AND SUNSET
FEBRUARY 12 2016......SUNRISE   655 AM PST   SUNSET   532 PM PST
FEBRUARY 13 2016......SUNRISE   654 AM PST   SUNSET   533 PM PST


-  INDICATES NEGATIVE NUMBERS.
R  INDICATES RECORD WAS SET OR TIED.
MM INDICATES DATA IS MISSING.
T  INDICATES TRACE AMOUNT.




$$
