000
CDUS45 KREV 280844
CLIRNO


CLIMATE REPORT
NATIONAL WEATHER SERVICE RENO NV
142 AM PDT THU APR 28 2016


...................................

...THE RENO TAHOE AIRPORT NV CLIMATE SUMMARY FOR APRIL 27 2016...

CLIMATE NORMAL PERIOD 1981 TO 2010
CLIMATE RECORD PERIOD 1888 TO 2016


WEATHER ITEM   OBSERVED TIME   RECORD YEAR NORMAL DEPARTURE LAST
                VALUE   (LST)  VALUE       VALUE  FROM      YEAR
                                                  NORMAL
..................................................................
TEMPERATURE (F)
 YESTERDAY
  MAXIMUM         59    326 PM  84    2013  67     -8       71
                                      2004
                                      1987
  MINIMUM         42    534 AM  17    1955  40      2       40
  AVERAGE         51                        54     -3       56

PRECIPITATION (IN)
  YESTERDAY        0.02          0.21 1953   0.01   0.01     0.00
  MONTH TO DATE    0.80                      0.42   0.38     0.35
  SINCE OCT 1      7.84                      5.59   2.25     3.27
  SINCE JAN 1      3.89                      3.23   0.66     1.85

SNOWFALL (IN)
  YESTERDAY        0.0           0.2  1970   0.0    0.0      0.0
  MONTH TO DATE    T                         0.5   -0.5       T
  SINCE MAR 1      6.8                       2.5    4.3       T
  SINCE JUL 1     30.9                      21.5    9.4      2.7
  SNOW DEPTH       0

DEGREE DAYS
 HEATING
  YESTERDAY       14                        11      3        9
  MONTH TO DATE  262                       394   -132      368
  SINCE MAR 1    773                       992   -219      762
  SINCE JUL 1   4110                      4630   -520     3627

 COOLING
  YESTERDAY        0                         0      0        0
  MONTH TO DATE    0                         0      0        0
  SINCE MAR 1      0                         0      0        0
  SINCE JAN 1      0                         0      0        0
..................................................................


WIND (MPH)
  RESULTANT WIND SPEED   3   RESULTANT WIND DIRECTION  NW (300)
  HIGHEST WIND SPEED    22   HIGHEST WIND DIRECTION     N (350)
  HIGHEST GUST SPEED    28   HIGHEST GUST DIRECTION    NW (300)
  AVERAGE WIND SPEED     6.4



WEATHER CONDITIONS
 THE FOLLOWING WEATHER WAS RECORDED YESTERDAY.
  LIGHT RAIN


RELATIVE HUMIDITY (PERCENT)
 HIGHEST    76           400 AM
 LOWEST     28           300 PM
 AVERAGE    52

..........................................................


THE RENO TAHOE AIRPORT NV CLIMATE NORMALS FOR TODAY
                         NORMAL    RECORD    YEAR
 MAXIMUM TEMPERATURE (F)   68        86      2007
 MINIMUM TEMPERATURE (F)   41        20      1968
                                             1967


SUNRISE AND SUNSET
APRIL 28 2016.........SUNRISE   603 AM PDT   SUNSET   750 PM PDT
APRIL 29 2016.........SUNRISE   602 AM PDT   SUNSET   751 PM PDT


-  INDICATES NEGATIVE NUMBERS.
R  INDICATES RECORD WAS SET OR TIED.
MM INDICATES DATA IS MISSING.
T  INDICATES TRACE AMOUNT.




$$
