000
CDUS41 KRNK 300758
CLIROA


CLIMATE REPORT
NATIONAL WEATHER SERVICE BLACKSBURG VA
354 AM EDT SAT MAY 30 2015


...................................

...THE ROANOKE VA CLIMATE SUMMARY FOR MAY 29 2015...

CLIMATE NORMAL PERIOD 1981 TO 2010
CLIMATE RECORD PERIOD 1912 TO 2015


WEATHER ITEM   OBSERVED TIME   RECORD YEAR NORMAL DEPARTURE LAST
                VALUE   (LST)  VALUE       VALUE  FROM      YEAR
                                                  NORMAL
..................................................................
TEMPERATURE (F)
 YESTERDAY
  MAXIMUM         86    407 PM  97    1941  79      7       71
  MINIMUM         65    525 AM  40    1949  57      8       63
  AVERAGE         76                        68      8       67

PRECIPITATION (IN)
  YESTERDAY        0.04          3.89 1976   0.15  -0.11     0.17
  MONTH TO DATE    1.13                      3.77  -2.64     2.38
  SINCE MAR 1     10.44                     10.60  -0.16     9.32
  SINCE JAN 1     14.36                     16.41  -2.05    15.60

SNOWFALL (IN)
  YESTERDAY        0.0                                       0.0
  MONTH TO DATE    0.0                                       0.0
  SINCE MAR 1      1.9                                       5.6
  SINCE JUL 1     21.7                                      28.0
  SNOW DEPTH       0

DEGREE DAYS
 HEATING
  YESTERDAY        0                         1     -1        0
  MONTH TO DATE   35                        98    -63       54
  SINCE MAR 1    815                       925   -110      964
  SINCE JUL 1   4244                      4130    114     4366

 COOLING
  YESTERDAY       11                         4      7        2
  MONTH TO DATE  144                        77     67      123
  SINCE MAR 1    150                       106     44      135
  SINCE JAN 1    150                       106     44      135
..................................................................


WIND (MPH)
  HIGHEST WIND SPEED    23   HIGHEST WIND DIRECTION     S (170)
  HIGHEST GUST SPEED    29   HIGHEST GUST DIRECTION     S (180)
  AVERAGE WIND SPEED     3.5


SKY COVER
  AVERAGE SKY COVER 0.5


WEATHER CONDITIONS
 THE FOLLOWING WEATHER WAS RECORDED YESTERDAY.
  THUNDERSTORM
  LIGHT RAIN


RELATIVE HUMIDITY (PERCENT)
 HIGHEST    93           300 AM
 LOWEST     48           400 PM
 AVERAGE    71

..........................................................


THE ROANOKE VA CLIMATE NORMALS FOR TODAY
                         NORMAL    RECORD    YEAR
 MAXIMUM TEMPERATURE (F)   79        94      2011
                                             1931
 MINIMUM TEMPERATURE (F)   58        41      1932


SUNRISE AND SUNSET
MAY 30 2015...........SUNRISE   602 AM EDT   SUNSET   833 PM EDT
MAY 31 2015...........SUNRISE   601 AM EDT   SUNSET   834 PM EDT


-  INDICATES NEGATIVE NUMBERS.
R  INDICATES RECORD WAS SET OR TIED.
MM INDICATES DATA IS MISSING.
T  INDICATES TRACE AMOUNT.




$$
