000
CDUS41 KRNK 090829
CLIROA


CLIMATE REPORT
NATIONAL WEATHER SERVICE BLACKSBURG VA
329 AM EST TUE FEB 9 2016


...................................

...THE ROANOKE VA CLIMATE SUMMARY FOR FEBRUARY 8 2016...

CLIMATE NORMAL PERIOD 1981 TO 2010
CLIMATE RECORD PERIOD 1912 TO 2016


WEATHER ITEM   OBSERVED TIME   RECORD YEAR NORMAL DEPARTURE LAST
                VALUE   (LST)  VALUE       VALUE  FROM      YEAR
                                                  NORMAL
..................................................................
TEMPERATURE (F)
 YESTERDAY
  MAXIMUM         44    225 PM  73    1925  48     -4       69
  MINIMUM         25    748 AM  -1    1936  29     -4       37
  AVERAGE         35                        38     -3       53

PRECIPITATION (IN)
  YESTERDAY        0.02          0.79 1997   0.10  -0.08     0.00
  MONTH TO DATE    1.25                      0.82   0.43     0.16
  SINCE DEC 1      8.79                      6.68   2.11     4.01
  SINCE JAN 1      4.24                      3.74   0.50     1.47

SNOWFALL (IN)
  YESTERDAY       MM                                         0.0
  MONTH TO DATE    T                                          T
  SINCE DEC 1     13.5                                       0.2
  SINCE JUL 1     13.5                                       0.7
  SNOW DEPTH       0

DEGREE DAYS
 HEATING
  YESTERDAY       30                        27      3       12
  MONTH TO DATE  193                       218    -25      206
  SINCE DEC 1   1624                      1906   -282     1800
  SINCE JUL 1   2266                      2710   -444     2678

 COOLING
  YESTERDAY        0                         0      0        0
  MONTH TO DATE    0                         0      0        0
  SINCE DEC 1      0                         0      0        0
  SINCE JAN 1      0                         0      0        0
..................................................................


WIND (MPH)
  HIGHEST WIND SPEED    16   HIGHEST WIND DIRECTION     S (170)
  HIGHEST GUST SPEED    21   HIGHEST GUST DIRECTION     S (170)
  AVERAGE WIND SPEED     3.8


SKY COVER
  AVERAGE SKY COVER 0.5


WEATHER CONDITIONS
 THE FOLLOWING WEATHER WAS RECORDED YESTERDAY.
  LIGHT RAIN
  FOG


RELATIVE HUMIDITY (PERCENT)
 HIGHEST    92           500 PM
 LOWEST     49           200 PM
 AVERAGE    71

..........................................................


THE ROANOKE VA CLIMATE NORMALS FOR TODAY
                         NORMAL    RECORD    YEAR
 MAXIMUM TEMPERATURE (F)   48        72      2001
 MINIMUM TEMPERATURE (F)   29         8      1933


SUNRISE AND SUNSET
FEBRUARY  9 2016......SUNRISE   716 AM EST   SUNSET   553 PM EST
FEBRUARY 10 2016......SUNRISE   715 AM EST   SUNSET   554 PM EST


-  INDICATES NEGATIVE NUMBERS.
R  INDICATES RECORD WAS SET OR TIED.
MM INDICATES DATA IS MISSING.
T  INDICATES TRACE AMOUNT.




$$
