317
CDUS41 KRNK 270846
CLIROA


CLIMATE REPORT
NATIONAL WEATHER SERVICE BLACKSBURG VA
442 AM EDT SAT MAY 27 2017


...................................

...THE ROANOKE VA CLIMATE SUMMARY FOR MAY 26 2017...

CLIMATE NORMAL PERIOD 1981 TO 2010
CLIMATE RECORD PERIOD 1912 TO 2017


WEATHER ITEM   OBSERVED TIME   RECORD YEAR NORMAL DEPARTURE LAST
                VALUE   (LST)  VALUE       VALUE  FROM      YEAR
                                                  NORMAL
..................................................................
TEMPERATURE (F)
 YESTERDAY
  MAXIMUM         78    510 PM  94    1933  78      0       85
  MINIMUM         59   1153 PM  40    1988  56      3       64
                                      1930
  AVERAGE         69                        67      2       75

PRECIPITATION (IN)
  YESTERDAY        T             1.34 2007   0.15  -0.15     0.04
  MONTH TO DATE    8.11                      3.32   4.79     5.70
  SINCE MAR 1     16.35                     10.15   6.20     9.08
  SINCE JAN 1     20.99                     15.96   5.03    17.31

SNOWFALL (IN)
  YESTERDAY        0.0                                       0.0
  MONTH TO DATE    T                                         0.0
  SINCE MAR 1      0.1                                       1.0
  SINCE JUL 1      4.6                                      23.0
  SNOW DEPTH       0

DEGREE DAYS
 HEATING
  YESTERDAY        0                         2     -2        0
  MONTH TO DATE   88                        93     -5       92
  SINCE MAR 1    745                       920   -175      671
  SINCE JUL 1   3209                      4125   -916     3505

 COOLING
  YESTERDAY        4                         4      0       10
  MONTH TO DATE   74                        65      9       37
  SINCE MAR 1    144                        94     50       86
  SINCE JAN 1    144                        94     50       86
..................................................................


WIND (MPH)
  HIGHEST WIND SPEED    35   HIGHEST WIND DIRECTION    NW (310)
  HIGHEST GUST SPEED    46   HIGHEST GUST DIRECTION    NW (310)
  AVERAGE WIND SPEED    11.2


SKY COVER
  AVERAGE SKY COVER 0.5


WEATHER CONDITIONS
 THE FOLLOWING WEATHER WAS RECORDED YESTERDAY.
  LIGHT RAIN


RELATIVE HUMIDITY (PERCENT)
 HIGHEST    78           100 AM
 LOWEST     38           100 PM
 AVERAGE    58

..........................................................


THE ROANOKE VA CLIMATE NORMALS FOR TODAY
                         NORMAL    RECORD    YEAR
 MAXIMUM TEMPERATURE (F)   78        95      1941
                                             1937
 MINIMUM TEMPERATURE (F)   57        34      1925


SUNRISE AND SUNSET
MAY 27 2017...........SUNRISE   603 AM EDT   SUNSET   832 PM EDT
MAY 28 2017...........SUNRISE   602 AM EDT   SUNSET   832 PM EDT


-  INDICATES NEGATIVE NUMBERS.
R  INDICATES RECORD WAS SET OR TIED.
MM INDICATES DATA IS MISSING.
T  INDICATES TRACE AMOUNT.

$$

RAB
