000
CDUS41 KRNK 251038
CLIROA


CLIMATE REPORT
NATIONAL WEATHER SERVICE BLACKSBURG VA
528 AM EST SUN JAN 25 2015


...................................

...THE ROANOKE VA CLIMATE SUMMARY FOR JANUARY 24 2015...

CLIMATE NORMAL PERIOD 1981 TO 2010
CLIMATE RECORD PERIOD 1912 TO 2015


WEATHER ITEM   OBSERVED TIME   RECORD YEAR NORMAL DEPARTURE LAST
                VALUE   (LST)  VALUE       VALUE  FROM      YEAR
                                                  NORMAL
..................................................................
TEMPERATURE (F)
 YESTERDAY
  MAXIMUM         43   1039 AM  74    1950  46     -3       24
  MINIMUM         33    643 AM  -4    1963  28      5        5
  AVERAGE         38                        37      1       15

PRECIPITATION (IN)
  YESTERDAY        0.06          1.34 2010   0.10  -0.04     0.00
  MONTH TO DATE    1.25                      2.26  -1.01     1.76
  SINCE DEC 1      3.79                      5.20  -1.41     6.14
  SINCE JAN 1      1.25                      2.26  -1.01     1.76

SNOWFALL (IN)
  YESTERDAY        0.0
  MONTH TO DATE    0.2
  SINCE DEC 1      0.2
  SINCE JUL 1      0.7
  SNOW DEPTH       0

DEGREE DAYS
 HEATING
  YESTERDAY       27                        28     -1       50
  MONTH TO DATE  689                       689      0      803
  SINCE DEC 1   1386                      1495   -109     1498
  SINCE JUL 1   2264                      2299    -35     2370

 COOLING
  YESTERDAY        0                         0      0        0
  MONTH TO DATE    0                         0      0        0
  SINCE DEC 1      0                         0      0        0
  SINCE JAN 1      0                         0      0        0
..................................................................


WIND (MPH)
  HIGHEST WIND SPEED    30   HIGHEST WIND DIRECTION    NW (300)
  HIGHEST GUST SPEED    43   HIGHEST GUST DIRECTION    NW (310)
  AVERAGE WIND SPEED    11.1


SKY COVER
  POSSIBLE SUNSHINE  MM
  AVERAGE SKY COVER 0.6


WEATHER CONDITIONS
 THE FOLLOWING WEATHER WAS RECORDED YESTERDAY.
  LIGHT RAIN
  FOG


RELATIVE HUMIDITY (PERCENT)
 HIGHEST    96           200 AM
 LOWEST     46           300 PM
 AVERAGE    71

..........................................................


THE ROANOKE VA CLIMATE NORMALS FOR TODAY
                         NORMAL    RECORD    YEAR
 MAXIMUM TEMPERATURE (F)   46        81      1943
 MINIMUM TEMPERATURE (F)   28         6      1963


SUNRISE AND SUNSET
JANUARY 25 2015.......SUNRISE   728 AM EST   SUNSET   536 PM EST
JANUARY 26 2015.......SUNRISE   728 AM EST   SUNSET   538 PM EST


-  INDICATES NEGATIVE NUMBERS.
R  INDICATES RECORD WAS SET OR TIED.
MM INDICATES DATA IS MISSING.
T  INDICATES TRACE AMOUNT.




$$
