000
CDUS41 KRNK 300912
CLIROA


CLIMATE REPORT
NATIONAL WEATHER SERVICE BLACKSBURG VA
509 AM EDT SAT AUG 30 2014


...................................

...THE ROANOKE VA CLIMATE SUMMARY FOR AUGUST 29 2014...

CLIMATE NORMAL PERIOD 1981 TO 2010
CLIMATE RECORD PERIOD 1912 TO 2014


WEATHER ITEM   OBSERVED TIME   RECORD YEAR NORMAL DEPARTURE LAST
                VALUE   (LST)  VALUE       VALUE  FROM      YEAR
                                                  NORMAL
..................................................................
TEMPERATURE (F)
 YESTERDAY
  MAXIMUM         78    522 PM 100    1953  84     -6       88
                                      1932
  MINIMUM         64    521 AM  42    1986  63      1       72
  AVERAGE         71                        74     -3       80

PRECIPITATION (IN)
  YESTERDAY        0.00          1.17 1942   0.12  -0.12     0.19
  MONTH TO DATE    6.53                      3.32   3.21     2.24
  SINCE JUN 1     12.98                     11.19   1.79    21.46
  SINCE JAN 1     28.58                     27.89   0.69    42.00

SNOWFALL (IN)
  YESTERDAY        0.0
  MONTH TO DATE    0.0
  SINCE JUN 1      0.0
  SINCE JUL 1      0.0
  SNOW DEPTH       0

DEGREE DAYS
 HEATING
  YESTERDAY        0                         0      0        0
  MONTH TO DATE    0                         0      0        1
  SINCE JUN 1      0                        11    -11        2
  SINCE JUL 1      0                         0      0        1

 COOLING
  YESTERDAY        6                         9     -3       15
  MONTH TO DATE  192                       305   -113      237
  SINCE JUN 1    793                       912   -119      885
  SINCE JAN 1    942                      1028    -86     1035
..................................................................


WIND (MPH)
  HIGHEST WIND SPEED    13   HIGHEST WIND DIRECTION     E (110)
  HIGHEST GUST SPEED    16   HIGHEST GUST DIRECTION     E (90)
  AVERAGE WIND SPEED     4.4


SKY COVER
  POSSIBLE SUNSHINE  MM
  AVERAGE SKY COVER 0.7


WEATHER CONDITIONS
 THE FOLLOWING WEATHER WAS RECORDED YESTERDAY.
  NO SIGNIFICANT WEATHER WAS OBSERVED.


RELATIVE HUMIDITY (PERCENT)
 HIGHEST    81           300 AM
 LOWEST     49           900 AM
 AVERAGE    65

..........................................................


THE ROANOKE VA CLIMATE NORMALS FOR TODAY
                         NORMAL    RECORD    YEAR
 MAXIMUM TEMPERATURE (F)   84       102      1932
 MINIMUM TEMPERATURE (F)   63        42      1986


SUNRISE AND SUNSET
AUGUST 30 2014........SUNRISE   649 AM EDT   SUNSET   752 PM EDT
AUGUST 31 2014........SUNRISE   650 AM EDT   SUNSET   750 PM EDT


-  INDICATES NEGATIVE NUMBERS.
R  INDICATES RECORD WAS SET OR TIED.
MM INDICATES DATA IS MISSING.
T  INDICATES TRACE AMOUNT.



$$
