000
CDUS41 KRNK 212219
CLIROA


CLIMATE REPORT
NATIONAL WEATHER SERVICE BLACKSBURG VA
516 PM EST FRI NOV 21 2014


...................................

...THE ROANOKE VA CLIMATE SUMMARY FOR NOVEMBER 21 2014...
VALID TODAY AS OF 0500 PM LOCAL TIME.

CLIMATE NORMAL PERIOD 1981 TO 2010
CLIMATE RECORD PERIOD 1912 TO 2014


WEATHER ITEM   OBSERVED TIME   RECORD YEAR NORMAL DEPARTURE LAST
                VALUE   (LST)  VALUE       VALUE  FROM      YEAR
                                                  NORMAL
..................................................................
TEMPERATURE (F)
 TODAY
  MAXIMUM         42    300 PM  75    1942  56    -14       50
                                      1913
  MINIMUM         26        MM  16    1951  36    -10       39
  AVERAGE         34                        46    -12       45

PRECIPITATION (IN)
  TODAY            0.00          0.96 2005   0.11  -0.11     0.00
  MONTH TO DATE    1.23                      2.39  -1.16     0.63
  SINCE SEP 1      6.02                      9.17  -3.15     4.30
  SINCE JAN 1     34.60                     37.30  -2.70    46.61

SNOWFALL (IN)
  TODAY            0.0
  MONTH TO DATE    T
  SINCE SEP 1      T
  SINCE JUL 1      T
  SNOW DEPTH       0

DEGREE DAYS
 HEATING
  TODAY           31                        19     12       20
  MONTH TO DATE  445                       322    123      366
  SINCE SEP 1    669                       618     51      613
  SINCE JUL 1    669                       619     50      614

 COOLING
  TODAY            0                         0      0        0
  MONTH TO DATE    0                         0      0        2
  SINCE SEP 1    158                       160     -2      167
  SINCE JAN 1   1128                      1207    -79     1227
..................................................................


WIND (MPH)
  HIGHEST WIND SPEED    20   HIGHEST WIND DIRECTION    NW (300)
  HIGHEST GUST SPEED    32   HIGHEST GUST DIRECTION    NW (300)
  AVERAGE WIND SPEED    10.7


SKY COVER
  POSSIBLE SUNSHINE  MM
  AVERAGE SKY COVER 0.0


WEATHER CONDITIONS
 THE FOLLOWING WEATHER WAS RECORDED TODAY.
  NO SIGNIFICANT WEATHER WAS OBSERVED.


RELATIVE HUMIDITY (PERCENT)
 HIGHEST    47           400 AM
 LOWEST     18           400 PM
 AVERAGE    33

..........................................................


THE ROANOKE VA CLIMATE NORMALS FOR TOMORROW
                         NORMAL    RECORD    YEAR
 MAXIMUM TEMPERATURE (F)   56        77      1940
 MINIMUM TEMPERATURE (F)   36        17      1964


SUNRISE AND SUNSET
NOVEMBER 21 2014......SUNRISE   705 AM EST   SUNSET   506 PM EST
NOVEMBER 22 2014......SUNRISE   706 AM EST   SUNSET   505 PM EST


-  INDICATES NEGATIVE NUMBERS.
R  INDICATES RECORD WAS SET OR TIED.
MM INDICATES DATA IS MISSING.
T  INDICATES TRACE AMOUNT.




$$
