000
CDUS41 KRNK 252105
CLIROA


CLIMATE REPORT
NATIONAL WEATHER SERVICE BLACKSBURG VA
504 PM EDT MON SEP 25 2017


...................................

...THE ROANOKE VA CLIMATE SUMMARY FOR SEPTEMBER 25 2017...
VALID TODAY AS OF 0500 PM LOCAL TIME.

CLIMATE NORMAL PERIOD 1981 TO 2010
CLIMATE RECORD PERIOD 1912 TO 2017


WEATHER ITEM   OBSERVED TIME   RECORD YEAR NORMAL DEPARTURE LAST
                VALUE   (LST)  VALUE       VALUE  FROM      YEAR
                                                  NORMAL
..................................................................
TEMPERATURE (F)
 TODAY
  MAXIMUM         86    358 PM  97    1930  75     11       72
  MINIMUM         62    623 AM  35    1983  54      8       65
                                      1963
  AVERAGE         74                        64     10       69

PRECIPITATION (IN)
  TODAY            0.00          1.16 2000   0.12  -0.12     0.00
  MONTH TO DATE    2.38                      3.31  -0.93     1.16
  SINCE SEP 1      2.38                      3.31  -0.93     1.16
  SINCE JAN 1     32.28                     31.44   0.84    34.93

SNOWFALL (IN)
  TODAY            0.0                                       0.0
  MONTH TO DATE    0.0                                       0.0
  SINCE SEP 1      0.0                                       0.0
  SINCE JUL 1      0.0                                       0.0
  SNOW DEPTH       0

DEGREE DAYS
 HEATING
  TODAY            0                         3     -3        0
  MONTH TO DATE   37                        28      9        0
  SINCE SEP 1     37                        28      9        0
  SINCE JUL 1     37                        29      8        0

 COOLING
  TODAY            9                         2      7        4
  MONTH TO DATE  123                       129     -6      243
  SINCE SEP 1    123                       129     -6      243
  SINCE JAN 1   1300                      1176    124     1492
..................................................................


WIND (MPH)
  HIGHEST WIND SPEED    15   HIGHEST WIND DIRECTION    NE (40)
  HIGHEST GUST SPEED    20   HIGHEST GUST DIRECTION    NE (40)
  AVERAGE WIND SPEED     3.7


SKY COVER
  AVERAGE SKY COVER 0.4


WEATHER CONDITIONS
 THE FOLLOWING WEATHER WAS RECORDED TODAY.
  NO SIGNIFICANT WEATHER WAS OBSERVED.


RELATIVE HUMIDITY (PERCENT)
 HIGHEST    93           300 AM
 LOWEST     48           300 PM
 AVERAGE    71

..........................................................


THE ROANOKE VA CLIMATE NORMALS FOR TOMORROW
                         NORMAL    RECORD    YEAR
 MAXIMUM TEMPERATURE (F)   75        97      1933
 MINIMUM TEMPERATURE (F)   54        35      1928


SUNRISE AND SUNSET
SEPTEMBER 25 2017.....SUNRISE   710 AM EDT   SUNSET   712 PM EDT
SEPTEMBER 26 2017.....SUNRISE   711 AM EDT   SUNSET   710 PM EDT


-  INDICATES NEGATIVE NUMBERS.
R  INDICATES RECORD WAS SET OR TIED.
MM INDICATES DATA IS MISSING.
T  INDICATES TRACE AMOUNT.




$$
