000
CDUS41 KBUF 311013
CLIROC


CLIMATE REPORT
NATIONAL WEATHER SERVICE BUFFALO NY
612 AM EDT TUE MAY 31 2016


...................................

...THE ROCHESTER NY CLIMATE SUMMARY FOR MAY 30 2016...

CLIMATE NORMAL PERIOD 1981 TO 2010
CLIMATE RECORD PERIOD 1871 TO 2016


WEATHER ITEM   OBSERVED TIME   RECORD YEAR NORMAL DEPARTURE LAST
                VALUE   (LST)  VALUE       VALUE  FROM      YEAR
                                                  NORMAL
..................................................................
TEMPERATURE (F)
 YESTERDAY
  MAXIMUM         83    237 PM  94    1987  72     11       87
  MINIMUM         59   1124 PM  33    1884  51      8       65
  AVERAGE         71                        61     10       76

PRECIPITATION (IN)
  YESTERDAY        0.00          1.77 1880   0.09  -0.09     0.25
  MONTH TO DATE    2.93                      2.77   0.16     1.77
  SINCE MAR 1      6.31                      8.00  -1.69     5.81
  SINCE JAN 1     11.61                     12.36  -0.75    10.06

SNOWFALL (IN)
  YESTERDAY        0.0           0.0    MM   0.0    0.0      0.0
  MONTH TO DATE    T                         0.4   -0.4      0.0
  SINCE MAR 1     12.0                      20.6   -8.6     13.3
  SINCE JUL 1     63.7                      99.5  -35.8    101.9
  SNOW DEPTH       0

DEGREE DAYS
 HEATING
  YESTERDAY        0                         5     -5        0
  MONTH TO DATE  255                       270    -15      119
  SINCE MAR 1   1691                      1787    -96     1711
  SINCE JUL 1   5608                      6573   -965     6805

 COOLING
  YESTERDAY        6                         2      4       11
  MONTH TO DATE   57                        22     35      103
  SINCE MAR 1     57                        26     31      103
  SINCE JAN 1     57                        26     31      103
..................................................................


WIND (MPH)
  HIGHEST WIND SPEED    22   HIGHEST WIND DIRECTION     W (260)
  HIGHEST GUST SPEED    28   HIGHEST GUST DIRECTION     W (250)
  AVERAGE WIND SPEED     9.1


SKY COVER
  AVERAGE SKY COVER 0.4


WEATHER CONDITIONS
 THE FOLLOWING WEATHER WAS RECORDED YESTERDAY.
  NO SIGNIFICANT WEATHER WAS OBSERVED.


RELATIVE HUMIDITY (PERCENT)
 HIGHEST    93           100 AM
 LOWEST     43           100 PM
 AVERAGE    68

..........................................................


THE ROCHESTER NY CLIMATE NORMALS FOR TODAY
                         NORMAL    RECORD    YEAR
 MAXIMUM TEMPERATURE (F)   72        91      2011
                                             1944
                                             1895
 MINIMUM TEMPERATURE (F)   51        37      2001
                                             1984
                                             1930


SUNRISE AND SUNSET
MAY 31 2016...........SUNRISE   534 AM EDT   SUNSET   843 PM EDT
JUNE  1 2016..........SUNRISE   534 AM EDT   SUNSET   844 PM EDT


-  INDICATES NEGATIVE NUMBERS.
R  INDICATES RECORD WAS SET OR TIED.
MM INDICATES DATA IS MISSING.
T  INDICATES TRACE AMOUNT.




$$
