000
CDUS41 KBUF 261009
CLIROC


CLIMATE REPORT
NATIONAL WEATHER SERVICE BUFFALO NY
507 AM EST WED NOV 26 2014


...................................

...THE ROCHESTER NY CLIMATE SUMMARY FOR NOVEMBER 25 2014...

CLIMATE NORMAL PERIOD 1981 TO 2010
CLIMATE RECORD PERIOD 1871 TO 2014


WEATHER ITEM   OBSERVED TIME   RECORD YEAR NORMAL DEPARTURE LAST
                VALUE   (LST)  VALUE       VALUE  FROM      YEAR
                                                  NORMAL
..................................................................
TEMPERATURE (F)
 YESTERDAY
  MAXIMUM         46   1243 PM  67    1908  44      2       35
  MINIMUM         35   1159 PM  11    1938  30      5       17
                                      1917
  AVERAGE         41                        37      4       26

PRECIPITATION (IN)
  YESTERDAY        T             1.15 1950   0.09  -0.09      T
  MONTH TO DATE    2.14                      2.44  -0.30     2.07
  SINCE SEP 1      5.36                      8.54  -3.18     7.80
  SINCE JAN 1     30.39                     31.14  -0.75    33.01

SNOWFALL (IN)
  YESTERDAY        T             6.4  1900   0.4   -0.4      0.1
  MONTH TO DATE    7.3                       5.2    2.1      4.5
  SINCE SEP 1      7.3                       5.3    2.0      4.5
  SINCE JUL 1      7.3                       5.3    2.0      4.5
  SNOW DEPTH       0

DEGREE DAYS
 HEATING
  YESTERDAY       24                        28     -4       39
  MONTH TO DATE  634                       590     44      616
  SINCE SEP 1   1106                      1189    -83     1153
  SINCE JUL 1   1131                      1223    -92     1171

 COOLING
  YESTERDAY        0                         0      0        0
  MONTH TO DATE    0                         0      0        0
  SINCE SEP 1     78                        55     23       69
  SINCE JAN 1    542                       539      3      660
..................................................................


WIND (MPH)
  HIGHEST WIND SPEED    33   HIGHEST WIND DIRECTION    SW (240)
  HIGHEST GUST SPEED    43   HIGHEST GUST DIRECTION     W (250)
  AVERAGE WIND SPEED    16.9


SKY COVER
  AVERAGE SKY COVER 0.9


WEATHER CONDITIONS
 THE FOLLOWING WEATHER WAS RECORDED YESTERDAY.
  LIGHT RAIN
  SNOW


RELATIVE HUMIDITY (PERCENT)
 HIGHEST    76           500 PM
 LOWEST     49           500 AM
 AVERAGE    63

..........................................................


THE ROCHESTER NY CLIMATE NORMALS FOR TODAY
                         NORMAL    RECORD    YEAR
 MAXIMUM TEMPERATURE (F)   44        69      1896
 MINIMUM TEMPERATURE (F)   30        10      1974


SUNRISE AND SUNSET
NOVEMBER 26 2014......SUNRISE   717 AM EST   SUNSET   439 PM EST
NOVEMBER 27 2014......SUNRISE   718 AM EST   SUNSET   438 PM EST


-  INDICATES NEGATIVE NUMBERS.
R  INDICATES RECORD WAS SET OR TIED.
MM INDICATES DATA IS MISSING.
T  INDICATES TRACE AMOUNT.




$$
