000
CDUS45 KABQ 280827
CLIROW


CLIMATE REPORT
NATIONAL WEATHER SERVICE ALBUQUERQUE NM
226 AM MDT FRI APR 28 2017


...................................

...THE ROSWELL NM CLIMATE SUMMARY FOR APRIL 27 2017...

CLIMATE NORMAL PERIOD 1981 TO 2010
CLIMATE RECORD PERIOD 1893 TO 2017


WEATHER ITEM   OBSERVED TIME   RECORD YEAR NORMAL DEPARTURE
                VALUE   (LST)  VALUE       VALUE  FROM
                                                  NORMAL
...............................................................
TEMPERATURE (F)
 YESTERDAY
  MAXIMUM         89    338 PM  98    1996  80      9
  MINIMUM         45    218 AM  31    1920  49     -4
  AVERAGE         67                        64      3

PRECIPITATION (IN)
  YESTERDAY        0.00          1.35 1897   0.03  -0.03
  MONTH TO DATE    1.21                      0.53   0.68
  SINCE MAR 1      1.53                      1.04   0.49
  SINCE JAN 1      2.78                      1.84   0.94

SNOWFALL (IN)
  YESTERDAY        0.0
  MONTH TO DATE    0.0
  SINCE MAR 1      0.0
  SINCE JUL 1      2.5

DEGREE DAYS
 HEATING
  YESTERDAY        0                         3     -3
  MONTH TO DATE   80                       155    -75
  SINCE MAR 1    255                       542   -287
  SINCE JUL 1   2400                      3249   -849

 COOLING
  YESTERDAY        2                         2      0
  MONTH TO DATE   71                        29     42
  SINCE MAR 1    105                        32     73
  SINCE JAN 1    105                        32     73
...............................................................


WIND (MPH)
  HIGHEST WIND SPEED    27   HIGHEST WIND DIRECTION     W (250)
  HIGHEST GUST SPEED    40   HIGHEST GUST DIRECTION     W (250)
  AVERAGE WIND SPEED    11.9


SKY COVER
  AVERAGE SKY COVER 0.0


WEATHER CONDITIONS
 THE FOLLOWING WEATHER WAS RECORDED YESTERDAY.
  NO SIGNIFICANT WEATHER WAS OBSERVED.


RELATIVE HUMIDITY (PERCENT)
 HIGHEST    45           200 AM
 LOWEST     11           500 PM
 AVERAGE    28

..........................................................


THE ROSWELL NM CLIMATE NORMALS FOR TODAY
                         NORMAL    RECORD    YEAR
 MAXIMUM TEMPERATURE (F)   80        95      1992
 MINIMUM TEMPERATURE (F)   49        31      1961


SUNRISE AND SUNSET
APRIL 28 2017.........SUNRISE   613 AM MDT   SUNSET   739 PM MDT
APRIL 29 2017.........SUNRISE   612 AM MDT   SUNSET   739 PM MDT


-  INDICATES NEGATIVE NUMBERS.
R  INDICATES RECORD WAS SET OR TIED.
MM INDICATES DATA IS MISSING.
T  INDICATES TRACE AMOUNT.

$$
