000
CDUS45 KABQ 200828
CLIROW


CLIMATE REPORT
NATIONAL WEATHER SERVICE ALBUQUERQUE NM
127 AM MST SAT DEC 20 2014


...................................

...THE ROSWELL NM CLIMATE SUMMARY FOR DECEMBER 19 2014...

CLIMATE NORMAL PERIOD 1981 TO 2010
CLIMATE RECORD PERIOD 1893 TO 2014


WEATHER ITEM   OBSERVED TIME   RECORD YEAR NORMAL DEPARTURE
                VALUE   (LST)  VALUE       VALUE  FROM
                                                  NORMAL
...............................................................
TEMPERATURE (F)
 YESTERDAY
  MAXIMUM         60    220 PM  73    2013  54      6
                                      1994
  MINIMUM         28   1116 PM  -6    1909  25      3
  AVERAGE         44                        40      4

PRECIPITATION (IN)
  YESTERDAY        0.00          0.24 1918   0.02  -0.02
  MONTH TO DATE    0.01                      0.41  -0.40
  SINCE DEC 1      0.01                      0.41  -0.40
  SINCE JAN 1     17.91                     12.68   5.23

SNOWFALL (IN)
  YESTERDAY        0.0
  MONTH TO DATE    0.0
  SINCE DEC 1      0.0
  SINCE JUL 1      1.8

DEGREE DAYS
 HEATING
  YESTERDAY       21                        25     -4
  MONTH TO DATE  356                       454    -98
  SINCE DEC 1    356                       454    -98
  SINCE JUL 1   1013                      1100    -87

 COOLING
  YESTERDAY        0                         0      0
  MONTH TO DATE    0                         0      0
  SINCE DEC 1      0                         0      0
  SINCE JAN 1   1928                      1789    139
...............................................................


WIND (MPH)
  HIGHEST WIND SPEED    17   HIGHEST WIND DIRECTION    NW (310)
  HIGHEST GUST SPEED    21   HIGHEST GUST DIRECTION    NW (310)
  AVERAGE WIND SPEED     4.5


SKY COVER
  AVERAGE SKY COVER 0.1


WEATHER CONDITIONS
 THE FOLLOWING WEATHER WAS RECORDED YESTERDAY.
  NO SIGNIFICANT WEATHER WAS OBSERVED.


RELATIVE HUMIDITY (PERCENT)
 HIGHEST    85           700 AM
 LOWEST     23           100 PM
 AVERAGE    54

..........................................................


THE ROSWELL NM CLIMATE NORMALS FOR TODAY
                         NORMAL    RECORD    YEAR
 MAXIMUM TEMPERATURE (F)   54        75      1981
                                             1921
 MINIMUM TEMPERATURE (F)   25       -10      1909


SUNRISE AND SUNSET
DECEMBER 20 2014......SUNRISE   657 AM MST   SUNSET   454 PM MST
DECEMBER 21 2014......SUNRISE   658 AM MST   SUNSET   455 PM MST


-  INDICATES NEGATIVE NUMBERS.
R  INDICATES RECORD WAS SET OR TIED.
MM INDICATES DATA IS MISSING.
T  INDICATES TRACE AMOUNT.




$$
