000
CDUS45 KABQ 070837
CLIROW


CLIMATE REPORT
NATIONAL WEATHER SERVICE ALBUQUERQUE NM
135 AM MST WED DEC 7 2016


...................................

...THE ROSWELL NM CLIMATE SUMMARY FOR DECEMBER 6 2016...

CLIMATE NORMAL PERIOD 1981 TO 2010
CLIMATE RECORD PERIOD 1893 TO 2016


WEATHER ITEM   OBSERVED TIME   RECORD YEAR NORMAL DEPARTURE
                VALUE   (LST)  VALUE       VALUE  FROM
                                                  NORMAL
...............................................................
TEMPERATURE (F)
 YESTERDAY
  MAXIMUM         51   1218 AM  78    1966  56     -5
  MINIMUM         27   1039 PM   4    2011  27      0
  AVERAGE         39                        42     -3

PRECIPITATION (IN)
  YESTERDAY        0.00          0.77 1915   0.02  -0.02
  MONTH TO DATE    0.18                      0.12   0.06
  SINCE DEC 1      0.18                      0.12   0.06
  SINCE JAN 1     10.52                     12.39  -1.87

SNOWFALL (IN)
  YESTERDAY        0.0
  MONTH TO DATE    T
  SINCE DEC 1      T
  SINCE JUL 1      T

DEGREE DAYS
 HEATING
  YESTERDAY       26                        23      3
  MONTH TO DATE  152                       135     17
  SINCE DEC 1    152                       135     17
  SINCE JUL 1    538                       781   -243

 COOLING
  YESTERDAY        0                         0      0
  MONTH TO DATE    0                         0      0
  SINCE DEC 1      0                         0      0
  SINCE JAN 1   2066                      1789    277
...............................................................


WIND (MPH)
  HIGHEST WIND SPEED    21   HIGHEST WIND DIRECTION     N (20)
  HIGHEST GUST SPEED    24   HIGHEST GUST DIRECTION     N (10)
  AVERAGE WIND SPEED     7.4


SKY COVER
  AVERAGE SKY COVER 0.0


WEATHER CONDITIONS
 THE FOLLOWING WEATHER WAS RECORDED YESTERDAY.
  NO SIGNIFICANT WEATHER WAS OBSERVED.


RELATIVE HUMIDITY (PERCENT)
 HIGHEST    72          1100 PM
 LOWEST     27           300 PM
 AVERAGE    50

..........................................................


THE ROSWELL NM CLIMATE NORMALS FOR TODAY
                         NORMAL    RECORD    YEAR
 MAXIMUM TEMPERATURE (F)   56        77      1933
 MINIMUM TEMPERATURE (F)   27         0      1912


SUNRISE AND SUNSET
DECEMBER  7 2016......SUNRISE   649 AM MST   SUNSET   451 PM MST
DECEMBER  8 2016......SUNRISE   650 AM MST   SUNSET   451 PM MST


-  INDICATES NEGATIVE NUMBERS.
R  INDICATES RECORD WAS SET OR TIED.
MM INDICATES DATA IS MISSING.
T  INDICATES TRACE AMOUNT.

$$
