000
CDUS45 KABQ 300828
CLIROW


CLIMATE REPORT
NATIONAL WEATHER SERVICE ALBUQUERQUE NM
227 AM MDT MON MAR 30 2015


...................................

...THE ROSWELL NM CLIMATE SUMMARY FOR MARCH 29 2015...

CLIMATE NORMAL PERIOD 1981 TO 2010
CLIMATE RECORD PERIOD 1893 TO 2015


WEATHER ITEM   OBSERVED TIME   RECORD YEAR NORMAL DEPARTURE
                VALUE   (LST)  VALUE       VALUE  FROM
                                                  NORMAL
...............................................................
TEMPERATURE (F)
 YESTERDAY
  MAXIMUM         87    220 PM  92    1967  72     15
  MINIMUM         48    331 AM  19    1944  40      8
  AVERAGE         68                        56     12

PRECIPITATION (IN)
  YESTERDAY        0.00          0.43 2002   0.02  -0.02
  MONTH TO DATE    0.29                      0.48  -0.19
  SINCE MAR 1      0.29                      0.48  -0.19
  SINCE JAN 1      2.20                      1.28   0.92

SNOWFALL (IN)
  YESTERDAY        0.0
  MONTH TO DATE    T
  SINCE MAR 1      T
  SINCE JUL 1     16.2

DEGREE DAYS
 HEATING
  YESTERDAY        0                         9     -9
  MONTH TO DATE  355                       370    -15
  SINCE MAR 1    355                       370    -15
  SINCE JUL 1   3072                      3077     -5

 COOLING
  YESTERDAY        3                         0      3
  MONTH TO DATE    3                         0      3
  SINCE MAR 1      3                         0      3
  SINCE JAN 1      3                         0      3
...............................................................


WIND (MPH)
  HIGHEST WIND SPEED    24   HIGHEST WIND DIRECTION    NE (50)
  HIGHEST GUST SPEED    34   HIGHEST GUST DIRECTION    NE (40)
  AVERAGE WIND SPEED     9.8


SKY COVER
  AVERAGE SKY COVER 0.0


WEATHER CONDITIONS
 THE FOLLOWING WEATHER WAS RECORDED YESTERDAY.
  NO SIGNIFICANT WEATHER WAS OBSERVED.


RELATIVE HUMIDITY (PERCENT)
 HIGHEST    38           300 AM
 LOWEST      8           100 PM
 AVERAGE    23

..........................................................


THE ROSWELL NM CLIMATE NORMALS FOR TODAY
                         NORMAL    RECORD    YEAR
 MAXIMUM TEMPERATURE (F)   72        94      1901
 MINIMUM TEMPERATURE (F)   40        14      1987


SUNRISE AND SUNSET
MARCH 30 2015.........SUNRISE   649 AM MDT   SUNSET   717 PM MDT
MARCH 31 2015.........SUNRISE   647 AM MDT   SUNSET   718 PM MDT


-  INDICATES NEGATIVE NUMBERS.
R  INDICATES RECORD WAS SET OR TIED.
MM INDICATES DATA IS MISSING.
T  INDICATES TRACE AMOUNT.




$$
