000
CDUS45 KABQ 270832
CLIROW


CLIMATE REPORT
NATIONAL WEATHER SERVICE ALBUQUERQUE NM
231 AM MDT TUE JUN 27 2017


...................................

...THE ROSWELL NM CLIMATE SUMMARY FOR JUNE 26 2017...

CLIMATE NORMAL PERIOD 1981 TO 2010
CLIMATE RECORD PERIOD 1893 TO 2017


WEATHER ITEM   OBSERVED TIME   RECORD YEAR NORMAL DEPARTURE
                VALUE   (LST)  VALUE       VALUE  FROM
                                                  NORMAL
...............................................................
TEMPERATURE (F)
 YESTERDAY
  MAXIMUM         89    426 PM 111    1994  95     -6
  MINIMUM         64    553 AM  54    1964  66     -2
  AVERAGE         77                        80     -3

PRECIPITATION (IN)
  YESTERDAY        0.01          0.72 1919   0.08  -0.07
  MONTH TO DATE    0.56                      1.42  -0.86
  SINCE JUN 1      0.56                      1.42  -0.86
  SINCE JAN 1      4.12                      4.59  -0.47

SNOWFALL (IN)
  YESTERDAY        0.0
  MONTH TO DATE    0.0
  SINCE JUN 1      0.0
  SINCE JUL 1      2.5

DEGREE DAYS
 HEATING
  YESTERDAY        0                         0      0
  MONTH TO DATE    0                         0      0
  SINCE JUN 1      0                         0      0
  SINCE JUL 1   2442                      3287   -845

 COOLING
  YESTERDAY       12                        15     -3
  MONTH TO DATE  432                       336     96
  SINCE JUN 1    432                       336     96
  SINCE JAN 1    713                       561    152
...............................................................


WIND (MPH)
  HIGHEST WIND SPEED    31   HIGHEST WIND DIRECTION    NW (300)
  HIGHEST GUST SPEED    41   HIGHEST GUST DIRECTION    NW (300)
  AVERAGE WIND SPEED     7.3


SKY COVER
  AVERAGE SKY COVER 0.3


WEATHER CONDITIONS
 THE FOLLOWING WEATHER WAS RECORDED YESTERDAY.
  THUNDERSTORM
  RAIN
  LIGHT RAIN


RELATIVE HUMIDITY (PERCENT)
 HIGHEST    87          1200 AM
 LOWEST     34           400 PM
 AVERAGE    61

..........................................................


THE ROSWELL NM CLIMATE NORMALS FOR TODAY
                         NORMAL    RECORD    YEAR
 MAXIMUM TEMPERATURE (F)   95       114      1994
 MINIMUM TEMPERATURE (F)   66        56      1964


SUNRISE AND SUNSET
JUNE 27 2017..........SUNRISE   551 AM MDT   SUNSET   812 PM MDT
JUNE 28 2017..........SUNRISE   551 AM MDT   SUNSET   812 PM MDT


-  INDICATES NEGATIVE NUMBERS.
R  INDICATES RECORD WAS SET OR TIED.
MM INDICATES DATA IS MISSING.
T  INDICATES TRACE AMOUNT.




$$
