000
CDUS45 KABQ 110826
CLIROW


CLIMATE REPORT
NATIONAL WEATHER SERVICE ALBUQUERQUE NM
225 AM MDT FRI JUL 11 2014


...................................

...THE ROSWELL NM CLIMATE SUMMARY FOR JULY 10 2014...

CLIMATE NORMAL PERIOD 1981 TO 2010
CLIMATE RECORD PERIOD 1893 TO 2014


WEATHER ITEM   OBSERVED TIME   RECORD YEAR NORMAL DEPARTURE
                VALUE   (LST)  VALUE       VALUE  FROM
                                                  NORMAL
...............................................................
TEMPERATURE (F)
 YESTERDAY
  MAXIMUM         96    421 PM 103    2009  94      2
                                      1970
                                      1964
  MINIMUM         66    523 AM  55    1901  67     -1
  AVERAGE         81                        81      0

PRECIPITATION (IN)
  YESTERDAY        0.00          2.54 1999   0.07  -0.07
  MONTH TO DATE    0.13                      0.75  -0.62
  SINCE JUN 1      1.56                      2.48  -0.92
  SINCE JAN 1      6.42                      5.65   0.77

SNOWFALL (IN)
  YESTERDAY        0.0
  MONTH TO DATE    0.0
  SINCE JUN 1      0.0
  SINCE JUL 1      0.0

DEGREE DAYS
 HEATING
  YESTERDAY        0                         0      0
  MONTH TO DATE    0                         0      0
  SINCE JUN 1      0                         1     -1
  SINCE JUL 1      0                         0      0

 COOLING
  YESTERDAY       16                        16      0
  MONTH TO DATE  149                       158     -9
  SINCE JUN 1    629                       555     74
  SINCE JAN 1    883                       780    103
...............................................................


WIND (MPH)
  HIGHEST WIND SPEED    21   HIGHEST WIND DIRECTION     S (160)
  HIGHEST GUST SPEED    27   HIGHEST GUST DIRECTION    SE (140)
  AVERAGE WIND SPEED    10.4


SKY COVER
  AVERAGE SKY COVER 0.0


WEATHER CONDITIONS
 THE FOLLOWING WEATHER WAS RECORDED YESTERDAY.
  NO SIGNIFICANT WEATHER WAS OBSERVED.


RELATIVE HUMIDITY (PERCENT)
 HIGHEST    68           500 AM
 LOWEST     20           500 PM
 AVERAGE    44

..........................................................


THE ROSWELL NM CLIMATE NORMALS FOR TODAY
                         NORMAL    RECORD    YEAR
 MAXIMUM TEMPERATURE (F)   94       105      1970
                                             1909
 MINIMUM TEMPERATURE (F)   67        54      1894


SUNRISE AND SUNSET
JULY 11 2014..........SUNRISE   557 AM MDT   SUNSET   810 PM MDT
JULY 12 2014..........SUNRISE   558 AM MDT   SUNSET   809 PM MDT


-  INDICATES NEGATIVE NUMBERS.
R  INDICATES RECORD WAS SET OR TIED.
MM INDICATES DATA IS MISSING.
T  INDICATES TRACE AMOUNT.




$$
