943
CDUS45 KABQ 060839
CLIROW


CLIMATE REPORT
NATIONAL WEATHER SERVICE ALBUQUERQUE NM
138 AM MST SAT FEB 6 2016


...................................

...THE ROSWELL NM CLIMATE SUMMARY FOR FEBRUARY 5 2016...

CLIMATE NORMAL PERIOD 1981 TO 2010
CLIMATE RECORD PERIOD 1893 TO 2016


WEATHER ITEM   OBSERVED TIME   RECORD YEAR NORMAL DEPARTURE
                VALUE   (LST)  VALUE       VALUE  FROM
                                                  NORMAL
...............................................................
TEMPERATURE (F)
 YESTERDAY
  MAXIMUM         54    241 PM  79    1937  59     -5
  MINIMUM         18    112 AM   8    1982  29    -11
                                      1956
  AVERAGE         36                        44     -8

PRECIPITATION (IN)
  YESTERDAY        0.00          1.05 1988   0.02  -0.02
  MONTH TO DATE    0.00                      0.07  -0.07
  SINCE DEC 1      0.78                      1.09  -0.31
  SINCE JAN 1      0.16                      0.45  -0.29

SNOWFALL (IN)
  YESTERDAY        0.0
  MONTH TO DATE    0.0
  SINCE DEC 1     17.8
  SINCE JUL 1     17.8

DEGREE DAYS
 HEATING
  YESTERDAY       29                        21      8
  MONTH TO DATE  135                       109     26
  SINCE DEC 1   1649                      1629     20
  SINCE JUL 1   2217                      2275    -58

 COOLING
  YESTERDAY        0                         0      0
  MONTH TO DATE    0                         0      0
  SINCE DEC 1      0                         0      0
  SINCE JAN 1      0                         0      0
...............................................................


WIND (MPH)
  HIGHEST WIND SPEED    28   HIGHEST WIND DIRECTION     N (350)
  HIGHEST GUST SPEED    35   HIGHEST GUST DIRECTION     N (10)
  AVERAGE WIND SPEED     9.9


SKY COVER
  AVERAGE SKY COVER 0.0


WEATHER CONDITIONS
 THE FOLLOWING WEATHER WAS RECORDED YESTERDAY.
  NO SIGNIFICANT WEATHER WAS OBSERVED.


RELATIVE HUMIDITY (PERCENT)
 HIGHEST    68           200 AM
 LOWEST     13           300 PM
 AVERAGE    41

..........................................................


THE ROSWELL NM CLIMATE NORMALS FOR TODAY
                         NORMAL    RECORD    YEAR
 MAXIMUM TEMPERATURE (F)   59        84      2009
 MINIMUM TEMPERATURE (F)   29         3      1956


SUNRISE AND SUNSET
FEBRUARY  6 2016......SUNRISE   650 AM MST   SUNSET   534 PM MST
FEBRUARY  7 2016......SUNRISE   650 AM MST   SUNSET   535 PM MST


-  INDICATES NEGATIVE NUMBERS.
R  INDICATES RECORD WAS SET OR TIED.
MM INDICATES DATA IS MISSING.
T  INDICATES TRACE AMOUNT.

$$
