000
CDUS45 KABQ 140832
CLIROW


CLIMATE REPORT
NATIONAL WEATHER SERVICE ALBUQUERQUE NM
128 AM MST THU DEC 14 2017


...................................

...THE ROSWELL NM CLIMATE SUMMARY FOR DECEMBER 13 2017...

CLIMATE NORMAL PERIOD 1981 TO 2010
CLIMATE RECORD PERIOD 1893 TO 2017


WEATHER ITEM   OBSERVED TIME   RECORD YEAR NORMAL DEPARTURE
                VALUE   (LST)  VALUE       VALUE  FROM
                                                  NORMAL
...............................................................
TEMPERATURE (F)
 YESTERDAY
  MAXIMUM         67    247 PM  76    1969  55     12
  MINIMUM         20    717 AM   3    1923  26     -6
  AVERAGE         44                        40      4

PRECIPITATION (IN)
  YESTERDAY        0.00          0.61 1987   0.03  -0.03
  MONTH TO DATE    T                         0.28  -0.28
  SINCE DEC 1      T                         0.28  -0.28
  SINCE JAN 1     11.16                     12.55  -1.39

SNOWFALL (IN)
  YESTERDAY        0.0
  MONTH TO DATE    0.0
  SINCE DEC 1      0.0
  SINCE JUL 1      0.0

DEGREE DAYS
 HEATING
  YESTERDAY       21                        25     -4
  MONTH TO DATE  244                       304    -60
  SINCE DEC 1    244                       304    -60
  SINCE JUL 1    694                       950   -256

 COOLING
  YESTERDAY        0                         0      0
  MONTH TO DATE    0                         0      0
  SINCE DEC 1      0                         0      0
  SINCE JAN 1   2172                      1789    383
...............................................................


WIND (MPH)
  HIGHEST WIND SPEED    14   HIGHEST WIND DIRECTION     N (10)
  HIGHEST GUST SPEED    18   HIGHEST GUST DIRECTION    NE (30)
  AVERAGE WIND SPEED     4.6


SKY COVER
  AVERAGE SKY COVER 0.0


WEATHER CONDITIONS
 THE FOLLOWING WEATHER WAS RECORDED YESTERDAY.
  HAZE


RELATIVE HUMIDITY (PERCENT)
 HIGHEST    52           600 AM
 LOWEST     12           300 PM
 AVERAGE    32

..........................................................


THE ROSWELL NM CLIMATE NORMALS FOR TODAY
                         NORMAL    RECORD    YEAR
 MAXIMUM TEMPERATURE (F)   54        73      2010
                                             1996
 MINIMUM TEMPERATURE (F)   26        -4      1923


SUNRISE AND SUNSET
DECEMBER 14 2017......SUNRISE   654 AM MST   SUNSET   452 PM MST
DECEMBER 15 2017......SUNRISE   655 AM MST   SUNSET   452 PM MST


-  INDICATES NEGATIVE NUMBERS.
R  INDICATES RECORD WAS SET OR TIED.
MM INDICATES DATA IS MISSING.
T  INDICATES TRACE AMOUNT.

$$
