000
CDUS43 KARX 202127
CLIRST


CLIMATE REPORT
NATIONAL WEATHER SERVICE LA CROSSE WI
426 PM CDT FRI OCT 20 2017


...................................

...THE ROCHESTER MN CLIMATE SUMMARY FOR OCTOBER 20 2017...
VALID TODAY AS OF 0400 PM LOCAL TIME.

CLIMATE NORMAL PERIOD 1981 TO 2010
CLIMATE RECORD PERIOD 1886 TO 2017


WEATHER ITEM   OBSERVED TIME   RECORD YEAR NORMAL DEPARTURE LAST
                VALUE   (LST)  VALUE       VALUE  FROM      YEAR
                                                  NORMAL
..................................................................
TEMPERATURE (F)
 TODAY
  MAXIMUM         76    141 PM  82    1953  57     19       51
  MINIMUM         52    218 AM  12    1952  37     15       35
  AVERAGE         64                        47     17       43

PRECIPITATION (IN)
  TODAY            0.00          1.41 1934   0.07  -0.07     0.00
  MONTH TO DATE    4.42                      1.56   2.86     0.72
  SINCE SEP 1      6.59                      5.01   1.58     9.82
  SINCE JAN 1     31.09                     29.20   1.89    38.09

SNOWFALL (IN)
  TODAY            0.0           0.5  1982   0.1   -0.1      0.0
  MONTH TO DATE    0.0                       0.3   -0.3      0.0
  SINCE JUL 1      0.0                       0.3   -0.3      0.0
  SNOW DEPTH       0

DEGREE DAYS
 HEATING
  TODAY            1                        18    -17       22
  MONTH TO DATE  204                       295    -91      203
  SINCE JUL 1    356                       510   -154      280

 COOLING
  TODAY            0                         0      0        0
  MONTH TO DATE    1                         4     -3        1
  SINCE JAN 1    494                       583    -89      629
..................................................................


WIND (MPH)
  HIGHEST WIND SPEED    29   HIGHEST WIND DIRECTION     S (190)
  HIGHEST GUST SPEED    35   HIGHEST GUST DIRECTION     S (170)
  AVERAGE WIND SPEED    15.4


SKY COVER
  POSSIBLE SUNSHINE  MM
  AVERAGE SKY COVER 0.0


WEATHER CONDITIONS
 THE FOLLOWING WEATHER WAS RECORDED TODAY.
  NO SIGNIFICANT WEATHER WAS OBSERVED.


RELATIVE HUMIDITY (PERCENT)
 HIGHEST    89           500 AM
 LOWEST     35           300 PM
 AVERAGE    62

..........................................................


THE ROCHESTER MN CLIMATE NORMALS FOR TOMORROW
                         NORMAL    RECORD    YEAR
 MAXIMUM TEMPERATURE (F)   56        85      1947
 MINIMUM TEMPERATURE (F)   37        14      1930
                                             1913


SUNRISE AND SUNSET
OCTOBER 20 2017.......SUNRISE   731 AM CDT   SUNSET   618 PM CDT
OCTOBER 21 2017.......SUNRISE   732 AM CDT   SUNSET   616 PM CDT


-  INDICATES NEGATIVE NUMBERS.
R  INDICATES RECORD WAS SET OR TIED.
MM INDICATES DATA IS MISSING.
T  INDICATES TRACE AMOUNT.




$$
