000
CDUS43 KARX 292142
CLIRST


CLIMATE REPORT
NATIONAL WEATHER SERVICE LA CROSSE WI
441 PM CDT MON AUG 29 2016


...................................

...THE ROCHESTER MN CLIMATE SUMMARY FOR AUGUST 29 2016...
VALID TODAY AS OF 0400 PM LOCAL TIME.

CLIMATE NORMAL PERIOD 1981 TO 2010
CLIMATE RECORD PERIOD 1886 TO 2016


WEATHER ITEM   OBSERVED TIME   RECORD YEAR NORMAL DEPARTURE LAST
                VALUE   (LST)  VALUE       VALUE  FROM      YEAR
                                                  NORMAL
..................................................................
TEMPERATURE (F)
 TODAY
  MAXIMUM         84   1248 PM  92    2012  77      7       75
                                      1945
                                      1941
  MINIMUM         63    513 AM  34    1935  57      6       58
  AVERAGE         74                        67      7       67

PRECIPITATION (IN)
  TODAY            0.00          2.39 1956   0.14  -0.14     0.00
  MONTH TO DATE    5.74                      4.24   1.50     3.16
  SINCE JUN 1     16.58                     13.47   3.11    12.56
  SINCE JAN 1     28.27                     23.91   4.36    25.17

SNOWFALL (IN)
  TODAY            0.0           0.0  2012   0.0    0.0      0.0
  MONTH TO DATE    0.0                       0.0    0.0      0.0
  SINCE JUL 1      0.0                       0.0    0.0      0.0
  SNOW DEPTH       0

DEGREE DAYS
 HEATING
  TODAY            0                         1     -1        0
  MONTH TO DATE    7                        26    -19       42
  SINCE JUL 1     11                        37    -26       59

 COOLING
  TODAY            9                         4      5        2
  MONTH TO DATE  165                       148     17       92
  SINCE JAN 1    565                       519     46      369
..................................................................


WIND (MPH)
  HIGHEST WIND SPEED    12   HIGHEST WIND DIRECTION    SW (210)
  HIGHEST GUST SPEED    15   HIGHEST GUST DIRECTION     S (200)
  AVERAGE WIND SPEED     5.8


SKY COVER
  POSSIBLE SUNSHINE  MM
  AVERAGE SKY COVER 0.2


WEATHER CONDITIONS
 THE FOLLOWING WEATHER WAS RECORDED TODAY.
  FOG
  FOG W/VISIBILITY <= 1/4 MILE


RELATIVE HUMIDITY (PERCENT)
 HIGHEST   100           200 AM
 LOWEST     65          1200 PM
 AVERAGE    83

..........................................................


THE ROCHESTER MN CLIMATE NORMALS FOR TOMORROW
                         NORMAL    RECORD    YEAR
 MAXIMUM TEMPERATURE (F)   77        96      1941
 MINIMUM TEMPERATURE (F)   57        32      1915


SUNRISE AND SUNSET
AUGUST 29 2016........SUNRISE   631 AM CDT   SUNSET   750 PM CDT
AUGUST 30 2016........SUNRISE   632 AM CDT   SUNSET   748 PM CDT


-  INDICATES NEGATIVE NUMBERS.
R  INDICATES RECORD WAS SET OR TIED.
MM INDICATES DATA IS MISSING.
T  INDICATES TRACE AMOUNT.




$$
