000
CDUS43 KARX 012129
CLIRST


CLIMATE REPORT
NATIONAL WEATHER SERVICE LA CROSSE WI
426 PM CDT WED OCT 1 2014


...................................

...THE ROCHESTER MN CLIMATE SUMMARY FOR OCTOBER 1 2014...
VALID TODAY AS OF 0400 PM LOCAL TIME.

CLIMATE NORMAL PERIOD 1981 TO 2010
CLIMATE RECORD PERIOD 1886 TO 2014


WEATHER ITEM   OBSERVED TIME   RECORD YEAR NORMAL DEPARTURE LAST
                VALUE   (LST)  VALUE       VALUE  FROM      YEAR
                                                  NORMAL
..................................................................
TEMPERATURE (F)
 TODAY
  MAXIMUM         57    259 PM  88    1976  65     -8       76
  MINIMUM         47    457 AM  21    1920  44      3       54
  AVERAGE         52                        54     -2       65

PRECIPITATION (IN)
  TODAY            0.55          1.45 2009   0.10   0.45     0.00
  MONTH TO DATE    0.55                      0.10   0.45     0.00
  SINCE SEP 1      4.09                      3.55   0.54     1.22
  SINCE JAN 1     29.51                     27.74   1.77    35.92

SNOWFALL (IN)
  TODAY            0.0           0.5  1999   0.0    0.0      0.0
  MONTH TO DATE    0.0                       0.0    0.0      0.0
  SINCE JUL 1      0.0                       0.0    0.0      0.0
  SNOW DEPTH       0

DEGREE DAYS
 HEATING
  TODAY           13                        11      2        0
  MONTH TO DATE   13                        11      2        0
  SINCE JUL 1    218                       226     -8      154

 COOLING
  TODAY            0                         1     -1        0
  MONTH TO DATE    0                         1     -1        0
  SINCE JAN 1    491                       580    -89      656
..................................................................


WIND (MPH)
  HIGHEST WIND SPEED    18   HIGHEST WIND DIRECTION    SE (130)
  HIGHEST GUST SPEED    25   HIGHEST GUST DIRECTION    SE (140)
  AVERAGE WIND SPEED    14.5


SKY COVER
  POSSIBLE SUNSHINE  MM
  AVERAGE SKY COVER 0.9


WEATHER CONDITIONS
 THE FOLLOWING WEATHER WAS RECORDED TODAY.
  HEAVY RAIN
  RAIN
  LIGHT RAIN
  FOG


RELATIVE HUMIDITY (PERCENT)
 HIGHEST   100           500 AM
 LOWEST     86          1200 AM
 AVERAGE    93

..........................................................


THE ROCHESTER MN CLIMATE NORMALS FOR TOMORROW
                         NORMAL    RECORD    YEAR
 MAXIMUM TEMPERATURE (F)   65        90      1953
 MINIMUM TEMPERATURE (F)   43        19      2003


SUNRISE AND SUNSET
OCTOBER  1 2014.......SUNRISE   708 AM CDT   SUNSET   651 PM CDT
OCTOBER  2 2014.......SUNRISE   709 AM CDT   SUNSET   649 PM CDT


-  INDICATES NEGATIVE NUMBERS.
R  INDICATES RECORD WAS SET OR TIED.
MM INDICATES DATA IS MISSING.
T  INDICATES TRACE AMOUNT.




$$
