000
CDUS43 KARX 200716
CLIRST


CLIMATE REPORT
NATIONAL WEATHER SERVICE LA CROSSE WI
214 AM CDT MON OCT 20 2014

...THE ROCHESTER MN CLIMATE SUMMARY FOR OCTOBER 19 2014...

CLIMATE NORMAL PERIOD 1981 TO 2010
CLIMATE RECORD PERIOD 1886 TO 2014

WEATHER ITEM   OBSERVED TIME   RECORD YEAR NORMAL DEPARTURE LAST
                VALUE   (LST)  VALUE       VALUE  FROM      YEAR
                                                  NORMAL
..................................................................
TEMPERATURE (F)
 YESTERDAY
  MAXIMUM         67    344 PM  79    2003  57     10       46
                                      2000
                                      1953
  MINIMUM         35    357 AM  13    1972  38     -3       30
  AVERAGE         51                        47      4       38

PRECIPITATION (IN)
  YESTERDAY        0.00          1.45 1982   0.07  -0.07     0.03
  MONTH TO DATE    2.09                      1.49   0.60     2.96
  SINCE SEP 1      5.63                      4.94   0.69     4.18
  SINCE JAN 1     31.05                     29.13   1.92    38.88

SNOWFALL (IN)
  YESTERDAY        0.0           0.8  1992   0.0    0.0       T
  MONTH TO DATE    T                         0.2   -0.2       T
  SINCE JUL 1      T                         0.2   -0.2       T
  SNOW DEPTH       0

DEGREE DAYS
 HEATING
  YESTERDAY       14                        18     -4       27
  MONTH TO DATE  321                       277     44      223
  SINCE JUL 1    526                       492     34      377

 COOLING
  YESTERDAY        0                         0      0        0
  MONTH TO DATE    0                         4     -4        0
  SINCE JAN 1    491                       583    -92      656
..................................................................

WIND (MPH)
  HIGHEST WIND SPEED    23   HIGHEST WIND DIRECTION    SW (210)
  HIGHEST GUST SPEED    32   HIGHEST GUST DIRECTION    SW (210)
  AVERAGE WIND SPEED    12.0

SKY COVER
  POSSIBLE SUNSHINE  MM
  AVERAGE SKY COVER 0.0

WEATHER CONDITIONS
 THE FOLLOWING WEATHER WAS RECORDED YESTERDAY.
  NO SIGNIFICANT WEATHER WAS OBSERVED.

RELATIVE HUMIDITY (PERCENT)
 HIGHEST    92           400 AM
 LOWEST     45           400 PM
 AVERAGE    69
..........................................................

THE ROCHESTER MN CLIMATE NORMALS FOR TODAY
                         NORMAL    RECORD    YEAR
 MAXIMUM TEMPERATURE (F)   57        82      1953
 MINIMUM TEMPERATURE (F)   37        12      1952

SUNRISE AND SUNSET
OCTOBER 20 2014.......SUNRISE   731 AM CDT   SUNSET   618 PM CDT
OCTOBER 21 2014.......SUNRISE   732 AM CDT   SUNSET   616 PM CDT

-  INDICATES NEGATIVE NUMBERS.
R  INDICATES RECORD WAS SET OR TIED.
MM INDICATES DATA IS MISSING.
T  INDICATES TRACE AMOUNT.

$$

BOYNE
