000
CDUS45 KCYS 010732
CLIRWL


CLIMATE REPORT
NATIONAL WEATHER SERVICE CHEYENNE WY
1231 AM MST SUN FEB 1 2015


...................................

...THE RAWLINS WY AIRPORT CLIMATE SUMMARY FOR JANUARY 31 2015...

CLIMATE NORMAL PERIOD 1981 TO 2010
CLIMATE RECORD PERIOD 1951 TO 2015


WEATHER ITEM   OBSERVED TIME   RECORD YEAR NORMAL DEPARTURE LAST
                VALUE   (LST)  VALUE       VALUE  FROM      YEAR
                                                  NORMAL
..................................................................
TEMPERATURE (F)
 YESTERDAY
  MAXIMUM         42    301 PM  48    2003  31     11       26
                                      1992
                                      1971
  MINIMUM         17   1127 PM -32    1985  12      5       14
  AVERAGE         30                        21      9       20

PRECIPITATION (IN)
  YESTERDAY        0.00          0.36 2011   0.01  -0.01     0.00
  MONTH TO DATE    0.13                      0.36  -0.23     0.18
  SINCE JAN 1      0.13                      0.36  -0.23     0.18

DEGREE DAYS
 HEATING
  YESTERDAY       35                        44     -9       45
  MONTH TO DATE 1160                      1342   -182     1284
  SINCE DEC 1   2402                      2693   -291     2689
  SINCE JUL 1   4293                      4799   -506     4673

 COOLING
  YESTERDAY        0                         0      0        0
  MONTH TO DATE    0                         0      0        0
  SINCE DEC 1      0                         0      0        0
  SINCE JAN 1      0                         0      0        0
..................................................................


WIND (MPH)
  HIGHEST WIND SPEED    24   HIGHEST WIND DIRECTION     W (290)
  HIGHEST GUST SPEED    30   HIGHEST GUST DIRECTION     W (290)
  AVERAGE WIND SPEED     9.8


SKY COVER
  AVERAGE SKY COVER 0.6


WEATHER CONDITIONS
 THE FOLLOWING WEATHER WAS RECORDED YESTERDAY.
  NO SIGNIFICANT WEATHER WAS OBSERVED.


RELATIVE HUMIDITY (PERCENT)
 HIGHEST    84          1100 PM
 LOWEST     45           100 PM
 AVERAGE    65

..........................................................


THE RAWLINS WY AIRPORT CLIMATE NORMALS FOR TODAY
                         NORMAL    RECORD    YEAR
 MAXIMUM TEMPERATURE (F)   31        55      2003
 MINIMUM TEMPERATURE (F)   12       -33      1985


SUNRISE AND SUNSET
FEBRUARY  1 2015......SUNRISE   721 AM MST   SUNSET   524 PM MST
FEBRUARY  2 2015......SUNRISE   720 AM MST   SUNSET   525 PM MST


-  INDICATES NEGATIVE NUMBERS.
R  INDICATES RECORD WAS SET OR TIED.
MM INDICATES DATA IS MISSING.
T  INDICATES TRACE AMOUNT.




$$
