000
CDUS45 KCYS 290728
CLIRWL


CLIMATE REPORT
NATIONAL WEATHER SERVICE CHEYENNE WY
128 AM MDT FRI AUG 29 2014


...................................

...THE RAWLINS WY AIRPORT CLIMATE SUMMARY FOR AUGUST 28 2014...

CLIMATE NORMAL PERIOD 1981 TO 2010
CLIMATE RECORD PERIOD 1951 TO 2014


WEATHER ITEM   OBSERVED TIME   RECORD YEAR NORMAL DEPARTURE LAST
                VALUE   (LST)  VALUE       VALUE  FROM      YEAR
                                                  NORMAL
..................................................................
TEMPERATURE (F)
 YESTERDAY
  MAXIMUM         75    353 PM  90    2012  79     -4       87
                                      1996
  MINIMUM         51    801 AM  35    2004  46      5       52
  AVERAGE         63                        62      1       70

PRECIPITATION (IN)
  YESTERDAY        0.02          0.15 1964   0.02   0.00     0.00
  MONTH TO DATE    0.89                      0.68   0.21     0.56
  SINCE JAN 1      4.20                      6.47  -2.27     3.77

DEGREE DAYS
 HEATING
  YESTERDAY        2                         3     -1        0
  MONTH TO DATE   64                        47     17        8
  SINCE JUN 1    262                       272    -10      109
  SINCE JUL 1     90                        82      8        8

 COOLING
  YESTERDAY        0                         1     -1        5
  MONTH TO DATE   32                        61    -29      105
  SINCE JUN 1    207                       178     29      304
  SINCE JAN 1    209                       178     31      305
..................................................................


WIND (MPH)
  HIGHEST WIND SPEED    21   HIGHEST WIND DIRECTION     W (250)
  HIGHEST GUST SPEED    29   HIGHEST GUST DIRECTION    NW (310)
  AVERAGE WIND SPEED    10.2


SKY COVER
  AVERAGE SKY COVER 0.5


WEATHER CONDITIONS
 THE FOLLOWING WEATHER WAS RECORDED YESTERDAY.
  LIGHT RAIN
  FOG


RELATIVE HUMIDITY (PERCENT)
 HIGHEST    96           100 AM
 LOWEST     21           400 PM
 AVERAGE    59

..........................................................


THE RAWLINS WY AIRPORT CLIMATE NORMALS FOR TODAY
                         NORMAL    RECORD    YEAR
 MAXIMUM TEMPERATURE (F)   78        90      1998
 MINIMUM TEMPERATURE (F)   46        36      1964


SUNRISE AND SUNSET
AUGUST 29 2014........SUNRISE   632 AM MDT   SUNSET   747 PM MDT
AUGUST 30 2014........SUNRISE   633 AM MDT   SUNSET   745 PM MDT


-  INDICATES NEGATIVE NUMBERS.
R  INDICATES RECORD WAS SET OR TIED.
MM INDICATES DATA IS MISSING.
T  INDICATES TRACE AMOUNT.




$$
