000
CDUS45 KCYS 060735
CLIRWL


CLIMATE REPORT
NATIONAL WEATHER SERVICE CHEYENNE WY
1235 AM MST FRI MAR 6 2015


...................................

...THE RAWLINS WY AIRPORT CLIMATE SUMMARY FOR MARCH 5 2015...

CLIMATE NORMAL PERIOD 1981 TO 2010
CLIMATE RECORD PERIOD 1951 TO 2015


WEATHER ITEM   OBSERVED TIME   RECORD YEAR NORMAL DEPARTURE LAST
                VALUE   (LST)  VALUE       VALUE  FROM      YEAR
                                                  NORMAL
..................................................................
TEMPERATURE (F)
 YESTERDAY
  MAXIMUM         32    437 PM  61    2000  40     -8       47
  MINIMUM         13    216 AM  -8    1963  18     -5       28
  AVERAGE         23                        29     -6       38

PRECIPITATION (IN)
  YESTERDAY        0.00          0.11 2010   0.02  -0.02     0.00
                                      1964
                                      2010
  MONTH TO DATE    0.43                      0.09   0.34     0.20
  SINCE JAN 1      0.83                      0.87  -0.04     0.66

DEGREE DAYS
 HEATING
  YESTERDAY       42                        36      6       27
  MONTH TO DATE  247                       183     64      161
  SINCE MAR 1    247                       183     64      161
  SINCE JUL 1   5478                      6140   -662     5925

 COOLING
  YESTERDAY        0                         0      0        0
  MONTH TO DATE    0                         0      0        0
  SINCE MAR 1      0                         0      0        0
  SINCE JAN 1      0                         0      0        0
..................................................................


WIND (MPH)
  HIGHEST WIND SPEED    32   HIGHEST WIND DIRECTION     W (250)
  HIGHEST GUST SPEED    43   HIGHEST GUST DIRECTION     W (250)
  AVERAGE WIND SPEED    15.9


SKY COVER
  AVERAGE SKY COVER 0.0


WEATHER CONDITIONS
 THE FOLLOWING WEATHER WAS RECORDED YESTERDAY.
  NO SIGNIFICANT WEATHER WAS OBSERVED.


RELATIVE HUMIDITY (PERCENT)
 HIGHEST    67           200 AM
 LOWEST     56           600 AM
 AVERAGE    62

..........................................................


THE RAWLINS WY AIRPORT CLIMATE NORMALS FOR TODAY
                         NORMAL    RECORD    YEAR
 MAXIMUM TEMPERATURE (F)   40        59      1987
 MINIMUM TEMPERATURE (F)   19         1      2008


SUNRISE AND SUNSET
MARCH  6 2015.........SUNRISE   636 AM MST   SUNSET   605 PM MST
MARCH  7 2015.........SUNRISE   634 AM MST   SUNSET   606 PM MST


-  INDICATES NEGATIVE NUMBERS.
R  INDICATES RECORD WAS SET OR TIED.
MM INDICATES DATA IS MISSING.
T  INDICATES TRACE AMOUNT.




$$
