000
CDUS45 KCYS 301303
CLIRWL


CLIMATE REPORT
NATIONAL WEATHER SERVICE CHEYENNE WY
702 AM MDT MON MAR 30 2015


...................................

...THE RAWLINS WY AIRPORT CLIMATE SUMMARY FOR MARCH 29 2015...

CLIMATE NORMAL PERIOD 1981 TO 2010
CLIMATE RECORD PERIOD 1951 TO 2015


WEATHER ITEM   OBSERVED TIME   RECORD YEAR NORMAL DEPARTURE LAST
                VALUE   (LST)  VALUE       VALUE  FROM      YEAR
                                                  NORMAL
..................................................................
TEMPERATURE (F)
 YESTERDAY
  MAXIMUM         62    341 PM  67    1986  48     14       58
  MINIMUM         22    548 AM  -1    1987  24     -2       27
  AVERAGE         42                        36      6       43

PRECIPITATION (IN)
  YESTERDAY        0.00          0.52 2007   0.02  -0.02     0.00
  MONTH TO DATE    0.49                      0.62  -0.13     0.49
  SINCE JAN 1      0.89                      1.40  -0.51     0.95

DEGREE DAYS
 HEATING
  YESTERDAY       23                        29     -6       22
  MONTH TO DATE  794                       957   -163      886
  SINCE MAR 1    794                       957   -163      886
  SINCE JUL 1   6025                      6914   -889     6650

 COOLING
  YESTERDAY        0                         0      0        0
  MONTH TO DATE    0                         0      0        0
  SINCE MAR 1      0                         0      0        0
  SINCE JAN 1      0                         0      0        0
..................................................................


WIND (MPH)
  HIGHEST WIND SPEED    26   HIGHEST WIND DIRECTION     W (280)
  HIGHEST GUST SPEED    34   HIGHEST GUST DIRECTION     W (260)
  AVERAGE WIND SPEED    10.6


SKY COVER
  AVERAGE SKY COVER 0.0


WEATHER CONDITIONS
 THE FOLLOWING WEATHER WAS RECORDED YESTERDAY.
  NO SIGNIFICANT WEATHER WAS OBSERVED.


RELATIVE HUMIDITY (PERCENT)
 HIGHEST    60           500 AM
 LOWEST     11           200 PM
 AVERAGE    36

..........................................................


THE RAWLINS WY AIRPORT CLIMATE NORMALS FOR TODAY
                         NORMAL    RECORD    YEAR
 MAXIMUM TEMPERATURE (F)   48        68      1986
 MINIMUM TEMPERATURE (F)   24       -11      1985


SUNRISE AND SUNSET
MARCH 30 2015.........SUNRISE   655 AM MDT   SUNSET   732 PM MDT
MARCH 31 2015.........SUNRISE   654 AM MDT   SUNSET   733 PM MDT


-  INDICATES NEGATIVE NUMBERS.
R  INDICATES RECORD WAS SET OR TIED.
MM INDICATES DATA IS MISSING.
T  INDICATES TRACE AMOUNT.




$$
