000
CDUS45 KCYS 220740
CLIRWL


CLIMATE REPORT
NATIONAL WEATHER SERVICE CHEYENNE WY
1240 AM MST SAT NOV 22 2014


...................................

...THE RAWLINS WY AIRPORT CLIMATE SUMMARY FOR NOVEMBER 21 2014...

CLIMATE NORMAL PERIOD 1981 TO 2010
CLIMATE RECORD PERIOD 1951 TO 2014


WEATHER ITEM   OBSERVED TIME   RECORD YEAR NORMAL DEPARTURE LAST
                VALUE   (LST)  VALUE       VALUE  FROM      YEAR
                                                  NORMAL
..................................................................
TEMPERATURE (F)
 YESTERDAY
  MAXIMUM         44    251 PM  55    1996  37      7       19
                                      1989
  MINIMUM         27    745 AM -13    1957  17     10       -3
  AVERAGE         36                        27      9        8

PRECIPITATION (IN)
  YESTERDAY        0.00          0.53 1983   0.02  -0.02     0.10
  MONTH TO DATE    0.53                      0.41   0.12     0.17
  SINCE JAN 1      6.49                      8.68  -2.19     7.82

DEGREE DAYS
 HEATING
  YESTERDAY       29                        38     -9       57
  MONTH TO DATE  777                       688     89      630
  SINCE SEP 1   1515                      1654   -139     1611
  SINCE JUL 1   1615                      1747   -132     1619

 COOLING
  YESTERDAY        0                         0      0        0
  MONTH TO DATE    0                         0      0        0
  SINCE SEP 1      2                         5     -3       49
  SINCE JAN 1    211                       186     25      371
..................................................................


WIND (MPH)
  HIGHEST WIND SPEED    28   HIGHEST WIND DIRECTION    SW (240)
  HIGHEST GUST SPEED    35   HIGHEST GUST DIRECTION     W (250)
  AVERAGE WIND SPEED    13.4


SKY COVER
  AVERAGE SKY COVER 0.1


WEATHER CONDITIONS
 THE FOLLOWING WEATHER WAS RECORDED YESTERDAY.
  NO SIGNIFICANT WEATHER WAS OBSERVED.


RELATIVE HUMIDITY (PERCENT)
 HIGHEST    72          1200 AM
 LOWEST     38           100 PM
 AVERAGE    55

..........................................................


THE RAWLINS WY AIRPORT CLIMATE NORMALS FOR TODAY
                         NORMAL    RECORD    YEAR
 MAXIMUM TEMPERATURE (F)   37        56      2006
 MINIMUM TEMPERATURE (F)   17       -13      2013


SUNRISE AND SUNSET
NOVEMBER 22 2014......SUNRISE   707 AM MST   SUNSET   443 PM MST
NOVEMBER 23 2014......SUNRISE   708 AM MST   SUNSET   442 PM MST


-  INDICATES NEGATIVE NUMBERS.
R  INDICATES RECORD WAS SET OR TIED.
MM INDICATES DATA IS MISSING.
T  INDICATES TRACE AMOUNT.




$$
