000
CDUS45 KPIH 280758
CLIRXE


CLIMATE REPORT
NATIONAL WEATHER SERVICE POCATELLO ID
157 AM MDT THU MAY 28 2015


...................................

...THE REXBURG ID CLIMATE SUMMARY FOR MAY 27 2015...

CLIMATE NORMAL PERIOD 1981 TO 2010
CLIMATE RECORD PERIOD 1998 TO 2015


WEATHER ITEM   OBSERVED TIME   RECORD YEAR NORMAL DEPARTURE LAST
                VALUE   (LST)  VALUE       VALUE  FROM      YEAR
                                                  NORMAL
..................................................................
TEMPERATURE (F)
 YESTERDAY
  MAXIMUM         62   1240 PM  82    2007  69     -7       81
                                      2003
  MINIMUM         45    543 AM  34    2011  42      3       43
  AVERAGE         54                        56     -2       62

PRECIPITATION (IN)
  YESTERDAY        0.06         MM      MM   0.07  -0.01     0.00
  MONTH TO DATE    2.98                      1.49   1.49     0.56
  SINCE OCT 1      7.56                      8.81  -1.25     6.89
  SINCE JAN 1      4.79                      5.60  -0.81     5.03

SNOWFALL (IN)
  YESTERDAY       MM
  MONTH TO DATE   MM
  SINCE MAR 1     MM
  SINCE JUL 1     MM
  SNOW DEPTH      MM

DEGREE DAYS
 HEATING
  YESTERDAY       11                        10      1        3
  MONTH TO DATE  313                       356    -43      312
  SINCE MAR 1   1649                      1948   -299     1801
  SINCE JUL 1   6733                      7921  -1188     7616

 COOLING
  YESTERDAY        0                         0      0        0
  MONTH TO DATE    0                         0      0        0
  SINCE MAR 1      0                         0      0        0
  SINCE JAN 1      0                         0      0        0
..................................................................


WIND (MPH)
  HIGHEST WIND SPEED    24   HIGHEST WIND DIRECTION     W (290)
  HIGHEST GUST SPEED    44   HIGHEST GUST DIRECTION     W (270)
  AVERAGE WIND SPEED     5.9


SKY COVER
  POSSIBLE SUNSHINE  MM
  AVERAGE SKY COVER 0.5


WEATHER CONDITIONS
 THE FOLLOWING WEATHER WAS RECORDED YESTERDAY.
  THUNDERSTORM
  RAIN
  LIGHT RAIN


RELATIVE HUMIDITY (PERCENT)
 HIGHEST    93          1200 AM
 LOWEST     57           100 PM
 AVERAGE    75

..........................................................


THE REXBURG ID CLIMATE NORMALS FOR TODAY
                         NORMAL    RECORD    YEAR
 MAXIMUM TEMPERATURE (F)   69        92      2003
 MINIMUM TEMPERATURE (F)   42        34      2006


SUNRISE AND SUNSET
MAY 28 2015...........SUNRISE   550 AM MDT   SUNSET   859 PM MDT
MAY 29 2015...........SUNRISE   550 AM MDT   SUNSET   900 PM MDT


-  INDICATES NEGATIVE NUMBERS.
R  INDICATES RECORD WAS SET OR TIED.
MM INDICATES DATA IS MISSING.
T  INDICATES TRACE AMOUNT.




$$
