000
CDUS46 KSTO 210853
CLISAC

CLIMATE REPORT
NATIONAL WEATHER SERVICE SACRAMENTO, CA
1249 AM PST TUE FEB 21 2017


...................................

...THE SACRAMENTO EXEC. AIRPORT CA CLIMATE SUMMARY FOR FEBRUARY 20 2017...

CLIMATE NORMAL PERIOD 1981 TO 2010
CLIMATE RECORD PERIOD 1930 TO 2017


WEATHER ITEM   OBSERVED TIME   RECORD YEAR NORMAL DEPARTURE LAST
                VALUE   (LST)  VALUE       VALUE  FROM      YEAR
                                                  NORMAL
..................................................................
TEMPERATURE (F)
 YESTERDAY
  MAXIMUM         58   1159 PM  72    1995  62     -4       61
  MINIMUM         52    444 AM  30    2013  42     10       43
                                      2011
  AVERAGE         55

PRECIPITATION (IN)
  YESTERDAY        1.74R         0.94 1979   0.13   1.61     0.00
  MONTH TO DATE    8.18                      2.50   5.68     0.82
  SINCE OCT 1     27.55                     12.42  15.13     9.70
  SINCE JAN 1     18.10                      6.14  11.96     6.26

SNOWFALL (IN)
  YESTERDAY        0.0          MM      MM   0.0             0.0
  MONTH TO DATE    0.0                       0.0             0.0
  SINCE DEC 1      0.0                       0.0             0.0
  SINCE JUL 1      0.0                       0.0             0.0

DEGREE DAYS
 HEATING
  YESTERDAY       10

 COOLING
  YESTERDAY        0
..................................................................


WIND (MPH)
  RESULTANT WIND SPEED  11   RESULTANT WIND DIRECTION  SE (150)
  HIGHEST WIND SPEED    22   HIGHEST WIND DIRECTION     S (160)
  HIGHEST GUST SPEED    35   HIGHEST GUST DIRECTION    SE (130)


SKY COVER
  POSSIBLE SUNSHINE  MM
  AVERAGE SKY COVER 1.0


WEATHER CONDITIONS
 THE FOLLOWING WEATHER WAS RECORDED YESTERDAY.
  HEAVY RAIN
  RAIN
  LIGHT RAIN
  FOG


RELATIVE HUMIDITY (PERCENT)
 HIGHEST   100
 LOWEST     77
 AVERAGE    89

..........................................................


THE SACRAMENTO EXEC. AIRPORT CA CLIMATE NORMALS FOR TODAY
                         NORMAL    RECORD    YEAR
 MAXIMUM TEMPERATURE (F)   62        73      1985
 MINIMUM TEMPERATURE (F)   42        29      2006
                                             1953


SUNRISE AND SUNSET
FEBRUARY 21 2017......SUNRISE   649 AM PST   SUNSET   551 PM PST
FEBRUARY 22 2017......SUNRISE   647 AM PST   SUNSET   552 PM PST


-  INDICATES NEGATIVE NUMBERS.
R  INDICATES RECORD WAS SET OR TIED.
MM INDICATES DATA IS MISSING.
T  INDICATES TRACE AMOUNT.




&&
....................................................................

SACRAMENTO CITY CLIMATE DATA FOR MONDAY FEBRUARY 20 2017

HIGH...   57  RECORD HIGH    75 IN 1995    NORMAL    HIGH   63
LOW....   52  RECORD LOW     31 IN 1953    NORMAL    LOW    45

RAIN SINCE MIDNIGHT....  1.69R       OLD RECORD THIS DATE....... 1.21 IN 1914
TOTAL THIS MONTH.......  7.90        NORMAL SINCE OCT 1ST.........13.57
TOTAL SINCE OCT 1ST...  27.26        PERCENT OF NORMAL.............201%


$$
NNNN
