000
CDUS46 KSTO 130846
CLISAC

CLIMATE REPORT
NATIONAL WEATHER SERVICE SACRAMENTO, CA
1244 AM PST WED DEC 13 2017


................................................................

...THE SACRAMENTO EXEC. AIRPORT CA CLIMATE SUMMARY FOR DECEMBER 12 2017...

CLIMATE NORMAL PERIOD 1981 TO 2010
CLIMATE RECORD PERIOD 1930 TO 2017


WEATHER ITEM   OBSERVED TIME   RECORD YEAR NORMAL DEPARTURE LAST
                VALUE   (LST)  VALUE       VALUE  FROM      YEAR
                                                  NORMAL
..................................................................
TEMPERATURE (F)
 YESTERDAY
  MAXIMUM         62    321 PM  69    1958  54      8       54
  MINIMUM         31    738 AM  25    1972  38     -7       42
  AVERAGE         47

PRECIPITATION (IN)
  YESTERDAY        0.00          1.37 1995   0.10  -0.10     0.00
  MONTH TO DATE    0.03                      1.15  -1.12     1.21
  SINCE OCT 1      2.31                      4.18  -1.87     7.05
  SINCE JAN 1     25.94                     16.42   9.52    19.80

SNOWFALL (IN)
  YESTERDAY        0.0           0.0  2001   0.0             0.0
  MONTH TO DATE    0.0                       0.0             0.0
  SINCE DEC 1      0.0                       0.0             0.0
  SINCE JUL 1      0.0                       0.0             0.0

DEGREE DAYS
 HEATING
  YESTERDAY       18

 COOLING
  YESTERDAY        0
..................................................................


WIND (MPH)
  RESULTANT WIND SPEED   0   RESULTANT WIND DIRECTION  NW (330)
  HIGHEST WIND SPEED     5   HIGHEST WIND DIRECTION    NW (310)
  HIGHEST GUST SPEED     6   HIGHEST GUST DIRECTION     N (340)


SKY COVER
  POSSIBLE SUNSHINE  MM
  AVERAGE SKY COVER 0.0


WEATHER CONDITIONS
 THE FOLLOWING WEATHER WAS RECORDED YESTERDAY.
  FOG


RELATIVE HUMIDITY (PERCENT)
 HIGHEST   100
 LOWEST     42
 AVERAGE    71

..........................................................


THE SACRAMENTO EXEC. AIRPORT CA CLIMATE NORMALS FOR TODAY
                         NORMAL    RECORD    YEAR
 MAXIMUM TEMPERATURE (F)   54        67      1988
 MINIMUM TEMPERATURE (F)   38        20      1972


SUNRISE AND SUNSET
DECEMBER 13 2017......SUNRISE   715 AM PST   SUNSET   446 PM PST
DECEMBER 14 2017......SUNRISE   716 AM PST   SUNSET   446 PM PST


-  INDICATES NEGATIVE NUMBERS.
R  INDICATES RECORD WAS SET OR TIED.
MM INDICATES DATA IS MISSING.
T  INDICATES TRACE AMOUNT.


&&
....................................................................

SACRAMENTO CITY CLIMATE DATA FOR TUESDAY DECEMBER 12 2017

HIGH...   64  RECORD HIGH    71 IN 1958    NORMAL    HIGH   55
LOW....   35  RECORD LOW     21 IN 1932    NORMAL    LOW    40

RAIN SINCE MIDNIGHT....  0.00   RECORD THIS DATE....... 1.09 IN 1922
TOTAL THIS MONTH.......  0.03   NORMAL SINCE OCT 1ST.........  4.72
TOTAL SINCE OCT 1ST...   2.62   PERCENT OF NORMAL.............  56%


$$
NNNN
