000
CDUS46 KSTO 231445
CLISAC

CLIMATE REPORT
NATIONAL WEATHER SERVICE SACRAMENTO, CA
744 AM PDT WED APR 23 2014


...................................

...THE SACRAMENTO EXEC. AIRPORT CA CLIMATE SUMMARY FOR APRIL 22 2014...

CLIMATE NORMAL PERIOD 1981 TO 2010
CLIMATE RECORD PERIOD 1930 TO 2014


WEATHER ITEM   OBSERVED TIME   RECORD YEAR NORMAL DEPARTURE LAST
                VALUE   (LST)  VALUE       VALUE  FROM      YEAR
                                                  NORMAL
..................................................................
TEMPERATURE (F)
 YESTERDAY
  MAXIMUM         69    331 PM  92    2009  73     -4       89
  MINIMUM         48   1038 PM  39    1978  47      1       54
                                      1963
                                      1961
  AVERAGE         59

PRECIPITATION (IN)
  YESTERDAY        0.00          0.52 1990   0.04  -0.04     0.00
  MONTH TO DATE    1.38                      0.91   0.47     0.69
  SINCE JUL 1      9.34                     17.39  -8.05    14.68
  SINCE JAN 1      7.44                     10.77  -3.33     3.39

SNOWFALL (IN)
  YESTERDAY        0.0          MM      MM   0.0             0.0
  MONTH TO DATE    0.0                       0.0             0.0
  SINCE MAR 1      0.0                       0.0             0.0
  SINCE JUL 1      0.0                       0.0             0.0

DEGREE DAYS
 HEATING
  YESTERDAY        6

 COOLING
  YESTERDAY        0
..................................................................


WIND (MPH)
  RESULTANT WIND SPEED   6   RESULTANT WIND DIRECTION  SW (210)
  HIGHEST WIND SPEED    17   HIGHEST WIND DIRECTION     S (200)
  HIGHEST GUST SPEED    26   HIGHEST GUST DIRECTION     S (200)


SKY COVER
  POSSIBLE SUNSHINE  MM
  AVERAGE SKY COVER 0.3


WEATHER CONDITIONS
 THE FOLLOWING WEATHER WAS RECORDED YESTERDAY.
  NO SIGNIFICANT WEATHER WAS OBSERVED.


RELATIVE HUMIDITY (PERCENT)
 HIGHEST    86
 LOWEST     27
 AVERAGE    57

..........................................................


THE SACRAMENTO EXEC. AIRPORT CA CLIMATE NORMALS FOR TODAY
                         NORMAL    RECORD    YEAR
 MAXIMUM TEMPERATURE (F)   73        89      1962
 MINIMUM TEMPERATURE (F)   47        37      1964


SUNRISE AND SUNSET
APRIL 23 2014.........SUNRISE   619 AM PDT   SUNSET   750 PM PDT
APRIL 24 2014.........SUNRISE   618 AM PDT   SUNSET   751 PM PDT


-  INDICATES NEGATIVE NUMBERS.
R  INDICATES RECORD WAS SET OR TIED.
MM INDICATES DATA IS MISSING.
T  INDICATES TRACE AMOUNT.

&&
....................................................................

SACRAMENTO CITY CLIMATE DATA FOR TUESDAY APRIL 22 2014

HIGH...   72  RECORD HIGH    94 IN 2009    NORMAL    HIGH   74
LOW....   50  RECORD LOW     39 IN 1920    NORMAL    LOW    50

RAIN SINCE MIDNIGHT....  0.00   RECORD THIS DATE....... 0.52 IN 1990
TOTAL THIS MONTH.......  1.31   NORMAL SEASON TO DATE.........  19.04
TOTAL SINCE JULY 1ST...  9.68   PERCENT OF NORMAL.............   50%


$$
NNNN
