000
CDUS46 KSTO 300837 RRA
CLISAC

CLIMATE REPORT
NATIONAL WEATHER SERVICE SACRAMENTO, CA
135 AM PDT FRI SEP 30 2016


...................................

...THE SACRAMENTO EXEC. AIRPORT CA CLIMATE SUMMARY FOR SEPTEMBER 29 2016...

CLIMATE NORMAL PERIOD 1981 TO 2010
CLIMATE RECORD PERIOD 1930 TO 2016


WEATHER ITEM   OBSERVED TIME   RECORD YEAR NORMAL DEPARTURE LAST
                VALUE   (LST)  VALUE       VALUE  FROM      YEAR
                                                  NORMAL
..................................................................
TEMPERATURE (F)
 YESTERDAY
  MAXIMUM         84    244 PM 102    2010  84      0       78
                                      1966
  MINIMUM         54    556 AM  46    1986  54      0       56
                                      1947
  AVERAGE         69

PRECIPITATION (IN)
  YESTERDAY        0.00          0.70 1957   0.02  -0.02     0.00
  MONTH TO DATE    T                         0.27  -0.27     0.02
  SINCE OCT 1     16.19                     18.50  -2.31    15.43
  SINCE JAN 1     12.75                     12.22   0.53     5.05

SNOWFALL (IN)
  YESTERDAY        0.0           0.0  2002   0.0             0.0
                                      2001
  MONTH TO DATE    0.0                       0.0             0.0
  SINCE SEP 1      0.0                       0.0             0.0
  SINCE JUL 1      0.0                       0.0             0.0

DEGREE DAYS
 HEATING
  YESTERDAY        0

 COOLING
  YESTERDAY        4
..................................................................


WIND (MPH)
  RESULTANT WIND SPEED   7   RESULTANT WIND DIRECTION   S (190)
  HIGHEST WIND SPEED    14   HIGHEST WIND DIRECTION    SW (210)
  HIGHEST GUST SPEED    19   HIGHEST GUST DIRECTION    SW (210)


SKY COVER
  POSSIBLE SUNSHINE  MM
  AVERAGE SKY COVER 0.0


WEATHER CONDITIONS
 THE FOLLOWING WEATHER WAS RECORDED YESTERDAY.
  NO SIGNIFICANT WEATHER WAS OBSERVED.


RELATIVE HUMIDITY (PERCENT)
 HIGHEST    86
 LOWEST     26
 AVERAGE    56

..........................................................


THE SACRAMENTO EXEC. AIRPORT CA CLIMATE NORMALS FOR TODAY
                         NORMAL    RECORD    YEAR
 MAXIMUM TEMPERATURE (F)   84       101      1991
 MINIMUM TEMPERATURE (F)   54        42      2007


SUNRISE AND SUNSET
SEPTEMBER 30 2016.....SUNRISE   701 AM PDT   SUNSET   649 PM PDT
OCTOBER  1 2016.......SUNRISE   702 AM PDT   SUNSET   648 PM PDT


-  INDICATES NEGATIVE NUMBERS.
R  INDICATES RECORD WAS SET OR TIED.
MM INDICATES DATA IS MISSING.
T  INDICATES TRACE AMOUNT.




&&
....................................................................

SACRAMENTO CITY CLIMATE DATA FOR THURSDAY SEPTEMBER 29 2016

HIGH...   88  RECORD HIGH   103 IN 1966    NORMAL    HIGH   85
LOW....   56  RECORD LOW     47 IN 2007    NORMAL    LOW    56

RAIN SINCE MIDNIGHT....  0.00   RECORD THIS DATE.......  0.8 IN 1890
TOTAL THIS MONTH.......  0.00   NORMAL SINCE OCT 1ST.........  20.25
TOTAL SINCE OCT 1ST... 16.97   PERCENT OF NORMAL.............  84%


$$
NNNN
