000
CDUS46 KSTO 191502
CLISAC

CLIMATE REPORT
NATIONAL WEATHER SERVICE SACRAMENTO, CA
735 AM PDT SAT APR 19 2014


...................................

...THE SACRAMENTO EXEC. AIRPORT CA CLIMATE SUMMARY FOR APRIL 18 2014...

CLIMATE NORMAL PERIOD 1981 TO 2010
CLIMATE RECORD PERIOD 1930 TO 2014


WEATHER ITEM   OBSERVED TIME   RECORD YEAR NORMAL DEPARTURE LAST
                VALUE   (LST)  VALUE       VALUE  FROM      YEAR
                                                  NORMAL
..................................................................
TEMPERATURE (F)
 YESTERDAY
  MAXIMUM         80    230 PM  89    1954  72      8       77
  MINIMUM         56   1159 PM  36    2007  46     10       45
  AVERAGE         68

PRECIPITATION (IN)
  YESTERDAY        0.00          0.44 1983   0.03  -0.03     0.00
  MONTH TO DATE    1.38                      0.77   0.61     0.69
  SINCE JUL 1      9.34                     17.25  -7.91    14.68
  SINCE JAN 1      7.44                     10.63  -3.19     3.39

SNOWFALL (IN)
  YESTERDAY        0.0          MM      MM   0.0             0.0
  MONTH TO DATE    0.0                       0.0             0.0
  SINCE MAR 1      0.0                       0.0             0.0
  SINCE JUL 1      0.0                       0.0             0.0

DEGREE DAYS
 HEATING
  YESTERDAY        0

 COOLING
  YESTERDAY        3
..................................................................


WIND (MPH)
  RESULTANT WIND SPEED   4   RESULTANT WIND DIRECTION   W (280)
  HIGHEST WIND SPEED    15   HIGHEST WIND DIRECTION    SW (230)
  HIGHEST GUST SPEED    20   HIGHEST GUST DIRECTION    SW (210)


SKY COVER
  POSSIBLE SUNSHINE  MM
  AVERAGE SKY COVER 0.0


WEATHER CONDITIONS
 THE FOLLOWING WEATHER WAS RECORDED YESTERDAY.
  NO SIGNIFICANT WEATHER WAS OBSERVED.


RELATIVE HUMIDITY (PERCENT)
 HIGHEST    72
 LOWEST     35
 AVERAGE    54

..........................................................


THE SACRAMENTO EXEC. AIRPORT CA CLIMATE NORMALS FOR TODAY
                         NORMAL    RECORD    YEAR
 MAXIMUM TEMPERATURE (F)   72        90      2009
 MINIMUM TEMPERATURE (F)   47        35      1961


SUNRISE AND SUNSET
APRIL 19 2014.........SUNRISE   624 AM PDT   SUNSET   747 PM PDT
APRIL 20 2014.........SUNRISE   623 AM PDT   SUNSET   747 PM PDT


-  INDICATES NEGATIVE NUMBERS.
R  INDICATES RECORD WAS SET OR TIED.
MM INDICATES DATA IS MISSING.
T  INDICATES TRACE AMOUNT.






&&
....................................................................

SACRAMENTO CITY CLIMATE DATA FOR FRIDAY APRIL 18 2014

HIGH...   83  RECORD HIGH    91 IN 1939    NORMAL    HIGH   73
LOW....   58  RECORD LOW     38 IN 1933    NORMAL    LOW    49

RAIN SINCE MIDNIGHT....  0.00   RECORD THIS DATE.......  0.9 IN 1890
TOTAL THIS MONTH.......  1.31   NORMAL SEASON TO DATE......... 18.88
TOTAL SINCE JULY 1ST...  9.68   PERCENT OF NORMAL.............   51%


$$
