000
CDUS46 KSTO 200909
CLISAC

CLIMATE REPORT
NATIONAL WEATHER SERVICE SACRAMENTO, CA
208 AM PDT FRI OCT 20 2017


..................................................................

...THE SACRAMENTO EXEC. AIRPORT CA CLIMATE SUMMARY FOR OCTOBER 19 2017...

CLIMATE NORMAL PERIOD 1981 TO 2010
CLIMATE RECORD PERIOD 1930 TO 2017


WEATHER ITEM   OBSERVED TIME   RECORD YEAR NORMAL DEPARTURE LAST
                VALUE   (LST)  VALUE       VALUE  FROM      YEAR
                                                  NORMAL
..................................................................
TEMPERATURE (F)
 YESTERDAY
  MAXIMUM         70   1231 PM  91    1991  77     -7       77
  MINIMUM         51    121 AM  38    1969  50      1       46
  AVERAGE         61

PRECIPITATION (IN)
  YESTERDAY        0.10          0.80 2004   0.03   0.07     0.00
  MONTH TO DATE    0.10                      0.44  -0.34     2.01
  SINCE OCT 1      0.10                      0.44  -0.34     2.01
  SINCE JAN 1     23.73                     12.68  11.05    14.76

SNOWFALL (IN)
  YESTERDAY        0.0           0.0  2002   0.0             0.0
                                      2001
  MONTH TO DATE    0.0                       0.0             0.0
  SINCE SEP 1      0.0                       0.0             0.0
  SINCE JUL 1      0.0                       0.0             0.0

DEGREE DAYS
 HEATING
  YESTERDAY        4

 COOLING
  YESTERDAY        0
..................................................................


WIND (MPH)
  RESULTANT WIND SPEED  10   RESULTANT WIND DIRECTION   S (200)
  HIGHEST WIND SPEED    31   HIGHEST WIND DIRECTION     W (270)
  HIGHEST GUST SPEED    37   HIGHEST GUST DIRECTION     W (270)


SKY COVER
  POSSIBLE SUNSHINE  MM
  AVERAGE SKY COVER 0.5


WEATHER CONDITIONS
 THE FOLLOWING WEATHER WAS RECORDED YESTERDAY.
  HEAVY RAIN
  RAIN
  FOG


RELATIVE HUMIDITY (PERCENT)
 HIGHEST    96
 LOWEST     61
 AVERAGE    79

..........................................................


THE SACRAMENTO EXEC. AIRPORT CA CLIMATE NORMALS FOR TODAY
                         NORMAL    RECORD    YEAR
 MAXIMUM TEMPERATURE (F)   76        94      1991
 MINIMUM TEMPERATURE (F)   49        35      1949


SUNRISE AND SUNSET
OCTOBER 20 2017.......SUNRISE   720 AM PDT   SUNSET   620 PM PDT
OCTOBER 21 2017.......SUNRISE   721 AM PDT   SUNSET   619 PM PDT


-  INDICATES NEGATIVE NUMBERS.
R  INDICATES RECORD WAS SET OR TIED.
MM INDICATES DATA IS MISSING.
T  INDICATES TRACE AMOUNT.

&&
....................................................................

SACRAMENTO CITY CLIMATE DATA FOR THURSDAY OCTOBER 19 2017

HIGH...   73  RECORD HIGH    91 IN 1991    NORMAL    HIGH   77
LOW....   51  RECORD LOW     43 IN 1949    NORMAL    LOW    52

RAIN SINCE MIDNIGHT....  0.07   RECORD THIS DATE....... 0.82 IN 2004
TOTAL THIS MONTH.......  0.07   NORMAL SINCE OCT 1ST.........  0.49
TOTAL SINCE OCT 1ST...   0.07   PERCENT OF NORMAL.............  14%


$$
NNNN
