000
CDUS46 KSGX 271423
CLISAN


CLIMATE REPORT
NATIONAL WEATHER SERVICE SAN DIEGO, CA
722 AM PDT FRI MAY 27 2016


...................................

...THE SAN DIEGO/LINDBERGH FIELD CA CLIMATE SUMMARY FOR MAY 26 2016...

CLIMATE NORMAL PERIOD 1981 TO 2010
CLIMATE RECORD PERIOD 1874 TO 2016


WEATHER ITEM   OBSERVED TIME   RECORD YEAR NORMAL DEPARTURE LAST
                VALUE   (LST)  VALUE       VALUE  FROM      YEAR
                                                  NORMAL
..................................................................
TEMPERATURE (F)
 YESTERDAY
  MAXIMUM         69    340 PM  87    1896  69      0       67
  MINIMUM         62    536 AM  50    1916  60      2       62
                                      1911
  AVERAGE         66                        64      2       65

PRECIPITATION (IN)
  YESTERDAY        0.00          0.10 1942   0.01  -0.01      T
  MONTH TO DATE    0.43                      0.11   0.32     2.39
  SINCE OCT 1      7.85                     10.06  -2.21     8.91
  SINCE JAN 1      5.00                      6.95  -1.95     4.04

DEGREE DAYS
 HEATING
  YESTERDAY        0                         1     -1        0
  MONTH TO DATE   10                        52    -42       37
  SINCE MAR 1    106                       343   -237       94
  SINCE JUL 1    646                      1201   -555      440

 COOLING
  YESTERDAY        1                         1      0        0
  MONTH TO DATE   15                        26    -11        9
  SINCE MAR 1     69                        45     24      156
  SINCE JAN 1    114                        50     64      178
..................................................................


WIND (MPH)
  RESULTANT WIND SPEED   4   RESULTANT WIND DIRECTION   W (260)
  HIGHEST WIND SPEED    13   HIGHEST WIND DIRECTION     W (280)
  HIGHEST GUST SPEED    16   HIGHEST GUST DIRECTION     W (260)
  AVERAGE WIND SPEED     6.5


SKY COVER
  POSSIBLE SUNSHINE  MM
  AVERAGE SKY COVER 0.8


WEATHER CONDITIONS
 THE FOLLOWING WEATHER WAS RECORDED YESTERDAY.
  NO SIGNIFICANT WEATHER WAS OBSERVED.


RELATIVE HUMIDITY (PERCENT)
 HIGHEST    73           800 PM
 LOWEST     58          1100 AM
 AVERAGE    66

..........................................................


THE SAN DIEGO/LINDBERGH FIELD CA CLIMATE NORMALS FOR TODAY
                         NORMAL    RECORD    YEAR
 MAXIMUM TEMPERATURE (F)   69        84      1915
                                             1880
 MINIMUM TEMPERATURE (F)   60        50      1917


SUNRISE AND SUNSET
MAY 27 2016...........SUNRISE   543 AM PDT   SUNSET   749 PM PDT
MAY 28 2016...........SUNRISE   543 AM PDT   SUNSET   750 PM PDT


-  INDICATES NEGATIVE NUMBERS.
R  INDICATES RECORD WAS SET OR TIED.
MM INDICATES DATA IS MISSING.
T  INDICATES TRACE AMOUNT.




$$
