000
CDUS46 KSGX 301419
CLISAN


CLIMATE REPORT
NATIONAL WEATHER SERVICE SAN DIEGO, CA
719 AM PDT SAT JUL 30 2016


...................................

...THE SAN DIEGO/LINDBERGH FIELD CA CLIMATE SUMMARY FOR JULY 29 2016...

CLIMATE NORMAL PERIOD 1981 TO 2010
CLIMATE RECORD PERIOD 1874 TO 2016


WEATHER ITEM   OBSERVED TIME   RECORD YEAR NORMAL DEPARTURE LAST
                VALUE   (LST)  VALUE       VALUE  FROM      YEAR
                                                  NORMAL
..................................................................
TEMPERATURE (F)
 YESTERDAY
  MAXIMUM         76    916 AM  89    1972  75      1       78
  MINIMUM         68   1159 PM  57    1893  66      2       69
  AVERAGE         72                        71      1       74

PRECIPITATION (IN)
  YESTERDAY        0.00          0.14 1937   0.00   0.00     0.00
  MONTH TO DATE    T                         0.03  -0.03     1.71
  SINCE OCT 1      7.86                     10.17  -2.31    10.66
  SINCE JAN 1      5.01                      7.06  -2.05     5.79

DEGREE DAYS
 HEATING
  YESTERDAY        0                         0      0        0
  MONTH TO DATE    0                         0      0        0
  SINCE JUN 1      0                        18    -18        1
  SINCE JUL 1      0                         0      0        0

 COOLING
  YESTERDAY        7                         6      1        9
  MONTH TO DATE  176                       146     30      216
  SINCE JUN 1    301                       206     95      339
  SINCE JAN 1    419                       255    164      522
..................................................................


WIND (MPH)
  RESULTANT WIND SPEED   4   RESULTANT WIND DIRECTION  SW (230)
  HIGHEST WIND SPEED    13   HIGHEST WIND DIRECTION    SW (220)
  HIGHEST GUST SPEED    16   HIGHEST GUST DIRECTION    SW (210)
  AVERAGE WIND SPEED     6.1


SKY COVER
  POSSIBLE SUNSHINE  MM
  AVERAGE SKY COVER 0.4


WEATHER CONDITIONS
 THE FOLLOWING WEATHER WAS RECORDED YESTERDAY.
  NO SIGNIFICANT WEATHER WAS OBSERVED.


RELATIVE HUMIDITY (PERCENT)
 HIGHEST    90          1200 AM
 LOWEST     73           100 PM
 AVERAGE    82

..........................................................


THE SAN DIEGO/LINDBERGH FIELD CA CLIMATE NORMALS FOR TODAY
                         NORMAL    RECORD    YEAR
 MAXIMUM TEMPERATURE (F)   76       100      1930
 MINIMUM TEMPERATURE (F)   67        56      1896


SUNRISE AND SUNSET
JULY 30 2016..........SUNRISE   602 AM PDT   SUNSET   748 PM PDT
JULY 31 2016..........SUNRISE   602 AM PDT   SUNSET   747 PM PDT


-  INDICATES NEGATIVE NUMBERS.
R  INDICATES RECORD WAS SET OR TIED.
MM INDICATES DATA IS MISSING.
T  INDICATES TRACE AMOUNT.




$$
