000
CDUS46 KSGX 070015
CLISAN


CLIMATE REPORT
NATIONAL WEATHER SERVICE SAN DIEGO, CA
515 PM PDT MON JUL 6 2015


...................................

...THE SAN DIEGO/LINDBERGH FIELD CA CLIMATE SUMMARY FOR JULY 6 2015...
VALID TODAY AS OF 0500 PM LOCAL TIME.

CLIMATE NORMAL PERIOD 1981 TO 2010
CLIMATE RECORD PERIOD 1874 TO 2015


WEATHER ITEM   OBSERVED TIME   RECORD YEAR NORMAL DEPARTURE LAST
                VALUE   (LST)  VALUE       VALUE  FROM      YEAR
                                                  NORMAL
..................................................................
TEMPERATURE (F)
 TODAY
  MAXIMUM         71    340 PM  83    2014  74     -3       83
                                      1981
  MINIMUM         66    534 AM  57    1948  64      2       71
                                      1894
  AVERAGE         69                        69      0       77

PRECIPITATION (IN)
  TODAY            0.00          0.03 1968   0.00   0.00     0.00
  MONTH TO DATE    0.01                      0.00   0.01     0.00
  SINCE OCT 1      8.96                     10.14  -1.18     5.01
  SINCE JAN 1      4.09                      7.03  -2.94     2.82

SNOWFALL (IN)
  TODAY            0.0
  MONTH TO DATE    0.0
  SINCE JUN 1      0.0
  SINCE JUL 1      0.0
  SNOW DEPTH       0

DEGREE DAYS
 HEATING
  TODAY            0                         0      0        0
  MONTH TO DATE    0                         0      0        0
  SINCE JUN 1      1                        18    -17        0
  SINCE JUL 1      0                         0      0        0

 COOLING
  TODAY            4                         4      0       12
  MONTH TO DATE   39                        24     15       51
  SINCE JUN 1    162                        84     78      163
  SINCE JAN 1    345                       133    212      402
..................................................................


WIND (MPH)
  RESULTANT WIND SPEED   6   RESULTANT WIND DIRECTION  NW (300)
  HIGHEST WIND SPEED    13   HIGHEST WIND DIRECTION     W (280)
  HIGHEST GUST SPEED    15   HIGHEST GUST DIRECTION     W (290)
  AVERAGE WIND SPEED     6.5


SKY COVER
  POSSIBLE SUNSHINE  MM
  AVERAGE SKY COVER 1.0


WEATHER CONDITIONS
 THE FOLLOWING WEATHER WAS RECORDED TODAY.
  NO SIGNIFICANT WEATHER WAS OBSERVED.


RELATIVE HUMIDITY (PERCENT)
 HIGHEST    81           800 AM
 LOWEST     70           100 PM
 AVERAGE    76

..........................................................


THE SAN DIEGO/LINDBERGH FIELD CA CLIMATE NORMALS FOR TOMORROW
                         NORMAL    RECORD    YEAR
 MAXIMUM TEMPERATURE (F)   74        86      1954
 MINIMUM TEMPERATURE (F)   65        56      1915


SUNRISE AND SUNSET
JULY  6 2015..........SUNRISE   547 AM PDT   SUNSET   800 PM PDT
JULY  7 2015..........SUNRISE   547 AM PDT   SUNSET   800 PM PDT


-  INDICATES NEGATIVE NUMBERS.
R  INDICATES RECORD WAS SET OR TIED.
MM INDICATES DATA IS MISSING.
T  INDICATES TRACE AMOUNT.




$$
