000
CDUS46 KSGX 211238
CLISAN


CLIMATE REPORT
NATIONAL WEATHER SERVICE SAN DIEGO, CA
437 AM PST WED FEB 21 2018


...................................

...THE SAN DIEGO INTL AIRPORT CA CLIMATE SUMMARY FOR FEBRUARY 20 2018...

CLIMATE NORMAL PERIOD 1981 TO 2010
CLIMATE RECORD PERIOD 1874 TO 2018


WEATHER ITEM   OBSERVED TIME   RECORD YEAR NORMAL DEPARTURE LAST
                VALUE   (LST)  VALUE       VALUE  FROM      YEAR
                                                  NORMAL
..................................................................
TEMPERATURE (F)
 YESTERDAY
  MAXIMUM         60    243 PM  81    1982  65     -5       69
  MINIMUM         45    715 AM  37    1882  51     -6       56
  AVERAGE         53                        58     -5       63

PRECIPITATION (IN)
  YESTERDAY        0.00          1.41 1980   0.09  -0.09     0.00
  MONTH TO DATE    T                         1.60  -1.60     1.31
  SINCE OCT 1      1.87                      6.69  -4.82     9.22
  SINCE JAN 1      1.78                      3.58  -1.80     4.32

DEGREE DAYS
 HEATING
  YESTERDAY       12                         7      5        2
  MONTH TO DATE   69                       146    -77       85
  SINCE DEC 1    328                       656   -328      483
  SINCE JUL 1    366                       801   -435      533

 COOLING
  YESTERDAY        0                         0      0        0
  MONTH TO DATE    4                         0      4        0
  SINCE DEC 1     20                         2     18        4
  SINCE JAN 1     17                         2     15        0
..................................................................


WIND (MPH)
  RESULTANT WIND SPEED   3   RESULTANT WIND DIRECTION  NW (310)
  HIGHEST WIND SPEED    17   HIGHEST WIND DIRECTION     W (270)
  HIGHEST GUST SPEED    21   HIGHEST GUST DIRECTION     W (260)
  AVERAGE WIND SPEED     5.7


SKY COVER
  POSSIBLE SUNSHINE  MM
  AVERAGE SKY COVER 0.1


WEATHER CONDITIONS
 THE FOLLOWING WEATHER WAS RECORDED YESTERDAY.
  NO SIGNIFICANT WEATHER WAS OBSERVED.


RELATIVE HUMIDITY (PERCENT)
 HIGHEST    65           500 AM
 LOWEST     17           100 PM
 AVERAGE    41

..........................................................


THE SAN DIEGO INTL AIRPORT CA CLIMATE NORMALS FOR TODAY
                         NORMAL    RECORD    YEAR
 MAXIMUM TEMPERATURE (F)   65        83      1981
 MINIMUM TEMPERATURE (F)   51        39      1953
                                             1882


SUNRISE AND SUNSET
FEBRUARY 21 2018......SUNRISE   625 AM PST   SUNSET   539 PM PST
FEBRUARY 22 2018......SUNRISE   624 AM PST   SUNSET   540 PM PST


-  INDICATES NEGATIVE NUMBERS.
R  INDICATES RECORD WAS SET OR TIED.
MM INDICATES DATA IS MISSING.
T  INDICATES TRACE AMOUNT.




$$
