000
CDUS46 KSGX 311418
CLISAN


CLIMATE REPORT
NATIONAL WEATHER SERVICE SAN DIEGO, CA
718 AM PDT THU JUL 31 2014


...................................

...THE SAN DIEGO/LINDBERGH FIELD CA CLIMATE SUMMARY FOR JULY 30 2014...

CLIMATE NORMAL PERIOD 1981 TO 2010
CLIMATE RECORD PERIOD 1850 TO 2014


WEATHER ITEM   OBSERVED TIME   RECORD YEAR NORMAL DEPARTURE LAST
                VALUE   (LST)  VALUE       VALUE  FROM      YEAR
                                                  NORMAL
..................................................................
TEMPERATURE (F)
 YESTERDAY
  MAXIMUM         81    133 PM 100    1930  76      5       73
  MINIMUM         71   1151 PM  56    1896  67      4       65
  AVERAGE         76                        71      5       69

PRECIPITATION (IN)
  YESTERDAY        0.00          0.01 1923   0.00   0.00     0.00
  MONTH TO DATE    T                         0.03  -0.03     0.05
  SINCE JUL 1      T                         0.03  -0.03     0.05
  SINCE JAN 1      2.82                      7.06  -4.24     3.38

SNOWFALL (IN)
  YESTERDAY        0.0
  MONTH TO DATE    0.0
  SINCE JAN 1      0.0
  SINCE JUL 1      0.0
  SNOW DEPTH       0

DEGREE DAYS
 HEATING
  YESTERDAY        0                         0      0        0
  MONTH TO DATE    0                         0      0        0
  SINCE JUN 1      0                        18    -18       15
  SINCE JUL 1      0                         0      0        0

 COOLING
  YESTERDAY       11                         6      5        4
  MONTH TO DATE  262                       152    110      167
  SINCE JUN 1    374                       212    162      237
  SINCE JAN 1    613                       261    352      291
..................................................................


WIND (MPH)
  RESULTANT WIND SPEED   5   RESULTANT WIND DIRECTION  NW (300)
  HIGHEST WIND SPEED    13   HIGHEST WIND DIRECTION     W (290)
  HIGHEST GUST SPEED    16   HIGHEST GUST DIRECTION     W (280)
  AVERAGE WIND SPEED     5.8


SKY COVER
  POSSIBLE SUNSHINE  MM
  AVERAGE SKY COVER 0.5


WEATHER CONDITIONS
 THE FOLLOWING WEATHER WAS RECORDED YESTERDAY.
  NO SIGNIFICANT WEATHER WAS OBSERVED.


RELATIVE HUMIDITY (PERCENT)
 HIGHEST    84          1200 AM
 LOWEST     54           100 PM
 AVERAGE    69

..........................................................


THE SAN DIEGO/LINDBERGH FIELD CA CLIMATE NORMALS FOR TODAY
                         NORMAL    RECORD    YEAR
 MAXIMUM TEMPERATURE (F)   76        92      1930
 MINIMUM TEMPERATURE (F)   67        58      1924


SUNRISE AND SUNSET
JULY 31 2014..........SUNRISE   602 AM PDT   SUNSET   748 PM PDT
AUGUST  1 2014........SUNRISE   603 AM PDT   SUNSET   747 PM PDT


-  INDICATES NEGATIVE NUMBERS.
R  INDICATES RECORD WAS SET OR TIED.
MM INDICATES DATA IS MISSING.
T  INDICATES TRACE AMOUNT.




$$
