000
CDUS44 KEWX 210735
CLISAT


CLIMATE REPORT
NATIONAL WEATHER SERVICE AUSTIN/SAN ANTONIO, TX
133 AM CST SUN DEC 21 2014


...................................

...THE SAN ANTONIO CLIMATE SUMMARY FOR DECEMBER 20 2014...

CLIMATE NORMAL PERIOD 1981 TO 2010
CLIMATE RECORD PERIOD 1886 TO 2014


WEATHER ITEM   OBSERVED TIME   RECORD YEAR NORMAL DEPARTURE LAST
                VALUE   (LST)  VALUE       VALUE  FROM      YEAR
                                                  NORMAL
..................................................................
TEMPERATURE (F)
 YESTERDAY
  MAXIMUM         60    258 PM  85    1951  63     -3       77
  MINIMUM         48    630 AM  21    1924  41      7       65
  AVERAGE         54                        52      2       71

PRECIPITATION (IN)
  YESTERDAY        0.00          2.52 1997   0.06  -0.06     0.00
  MONTH TO DATE    0.95                      1.20  -0.25     0.06
  SINCE DEC 1      0.95                      1.20  -0.25     0.06
  SINCE JAN 1     27.91                     31.56  -3.65    31.51

SNOWFALL (IN)
  YESTERDAY        0.0
  MONTH TO DATE    0.0
  SINCE DEC 1      0.0
  SINCE JUL 1      0.0
  SNOW DEPTH       0

DEGREE DAYS
 HEATING
  YESTERDAY       11                        13     -2        0
  MONTH TO DATE  100                       238   -138      253
  SINCE DEC 1    100                       238   -138      253
  SINCE JUL 1    347                       449   -102      481

 COOLING
  YESTERDAY        0                         0      0        6
  MONTH TO DATE    7                         7      0       18
  SINCE DEC 1      7                         7      0       18
  SINCE JAN 1   3506                      3124    382     3524
..................................................................


WIND (MPH)
  HIGHEST WIND SPEED    16   HIGHEST WIND DIRECTION    NE (40)
  HIGHEST GUST SPEED    23   HIGHEST GUST DIRECTION    NE (30)
  AVERAGE WIND SPEED     8.3


SKY COVER
  AVERAGE SKY COVER 0.9


WEATHER CONDITIONS
 THE FOLLOWING WEATHER WAS RECORDED YESTERDAY.
  NO SIGNIFICANT WEATHER WAS OBSERVED.


RELATIVE HUMIDITY (PERCENT)
 HIGHEST    86           200 AM
 LOWEST     57           300 PM
 AVERAGE    72

..........................................................


THE SAN ANTONIO CLIMATE NORMALS FOR TODAY
                         NORMAL    RECORD    YEAR
 MAXIMUM TEMPERATURE (F)   63        82      1990
                                             1948
                                             1933
 MINIMUM TEMPERATURE (F)   41        17      1973


SUNRISE AND SUNSET
DECEMBER 21 2014......SUNRISE   724 AM CST   SUNSET   540 PM CST
DECEMBER 22 2014......SUNRISE   725 AM CST   SUNSET   540 PM CST


-  INDICATES NEGATIVE NUMBERS.
R  INDICATES RECORD WAS SET OR TIED.
MM INDICATES DATA IS MISSING.
T  INDICATES TRACE AMOUNT.




$$
