000
CDUS44 KEWX 251252
CLISAT


CLIMATE REPORT
NATIONAL WEATHER SERVICE AUSTIN/SAN ANTONIO, TX
751 AM CDT SUN JUN 25 2017


...................................

...THE SAN ANTONIO CLIMATE SUMMARY FOR JUNE 25 2017...
VALID TODAY AS OF 0745 AM LOCAL TIME.

CLIMATE NORMAL PERIOD 1981 TO 2010
CLIMATE RECORD PERIOD 1886 TO 2017


WEATHER ITEM   OBSERVED TIME   RECORD YEAR NORMAL DEPARTURE LAST
                VALUE   (LST)  VALUE       VALUE  FROM      YEAR
                                                  NORMAL
..................................................................
TEMPERATURE (F)
 TODAY
  MAXIMUM         75   1217 AM 103    2012  93    -18       87
                                      2009
  MINIMUM         73    430 AM  59    1974  74     -1       76
  AVERAGE         74                        84    -10       82

PRECIPITATION (IN)
  TODAY            0.00          3.27 1973   0.14  -0.14     0.01
  MONTH TO DATE    0.27                      3.54  -3.27     2.39
  SINCE JUN 1      0.27                      3.54  -3.27     2.39
  SINCE JAN 1     13.34                     15.51  -2.17    24.21

SNOWFALL (IN)
  TODAY            0.0
  MONTH TO DATE    0.0
  SINCE JUN 1      0.0
  SINCE JUL 1      0.0
  SNOW DEPTH       0

DEGREE DAYS
 HEATING
  TODAY            0                         0      0        0
  MONTH TO DATE    0                         0      0        0
  SINCE JUN 1      0                         0      0        0
  SINCE JUL 1    778                      1496   -718     1038

 COOLING
  TODAY            9                        18     -9       17
  MONTH TO DATE  453                       429     24      422
  SINCE JUN 1    453                       429     24      422
  SINCE JAN 1   1225                      1058    167     1047
..................................................................


WIND (MPH)
  HIGHEST WIND SPEED    10   HIGHEST WIND DIRECTION     N (350)
  HIGHEST GUST SPEED    13   HIGHEST GUST DIRECTION     N (350)
  AVERAGE WIND SPEED     4.9


SKY COVER
  AVERAGE SKY COVER 0.7


WEATHER CONDITIONS
 THE FOLLOWING WEATHER WAS RECORDED TODAY.
  NO SIGNIFICANT WEATHER WAS OBSERVED.


RELATIVE HUMIDITY (PERCENT)
 HIGHEST    87           500 AM
 LOWEST     79          1200 AM
 AVERAGE    83

..........................................................


THE SAN ANTONIO CLIMATE NORMALS FOR TOMORROW
                         NORMAL    RECORD    YEAR
 MAXIMUM TEMPERATURE (F)   93       106      2012
 MINIMUM TEMPERATURE (F)   74        59      1974


SUNRISE AND SUNSET
JUNE 25 2017..........SUNRISE   636 AM CDT   SUNSET   838 PM CDT
JUNE 26 2017..........SUNRISE   636 AM CDT   SUNSET   838 PM CDT


-  INDICATES NEGATIVE NUMBERS.
R  INDICATES RECORD WAS SET OR TIED.
MM INDICATES DATA IS MISSING.
T  INDICATES TRACE AMOUNT.




$$
