000
CDUS44 KEWX 010717
CLISAT


CLIMATE REPORT
NATIONAL WEATHER SERVICE AUSTIN/SAN ANTONIO, TX
215 AM CDT FRI AUG 1 2014


...................................

...THE SAN ANTONIO CLIMATE SUMMARY FOR JULY 31 2014...

CLIMATE NORMAL PERIOD 1981 TO 2010
CLIMATE RECORD PERIOD 1886 TO 2014


WEATHER ITEM   OBSERVED TIME   RECORD YEAR NORMAL DEPARTURE LAST
                VALUE   (LST)  VALUE       VALUE  FROM      YEAR
                                                  NORMAL
..................................................................
TEMPERATURE (F)
 YESTERDAY
  MAXIMUM         97    417 PM 103    2013  96      1      103
                                      1991
                                      1948
  MINIMUM         79    612 AM  65    1965  75      4       77
  AVERAGE         88                        86      2       90

PRECIPITATION (IN)
  YESTERDAY        0.01          0.96 1945   0.05  -0.04     0.00
  MONTH TO DATE    3.25                      2.74   0.51     0.73
  SINCE JUN 1      8.63                      6.88   1.75     2.75
  SINCE JAN 1     15.99                     18.85  -2.86    22.59

SNOWFALL (IN)
  YESTERDAY        0.0
  MONTH TO DATE    0.0
  SINCE JUN 1      0.0
  SINCE JUL 1      0.0
  SNOW DEPTH       0

DEGREE DAYS
 HEATING
  YESTERDAY        0                         0      0        0
  MONTH TO DATE    0                         0      0        0
  SINCE JUN 1      0                         0      0        0
  SINCE JUL 1      0                         0      0        0

 COOLING
  YESTERDAY       23                        20      3       25
  MONTH TO DATE  624                       608     16      662
  SINCE JUN 1   1175                      1131     44     1237
  SINCE JAN 1   1879                      1760    119     1854
..................................................................


WIND (MPH)
  HIGHEST WIND SPEED    17   HIGHEST WIND DIRECTION     N (20)
  HIGHEST GUST SPEED    22   HIGHEST GUST DIRECTION     N (20)
  AVERAGE WIND SPEED     7.1


SKY COVER
  AVERAGE SKY COVER 0.7


WEATHER CONDITIONS
 THE FOLLOWING WEATHER WAS RECORDED YESTERDAY.
  THUNDERSTORM
  LIGHT RAIN


RELATIVE HUMIDITY (PERCENT)
 HIGHEST    85           600 AM
 LOWEST     43           500 PM
 AVERAGE    64

..........................................................


THE SAN ANTONIO CLIMATE NORMALS FOR TODAY
                         NORMAL    RECORD    YEAR
 MAXIMUM TEMPERATURE (F)   96       103      2013
 MINIMUM TEMPERATURE (F)   75        67      1965


SUNRISE AND SUNSET
AUGUST  1 2014........SUNRISE   654 AM CDT   SUNSET   826 PM CDT
AUGUST  2 2014........SUNRISE   654 AM CDT   SUNSET   825 PM CDT


-  INDICATES NEGATIVE NUMBERS.
R  INDICATES RECORD WAS SET OR TIED.
MM INDICATES DATA IS MISSING.
T  INDICATES TRACE AMOUNT.




$$
