000
CDUS44 KEWX 190817
CLISAT


CLIMATE REPORT
NATIONAL WEATHER SERVICE AUSTIN/SAN ANTONIO, TX
317 AM CDT SAT AUG 19 2017


...................................

...THE SAN ANTONIO CLIMATE SUMMARY FOR AUGUST 18 2017...

CLIMATE NORMAL PERIOD 1981 TO 2010
CLIMATE RECORD PERIOD 1886 TO 2017


WEATHER ITEM   OBSERVED TIME   RECORD YEAR NORMAL DEPARTURE LAST
                VALUE   (LST)  VALUE       VALUE  FROM      YEAR
                                                  NORMAL
..................................................................
TEMPERATURE (F)
 YESTERDAY
  MAXIMUM         96    534 PM 105    1909  96      0       91
  MINIMUM         78    552 AM  64    1992  75      3       74
  AVERAGE         87                        86      1       83

PRECIPITATION (IN)
  YESTERDAY        0.00          3.86 1932   0.06  -0.06     0.01
  MONTH TO DATE    3.68                      0.94   2.74     2.84
  SINCE JUN 1      4.24                      7.82  -3.58     5.56
  SINCE JAN 1     17.31                     19.79  -2.48    27.38

SNOWFALL (IN)
  YESTERDAY        0.0
  MONTH TO DATE    0.0
  SINCE JUN 1      0.0
  SINCE JUL 1      0.0
  SNOW DEPTH       0

DEGREE DAYS
 HEATING
  YESTERDAY        0                         0      0        0
  MONTH TO DATE    0                         0      0        0
  SINCE JUN 1      0                         0      0        0
  SINCE JUL 1      0                         0      0        0

 COOLING
  YESTERDAY       22                        21      1       18
  MONTH TO DATE  389                       378     11      368
  SINCE JUN 1   1651                      1509    142     1576
  SINCE JAN 1   2423                      2138    285     2201
..................................................................


WIND (MPH)
  HIGHEST WIND SPEED    22   HIGHEST WIND DIRECTION    SE (150)
  HIGHEST GUST SPEED    26   HIGHEST GUST DIRECTION     S (160)
  AVERAGE WIND SPEED    10.1


SKY COVER
  AVERAGE SKY COVER 0.4


WEATHER CONDITIONS
 THE FOLLOWING WEATHER WAS RECORDED YESTERDAY.
  NO SIGNIFICANT WEATHER WAS OBSERVED.


RELATIVE HUMIDITY (PERCENT)
 HIGHEST    85           200 AM
 LOWEST     38           400 PM
 AVERAGE    62

..........................................................


THE SAN ANTONIO CLIMATE NORMALS FOR TODAY
                         NORMAL    RECORD    YEAR
 MAXIMUM TEMPERATURE (F)   96       108      1986
 MINIMUM TEMPERATURE (F)   75        67      1992


SUNRISE AND SUNSET
AUGUST 19 2017........SUNRISE   704 AM CDT   SUNSET   810 PM CDT
AUGUST 20 2017........SUNRISE   705 AM CDT   SUNSET   809 PM CDT


-  INDICATES NEGATIVE NUMBERS.
R  INDICATES RECORD WAS SET OR TIED.
MM INDICATES DATA IS MISSING.
T  INDICATES TRACE AMOUNT.




$$
