000
CDUS42 KCHS 100603
CLISAV


CLIMATE REPORT
NATIONAL WEATHER SERVICE CHARLESTON SC
102 AM EST WED FEB 10 2016


...................................

...THE SAVANNAH GA CLIMATE SUMMARY FOR FEBRUARY 9 2016...

CLIMATE NORMAL PERIOD 1981 TO 2010
CLIMATE RECORD PERIOD 1871 TO 2016


WEATHER ITEM   OBSERVED TIME   RECORD YEAR NORMAL DEPARTURE LAST
                VALUE   (LST)  VALUE       VALUE  FROM      YEAR
                                                  NORMAL
..................................................................
TEMPERATURE (F)
 YESTERDAY
  MAXIMUM         50    306 PM  83    1957  63    -13       71
  MINIMUM         35   1159 PM  17    1895  41     -6       45
  AVERAGE         43                        52     -9       58

PRECIPITATION (IN)
  YESTERDAY        0.00          1.80 1973   0.10  -0.10     0.24
  MONTH TO DATE    3.07                      0.94   2.13     1.04
  SINCE DEC 1      9.55                      7.58   1.97     9.18
  SINCE JAN 1      6.20                      4.63   1.57     5.16

SNOWFALL (IN)
  YESTERDAY        0.0                       0.0    0.0
  SINCE DEC 1      T                         0.2   -0.2
  SINCE JUL 1      T                         0.2   -0.2

DEGREE DAYS
 HEATING
  YESTERDAY       22                        13      9        7
  MONTH TO DATE  100                       124    -24      139
  SINCE DEC 1    670                      1031   -361      896
  SINCE JUL 1    795                      1298   -503     1188

 COOLING
  YESTERDAY        0                         0      0        0
  MONTH TO DATE    9                         0      9        0
  SINCE DEC 1    115                        12    103       11
  SINCE JAN 1      9                         3      6        5
..................................................................


WIND (MPH)
  HIGHEST WIND SPEED    29   HIGHEST WIND DIRECTION     W (270)
  HIGHEST GUST SPEED    37   HIGHEST GUST DIRECTION     W (250)
  AVERAGE WIND SPEED    14.2


SKY COVER
  POSSIBLE SUNSHINE  MM
  AVERAGE SKY COVER 0.4


WEATHER CONDITIONS
 THE FOLLOWING WEATHER WAS RECORDED YESTERDAY.
  NO SIGNIFICANT WEATHER WAS OBSERVED.


RELATIVE HUMIDITY (PERCENT)
 HIGHEST    85           100 AM
 LOWEST     34           400 PM
 AVERAGE    60

..........................................................


THE SAVANNAH GA CLIMATE NORMALS FOR TODAY
                         NORMAL    RECORD    YEAR
 MAXIMUM TEMPERATURE (F)   63        82      1959
 MINIMUM TEMPERATURE (F)   41        19      1971


SUNRISE AND SUNSET
FEBRUARY 10 2016......SUNRISE   712 AM EST   SUNSET   606 PM EST
FEBRUARY 11 2016......SUNRISE   711 AM EST   SUNSET   607 PM EST


-  INDICATES NEGATIVE NUMBERS.
R  INDICATES RECORD WAS SET OR TIED.
MM INDICATES DATA IS MISSING.
T  INDICATES TRACE AMOUNT.




$$
