000
CDUS42 KCHS 290605
CLISAV


CLIMATE REPORT
NATIONAL WEATHER SERVICE CHARLESTON SC
205 AM EDT WED MAR 29 2017


...................................

...THE SAVANNAH GA CLIMATE SUMMARY FOR MARCH 28 2017...

CLIMATE NORMAL PERIOD 1981 TO 2010
CLIMATE RECORD PERIOD 1871 TO 2017


WEATHER ITEM   OBSERVED TIME   RECORD YEAR NORMAL DEPARTURE LAST
                VALUE   (LST)  VALUE       VALUE  FROM      YEAR
                                                  NORMAL
..................................................................
TEMPERATURE (F)
 YESTERDAY
  MAXIMUM         87    352 PM  89    1907  74     13       81
  MINIMUM         64    553 AM  33    1955  50     14       63
  AVERAGE         76                        62     14       72

PRECIPITATION (IN)
  YESTERDAY        0.00          1.98 1940   0.12  -0.12     0.01
  MONTH TO DATE    0.44                      3.35  -2.91     5.00
  SINCE MAR 1      0.44                      3.35  -2.91     5.00
  SINCE JAN 1      9.27                      9.83  -0.56    11.41

SNOWFALL (IN)
  YESTERDAY        0.0                       0.0    0.0
  SINCE MAR 1      0.0                       0.0    0.0
  SINCE JUL 1      0.0                       0.3   -0.3

DEGREE DAYS
 HEATING
  YESTERDAY        0                         5     -5        0
  MONTH TO DATE  193                       197     -4       95
  SINCE MAR 1    193                       197     -4       95
  SINCE JUL 1   1003                      1714   -711     1164

 COOLING
  YESTERDAY       11                         1     10        7
  MONTH TO DATE   48                        28     20       98
  SINCE MAR 1     48                        28     20       98
  SINCE JAN 1    106                        38     68      119
..................................................................


WIND (MPH)
  HIGHEST WIND SPEED    20   HIGHEST WIND DIRECTION    SW (240)
  HIGHEST GUST SPEED    25   HIGHEST GUST DIRECTION     W (270)
  AVERAGE WIND SPEED     9.1


SKY COVER
  POSSIBLE SUNSHINE  MM
  AVERAGE SKY COVER 0.4


WEATHER CONDITIONS
 THE FOLLOWING WEATHER WAS RECORDED YESTERDAY.
  NO SIGNIFICANT WEATHER WAS OBSERVED.


RELATIVE HUMIDITY (PERCENT)
 HIGHEST    84          1200 AM
 LOWEST     32           400 PM
 AVERAGE    58

..........................................................


THE SAVANNAH GA CLIMATE NORMALS FOR TODAY
                         NORMAL    RECORD    YEAR
 MAXIMUM TEMPERATURE (F)   74        90      1907
 MINIMUM TEMPERATURE (F)   50        29      1955


SUNRISE AND SUNSET
MARCH 29 2017.........SUNRISE   717 AM EDT   SUNSET   743 PM EDT
MARCH 30 2017.........SUNRISE   715 AM EDT   SUNSET   743 PM EDT


-  INDICATES NEGATIVE NUMBERS.
R  INDICATES RECORD WAS SET OR TIED.
MM INDICATES DATA IS MISSING.
T  INDICATES TRACE AMOUNT.




$$
