000
CDUS42 KCHS 012122
CLISAV


CLIMATE REPORT
NATIONAL WEATHER SERVICE CHARLESTON SC
521 PM EDT WED JUL 1 2015


...................................

...THE SAVANNAH GA CLIMATE SUMMARY FOR JULY 1 2015...
VALID TODAY AS OF 0500 PM LOCAL TIME.

CLIMATE NORMAL PERIOD 1981 TO 2010
CLIMATE RECORD PERIOD 1871 TO 2015


WEATHER ITEM   OBSERVED TIME   RECORD YEAR NORMAL DEPARTURE LAST
                VALUE   (LST)  VALUE       VALUE  FROM      YEAR
                                                  NORMAL
..................................................................
TEMPERATURE (F)
 TODAY
  MAXIMUM         91    332 PM 102    1990  92     -1       93
                                      1897
  MINIMUM         71    554 AM  64    1958  72     -1       73
                                      1955
  AVERAGE         81                        82     -1       83

PRECIPITATION (IN)
  TODAY            0.00          2.76 1871   0.16  -0.16     0.00
  MONTH TO DATE    0.00                      0.16  -0.16     0.00
  SINCE JUN 1      5.63                      6.11  -0.48    11.64
  SINCE JAN 1     22.96                     22.37   0.59    27.43

DEGREE DAYS
 HEATING
  TODAY            0                         0      0        0
  MONTH TO DATE    0                         0      0        0
  SINCE JUN 1      0                         0      0        0
  SINCE JUL 1      0                         0      0        0

 COOLING
  TODAY           16                        17     -1       18
  MONTH TO DATE   16                        17     -1       18
  SINCE JUN 1    522                       463     59      509
  SINCE JAN 1   1057                       866    191      998
..................................................................


WIND (MPH)
  HIGHEST WIND SPEED    17   HIGHEST WIND DIRECTION     W (260)
  HIGHEST GUST SPEED    21   HIGHEST GUST DIRECTION     W (250)
  AVERAGE WIND SPEED     9.3


SKY COVER
  POSSIBLE SUNSHINE  MM
  AVERAGE SKY COVER 0.4


WEATHER CONDITIONS
 THE FOLLOWING WEATHER WAS RECORDED TODAY.
  NO SIGNIFICANT WEATHER WAS OBSERVED.


RELATIVE HUMIDITY (PERCENT)
 HIGHEST    90           100 AM
 LOWEST     52           300 PM
 AVERAGE    71

..........................................................


THE SAVANNAH GA CLIMATE NORMALS FOR TOMORROW
                         NORMAL    RECORD    YEAR
 MAXIMUM TEMPERATURE (F)   92       101      1931
                                             1897
 MINIMUM TEMPERATURE (F)   72        63      1975


SUNRISE AND SUNSET
JULY  1 2015..........SUNRISE   622 AM EDT   SUNSET   835 PM EDT
JULY  2 2015..........SUNRISE   622 AM EDT   SUNSET   835 PM EDT


-  INDICATES NEGATIVE NUMBERS.
R  INDICATES RECORD WAS SET OR TIED.
MM INDICATES DATA IS MISSING.
T  INDICATES TRACE AMOUNT.




$$
