000
CDUS42 KCHS 190543
CLISAV

CLIMATE REPORT
NATIONAL WEATHER SERVICE CHARLESTON SC
140 AM EDT SAT APR 19 2014


...................................

...THE SAVANNAH GA CLIMATE SUMMARY FOR APRIL 18 2014...

CLIMATE NORMAL PERIOD 1981 TO 2010
CLIMATE RECORD PERIOD 1871 TO 2014


WEATHER ITEM   OBSERVED TIME   RECORD YEAR NORMAL DEPARTURE LAST
                VALUE   (LST)  VALUE       VALUE  FROM      YEAR
                                                  NORMAL
..................................................................
TEMPERATURE (F)
 YESTERDAY
  MAXIMUM         63   1124 AM  93    1967  78    -15       82
  MINIMUM         57    721 PM  36    2001  54      3       63
                                      1999
  AVERAGE         60                        66     -6       73

PRECIPITATION (IN)
  YESTERDAY        2.27R         1.04 1957   0.11   2.16     0.00
  MONTH TO DATE    5.21                      1.94   3.27     2.05
  SINCE MAR 1      7.86                      5.67   2.19     4.07
  SINCE JAN 1     11.97                     12.15  -0.18    14.37

SNOWFALL (IN)
  YESTERDAY        0.0                       0.0    0.0
  SINCE MAR 1      0.0                       T      0.0
  SINCE JUL 1      0.0                       0.3   -0.3

DEGREE DAYS
 HEATING
  YESTERDAY        5                         2      3        0
  MONTH TO DATE   29                        58    -29       34
  SINCE MAR 1    293                       268     25      380
  SINCE JUL 1   1674                      1785   -111     1602

 COOLING
  YESTERDAY        0                         3     -3        8
  MONTH TO DATE   54                        45      9       63
  SINCE MAR 1     66                        77    -11       69
  SINCE JAN 1     84                        87     -3       97
..................................................................


WIND (MPH)
  HIGHEST WIND SPEED    25   HIGHEST WIND DIRECTION    NE (60)
  HIGHEST GUST SPEED    31   HIGHEST GUST DIRECTION     E (70)
  AVERAGE WIND SPEED    11.2


SKY COVER
  POSSIBLE SUNSHINE  MM
  AVERAGE SKY COVER 0.9


WEATHER CONDITIONS
 THE FOLLOWING WEATHER WAS RECORDED YESTERDAY.
  HEAVY RAIN
  RAIN
  LIGHT RAIN
  FOG


RELATIVE HUMIDITY (PERCENT)
 HIGHEST    93           200 PM
 LOWEST     72          1200 AM
 AVERAGE    83

..........................................................


THE SAVANNAH GA CLIMATE NORMALS FOR TODAY
                         NORMAL    RECORD    YEAR
 MAXIMUM TEMPERATURE (F)   78        92      1968
 MINIMUM TEMPERATURE (F)   54        35      1983


SUNRISE AND SUNSET
APRIL 19 2014.........SUNRISE   651 AM EDT   SUNSET   757 PM EDT
APRIL 20 2014.........SUNRISE   650 AM EDT   SUNSET   758 PM EDT


-  INDICATES NEGATIVE NUMBERS.
R  INDICATES RECORD WAS SET OR TIED.
MM INDICATES DATA IS MISSING.
T  INDICATES TRACE AMOUNT.

$$
