000
CDUS42 KCHS 142204
CLISAV


CLIMATE REPORT
NATIONAL WEATHER SERVICE CHARLESTON SC
504 PM EST THU DEC 14 2017


...................................

...THE SAVANNAH GA CLIMATE SUMMARY FOR DECEMBER 14 2017...
VALID TODAY AS OF 0500 PM LOCAL TIME.

CLIMATE NORMAL PERIOD 1981 TO 2010
CLIMATE RECORD PERIOD 1871 TO 2017


WEATHER ITEM   OBSERVED TIME   RECORD YEAR NORMAL DEPARTURE LAST
                VALUE   (LST)  VALUE       VALUE  FROM      YEAR
                                                  NORMAL
..................................................................
TEMPERATURE (F)
 TODAY
  MAXIMUM         66    222 PM  81    1931  63      3       66
  MINIMUM         38    654 AM  18    1960  41     -3       54
  AVERAGE         52                        52      0       60

PRECIPITATION (IN)
  TODAY            0.00          1.68 1943   0.09  -0.09     0.25
  MONTH TO DATE    1.92                      1.26   0.66     3.95
  SINCE DEC 1      1.92                      1.26   0.66     3.95
  SINCE JAN 1     52.81                     46.27   6.54    55.11

SNOWFALL (IN)
  TODAY            0.0                       0.1   -0.1
  SINCE DEC 1      0.0                       0.1   -0.1
  SINCE JUL 1      0.0                       0.1   -0.1

DEGREE DAYS
 HEATING
  TODAY           13                        13      0        5
  MONTH TO DATE  167                       169     -2      116
  SINCE DEC 1    167                       169     -2      116
  SINCE JUL 1    391                       436    -45      297

 COOLING
  TODAY            0                         0      0        0
  MONTH TO DATE    5                         3      2        4
  SINCE DEC 1      5                         3      2        4
  SINCE JAN 1   2969                      2452    517     3015
..................................................................


WIND (MPH)
  HIGHEST WIND SPEED    14   HIGHEST WIND DIRECTION     W (260)
  HIGHEST GUST SPEED    18   HIGHEST GUST DIRECTION    SW (230)
  AVERAGE WIND SPEED     9.0


SKY COVER
  POSSIBLE SUNSHINE  MM
  AVERAGE SKY COVER 0.5


WEATHER CONDITIONS
 THE FOLLOWING WEATHER WAS RECORDED TODAY.
  NO SIGNIFICANT WEATHER WAS OBSERVED.


RELATIVE HUMIDITY (PERCENT)
 HIGHEST    85           700 AM
 LOWEST     31           400 PM
 AVERAGE    58

..........................................................


THE SAVANNAH GA CLIMATE NORMALS FOR TOMORROW
                         NORMAL    RECORD    YEAR
 MAXIMUM TEMPERATURE (F)   62        83      1971
 MINIMUM TEMPERATURE (F)   41        19      1962


SUNRISE AND SUNSET
DECEMBER 14 2017......SUNRISE   718 AM EST   SUNSET   522 PM EST
DECEMBER 15 2017......SUNRISE   718 AM EST   SUNSET   522 PM EST


-  INDICATES NEGATIVE NUMBERS.
R  INDICATES RECORD WAS SET OR TIED.
MM INDICATES DATA IS MISSING.
T  INDICATES TRACE AMOUNT.




$$
