000
CDUS42 KCHS 300608
CLISAV


CLIMATE REPORT
NATIONAL WEATHER SERVICE CHARLESTON SC
208 AM EDT TUE MAY 30 2017


...................................

...THE SAVANNAH GA CLIMATE SUMMARY FOR MAY 29 2017...

CLIMATE NORMAL PERIOD 1981 TO 2010
CLIMATE RECORD PERIOD 1871 TO 2017


WEATHER ITEM   OBSERVED TIME   RECORD YEAR NORMAL DEPARTURE LAST
                VALUE   (LST)  VALUE       VALUE  FROM      YEAR
                                                  NORMAL
..................................................................
TEMPERATURE (F)
 YESTERDAY
  MAXIMUM         96    438 PM  98    1945  87      9       71
                                      1898
  MINIMUM         72    553 AM  55    1968  66      6       67
                                      1961
  AVERAGE         84                        77      7       69

PRECIPITATION (IN)
  YESTERDAY        0.00          1.63 1923   0.13  -0.13     1.25
  MONTH TO DATE   11.41                      2.72   8.69     8.99
  SINCE MAR 1     14.79                      9.52   5.27    16.26
  SINCE JAN 1     23.62                     16.00   7.62    22.67

DEGREE DAYS
 HEATING
  YESTERDAY        0                         0      0        0
  MONTH TO DATE    1                         6     -5        4
  SINCE MAR 1    213                       292    -79      146
  SINCE JUL 1   1023                      1809   -786     1215

 COOLING
  YESTERDAY       19                        12      7        4
  MONTH TO DATE  287                       243     44      263
  SINCE MAR 1    569                       369    200      478
  SINCE JAN 1    627                       379    248      499
..................................................................


WIND (MPH)
  HIGHEST WIND SPEED    14   HIGHEST WIND DIRECTION    NW (300)
  HIGHEST GUST SPEED    18   HIGHEST GUST DIRECTION     W (290)
  AVERAGE WIND SPEED     7.6


SKY COVER
  POSSIBLE SUNSHINE  MM
  AVERAGE SKY COVER 0.4


WEATHER CONDITIONS
 THE FOLLOWING WEATHER WAS RECORDED YESTERDAY.
  NO SIGNIFICANT WEATHER WAS OBSERVED.


RELATIVE HUMIDITY (PERCENT)
 HIGHEST    84           500 AM
 LOWEST     35           200 PM
 AVERAGE    60

..........................................................


THE SAVANNAH GA CLIMATE NORMALS FOR TODAY
                         NORMAL    RECORD    YEAR
 MAXIMUM TEMPERATURE (F)   87       101      1898
 MINIMUM TEMPERATURE (F)   66        53      1971


SUNRISE AND SUNSET
MAY 30 2017...........SUNRISE   620 AM EDT   SUNSET   825 PM EDT
MAY 31 2017...........SUNRISE   619 AM EDT   SUNSET   826 PM EDT


-  INDICATES NEGATIVE NUMBERS.
R  INDICATES RECORD WAS SET OR TIED.
MM INDICATES DATA IS MISSING.
T  INDICATES TRACE AMOUNT.




$$
