000
CDUS46 KLOX 280859
CLISBA


CLIMATE REPORT
NATIONAL WEATHER SERVICE LOS ANGELES/OXNARD CA
1259 AM PST SAT FEB 28 2015


...................................

...THE SANTA BARBARA AIRPORT CA CLIMATE SUMMARY FOR FEBRUARY 27 2015...

CLIMATE NORMAL PERIOD 1981 TO 2010
CLIMATE RECORD PERIOD 1940 TO 2015


WEATHER ITEM   OBSERVED TIME   RECORD YEAR NORMAL DEPARTURE LAST
                VALUE   (LST)  VALUE       VALUE  FROM      YEAR
                                                  NORMAL
..................................................................
TEMPERATURE (F)
 YESTERDAY
  MAXIMUM         70    244 PM  85    1976  64      6       65
  MINIMUM         46    555 AM  30    1961  45      1       51
  AVERAGE         58                        55      3       58

PRECIPITATION (IN)
  YESTERDAY        0.00          2.62 2006   0.13  -0.13     0.81
  MONTH TO DATE    0.90                      3.83  -2.93     2.23
  SINCE OCT 1      8.52                     12.63  -4.11     3.53
  SINCE JAN 1      2.23                      7.33  -5.10     2.24

SNOWFALL (IN)
  YESTERDAY        0.0
  MONTH TO DATE    0.0
  SINCE DEC 1      0.0
  SINCE JUL 1      0.0

DEGREE DAYS
 HEATING
  YESTERDAY        7                        10     -3        7
  MONTH TO DATE  172                       307   -135      237
  SINCE DEC 1    684                      1113   -429      855
  SINCE JUL 1    817                      1591   -774     1229

 COOLING
  YESTERDAY        0                         0      0        0
  MONTH TO DATE    0                         0      0        0
  SINCE DEC 1      1                         0      1        0
  SINCE JAN 1      0                         0      0        0
..................................................................


WIND (MPH)
  HIGHEST WIND SPEED    26   HIGHEST WIND DIRECTION     W (270)
  HIGHEST GUST SPEED    42   HIGHEST GUST DIRECTION     N (20)
  AVERAGE WIND SPEED     8.7


SKY COVER
  POSSIBLE SUNSHINE  MM
  AVERAGE SKY COVER 0.2


WEATHER CONDITIONS
 THE FOLLOWING WEATHER WAS RECORDED YESTERDAY.
  NO SIGNIFICANT WEATHER WAS OBSERVED.


RELATIVE HUMIDITY (PERCENT)
 HIGHEST    93          1200 AM
 LOWEST     48           500 PM
 AVERAGE    71

..........................................................


THE SANTA BARBARA AIRPORT CA CLIMATE NORMALS FOR TODAY
                         NORMAL    RECORD    YEAR
 MAXIMUM TEMPERATURE (F)   64        82      1976
 MINIMUM TEMPERATURE (F)   45        32      1951


SUNRISE AND SUNSET
FEBRUARY 28 2015......SUNRISE   630 AM PST   SUNSET   554 PM PST
MARCH  1 2015.........SUNRISE   629 AM PST   SUNSET   555 PM PST


-  INDICATES NEGATIVE NUMBERS.
R  INDICATES RECORD WAS SET OR TIED.
MM INDICATES DATA IS MISSING.
T  INDICATES TRACE AMOUNT.




$$
