000
CDUS46 KLOX 280915
CLISBA


CLIMATE REPORT
NATIONAL WEATHER SERVICE LOS ANGELES/OXNARD CA
215 AM PDT SAT MAR 28 2015


...................................

...THE SANTA BARBARA AIRPORT CA CLIMATE SUMMARY FOR MARCH 27 2015...

CLIMATE NORMAL PERIOD 1981 TO 2010
CLIMATE RECORD PERIOD 1940 TO 2015


WEATHER ITEM   OBSERVED TIME   RECORD YEAR NORMAL DEPARTURE LAST
                VALUE   (LST)  VALUE       VALUE  FROM      YEAR
                                                  NORMAL
..................................................................
TEMPERATURE (F)
 YESTERDAY
  MAXIMUM         79    228 PM  85    1988  66     13       71
  MINIMUM         52    523 AM  33    1942  46      6       52
  AVERAGE         66                        56     10       62

PRECIPITATION (IN)
  YESTERDAY        0.00          1.56 1979   0.08  -0.08     0.00
  MONTH TO DATE    0.30                      2.89  -2.59     0.83
  SINCE OCT 1      8.82                     15.65  -6.83     5.96
  SINCE JAN 1      2.53                     10.35  -7.82     4.67

SNOWFALL (IN)
  YESTERDAY        0.0
  MONTH TO DATE    0.0
  SINCE MAR 1      0.0
  SINCE JUL 1      0.0

DEGREE DAYS
 HEATING
  YESTERDAY        0                         9     -9        3
  MONTH TO DATE  108                       259   -151      135
  SINCE MAR 1    108                       259   -151      135
  SINCE JUL 1    933                      1860   -927     1370

 COOLING
  YESTERDAY        1                         0      1        0
  MONTH TO DATE   34                         0     34        5
  SINCE MAR 1     34                         0     34        5
  SINCE JAN 1     34                         0     34        5
..................................................................


WIND (MPH)
  HIGHEST WIND SPEED    12   HIGHEST WIND DIRECTION    SW (230)
  HIGHEST GUST SPEED    14   HIGHEST GUST DIRECTION     W (260)
  AVERAGE WIND SPEED     3.9


SKY COVER
  POSSIBLE SUNSHINE  MM
  AVERAGE SKY COVER 0.0


WEATHER CONDITIONS
 THE FOLLOWING WEATHER WAS RECORDED YESTERDAY.
  NO SIGNIFICANT WEATHER WAS OBSERVED.


RELATIVE HUMIDITY (PERCENT)
 HIGHEST    93          1000 PM
 LOWEST     38          1200 PM
 AVERAGE    66

..........................................................


THE SANTA BARBARA AIRPORT CA CLIMATE NORMALS FOR TODAY
                         NORMAL    RECORD    YEAR
 MAXIMUM TEMPERATURE (F)   66        84      2004
                                             1989
 MINIMUM TEMPERATURE (F)   46        36      1972


SUNRISE AND SUNSET
MARCH 28 2015.........SUNRISE   652 AM PDT   SUNSET   717 PM PDT
MARCH 29 2015.........SUNRISE   651 AM PDT   SUNSET   718 PM PDT


-  INDICATES NEGATIVE NUMBERS.
R  INDICATES RECORD WAS SET OR TIED.
MM INDICATES DATA IS MISSING.
T  INDICATES TRACE AMOUNT.




$$
