000
CDUS46 KLOX 160902
CLISBA


CLIMATE REPORT
NATIONAL WEATHER SERVICE LOS ANGELES/OXNARD CA
202 AM PDT MON OCT 16 2017


...................................

...THE SANTA BARBARA AIRPORT CA CLIMATE SUMMARY FOR OCTOBER 15 2017...

CLIMATE NORMAL PERIOD 1981 TO 2010
CLIMATE RECORD PERIOD 1940 TO 2017


WEATHER ITEM   OBSERVED TIME   RECORD YEAR NORMAL DEPARTURE LAST
                VALUE   (LST)  VALUE       VALUE  FROM      YEAR
                                                  NORMAL
..................................................................
TEMPERATURE (F)
 YESTERDAY
  MAXIMUM         85   1254 PM  98    1961  72     13       72
  MINIMUM         46    530 AM  40    1966  51     -5       52
  AVERAGE         66                        62      4       62

PRECIPITATION (IN)
  YESTERDAY        0.00          0.57 1963   0.02  -0.02     0.00
  MONTH TO DATE    0.00                      0.29  -0.29     0.00
  SINCE OCT 1      0.00                      0.29  -0.29     0.00
  SINCE JAN 1     19.69                     12.75   6.94     9.34

SNOWFALL (IN)
  YESTERDAY        0.0
  MONTH TO DATE    0.0
  SINCE SEP 1      0.0
  SINCE JUL 1      0.0

DEGREE DAYS
 HEATING
  YESTERDAY        0                         4     -4        3
  MONTH TO DATE   43                        46     -3       50
  SINCE SEP 1     61                        90    -29       86
  SINCE JUL 1     72                       141    -69      108

 COOLING
  YESTERDAY        1                         0      1        0
  MONTH TO DATE    6                        11     -5        8
  SINCE SEP 1    100                        55     45       85
  SINCE JAN 1    325                       182    143      233
..................................................................


WIND (MPH)
  HIGHEST WIND SPEED    12   HIGHEST WIND DIRECTION     W (270)
  HIGHEST GUST SPEED    14   HIGHEST GUST DIRECTION     W (250)
  AVERAGE WIND SPEED     4.3


SKY COVER
  POSSIBLE SUNSHINE  MM
  AVERAGE SKY COVER 0.0


WEATHER CONDITIONS
 THE FOLLOWING WEATHER WAS RECORDED YESTERDAY.
  HAZE


RELATIVE HUMIDITY (PERCENT)
 HIGHEST    83          1200 AM
 LOWEST     20           300 PM
 AVERAGE    52

..........................................................


THE SANTA BARBARA AIRPORT CA CLIMATE NORMALS FOR TODAY
                         NORMAL    RECORD    YEAR
 MAXIMUM TEMPERATURE (F)   72        93      1997
 MINIMUM TEMPERATURE (F)   51        39      1960


SUNRISE AND SUNSET
OCTOBER 16 2017.......SUNRISE   706 AM PDT   SUNSET   623 PM PDT
OCTOBER 17 2017.......SUNRISE   707 AM PDT   SUNSET   622 PM PDT


-  INDICATES NEGATIVE NUMBERS.
R  INDICATES RECORD WAS SET OR TIED.
MM INDICATES DATA IS MISSING.
T  INDICATES TRACE AMOUNT.




$$
