000
CDUS46 KLOX 300903
CLISBA


CLIMATE REPORT
NATIONAL WEATHER SERVICE LOS ANGELES/OXNARD CA
203 AM PDT SUN AUG 30 2015


...................................

...THE SANTA BARBARA AIRPORT CA CLIMATE SUMMARY FOR AUGUST 29 2015...

CLIMATE NORMAL PERIOD 1981 TO 2010
CLIMATE RECORD PERIOD 1940 TO 2015


WEATHER ITEM   OBSERVED TIME   RECORD YEAR NORMAL DEPARTURE LAST
                VALUE   (LST)  VALUE       VALUE  FROM      YEAR
                                                  NORMAL
..................................................................
TEMPERATURE (F)
 YESTERDAY
  MAXIMUM         94    531 PM  96    1971  75     19       80
  MINIMUM         63    516 AM  49    1946  57      6       56
  AVERAGE         79                        66     13       68

PRECIPITATION (IN)
  YESTERDAY        0.00          0.05 1951   0.00   0.00     0.00
  MONTH TO DATE    T                         0.11  -0.11     0.01
  SINCE OCT 1      9.63                     17.49  -7.86     6.51
  SINCE JAN 1      3.34                     12.19  -8.85     5.22

SNOWFALL (IN)
  YESTERDAY        0.0
  MONTH TO DATE    0.0
  SINCE JUN 1      0.0
  SINCE JUL 1      0.0

DEGREE DAYS
 HEATING
  YESTERDAY        0                         1     -1        0
  MONTH TO DATE    0                        29    -29        0
  SINCE JUN 1     30                       146   -116       52
  SINCE JUL 1      0                        56    -56        0

 COOLING
  YESTERDAY       14                         2     12        3
  MONTH TO DATE  176                        58    118       85
  SINCE JUN 1    320                       116    204      256
  SINCE JAN 1    358                       130    228      324
..................................................................


WIND (MPH)
  HIGHEST WIND SPEED    17   HIGHEST WIND DIRECTION    NW (300)
  HIGHEST GUST SPEED    27   HIGHEST GUST DIRECTION     W (290)
  AVERAGE WIND SPEED     5.8


SKY COVER
  POSSIBLE SUNSHINE  MM
  AVERAGE SKY COVER 0.0


WEATHER CONDITIONS
 THE FOLLOWING WEATHER WAS RECORDED YESTERDAY.
  NO SIGNIFICANT WEATHER WAS OBSERVED.


RELATIVE HUMIDITY (PERCENT)
 HIGHEST    90          1200 AM
 LOWEST     29           700 PM
 AVERAGE    60

..........................................................


THE SANTA BARBARA AIRPORT CA CLIMATE NORMALS FOR TODAY
                         NORMAL    RECORD    YEAR
 MAXIMUM TEMPERATURE (F)   75       101      1984
 MINIMUM TEMPERATURE (F)   57        48      2010


SUNRISE AND SUNSET
AUGUST 30 2015........SUNRISE   631 AM PDT   SUNSET   728 PM PDT
AUGUST 31 2015........SUNRISE   632 AM PDT   SUNSET   727 PM PDT


-  INDICATES NEGATIVE NUMBERS.
R  INDICATES RECORD WAS SET OR TIED.
MM INDICATES DATA IS MISSING.
T  INDICATES TRACE AMOUNT.




$$
