000
CDUS46 KLOX 240915
CLISBA


CLIMATE REPORT
NATIONAL WEATHER SERVICE LOS ANGELES/OXNARD CA
215 AM PDT THU AUG 24 2017


...................................

...THE SANTA BARBARA AIRPORT CA CLIMATE SUMMARY FOR AUGUST 23 2017...

CLIMATE NORMAL PERIOD 1981 TO 2010
CLIMATE RECORD PERIOD 1940 TO 2017


WEATHER ITEM   OBSERVED TIME   RECORD YEAR NORMAL DEPARTURE LAST
                VALUE   (LST)  VALUE       VALUE  FROM      YEAR
                                                  NORMAL
..................................................................
TEMPERATURE (F)
 YESTERDAY
  MAXIMUM         72    104 PM  90    1968  75     -3       76
  MINIMUM         63   1033 PM  49    2002  57      6       57
  AVERAGE         68                        66      2       67

PRECIPITATION (IN)
  YESTERDAY        0.00          T    1959   0.00   0.00     0.00
  MONTH TO DATE    0.01                      0.08  -0.07     0.00
  SINCE OCT 1     24.28                     17.46   6.82    10.21
  SINCE JAN 1     19.47                     12.16   7.31     9.33

SNOWFALL (IN)
  YESTERDAY        0.0
  MONTH TO DATE    0.0
  SINCE JUN 1      0.0
  SINCE JUL 1      0.0

DEGREE DAYS
 HEATING
  YESTERDAY        0                         1     -1        0
  MONTH TO DATE    0                        23    -23        5
  SINCE JUN 1     50                       140    -90       92
  SINCE JUL 1     11                        50    -39       20

 COOLING
  YESTERDAY        3                         2      1        2
  MONTH TO DATE   75                        46     29       31
  SINCE JUN 1    162                       104     58      120
  SINCE JAN 1    189                       118     71      130
..................................................................


WIND (MPH)
  HIGHEST WIND SPEED    15   HIGHEST WIND DIRECTION     E (80)
  HIGHEST GUST SPEED    19   HIGHEST GUST DIRECTION     E (80)
  AVERAGE WIND SPEED     7.8


SKY COVER
  POSSIBLE SUNSHINE  MM
  AVERAGE SKY COVER 0.6


WEATHER CONDITIONS
 THE FOLLOWING WEATHER WAS RECORDED YESTERDAY.
  NO SIGNIFICANT WEATHER WAS OBSERVED.


RELATIVE HUMIDITY (PERCENT)
 HIGHEST    93          1200 AM
 LOWEST     73           100 PM
 AVERAGE    83

..........................................................


THE SANTA BARBARA AIRPORT CA CLIMATE NORMALS FOR TODAY
                         NORMAL    RECORD    YEAR
 MAXIMUM TEMPERATURE (F)   75        86      1997
 MINIMUM TEMPERATURE (F)   57        48      1944


SUNRISE AND SUNSET
AUGUST 24 2017........SUNRISE   627 AM PDT   SUNSET   735 PM PDT
AUGUST 25 2017........SUNRISE   628 AM PDT   SUNSET   734 PM PDT


-  INDICATES NEGATIVE NUMBERS.
R  INDICATES RECORD WAS SET OR TIED.
MM INDICATES DATA IS MISSING.
T  INDICATES TRACE AMOUNT.




$$
