000
CDUS43 KIWX 210533
CLISBN


CLIMATE REPORT
NATIONAL WEATHER SERVICE NORTHERN INDIANA
1232 AM EST TUE FEB 21 2017


...................................

...THE SOUTH BEND CLIMATE SUMMARY FOR FEBRUARY 20 2017...

CLIMATE NORMAL PERIOD 1981 TO 2010
CLIMATE RECORD PERIOD 1893 TO 2017


WEATHER ITEM   OBSERVED TIME   RECORD YEAR NORMAL DEPARTURE LAST
                VALUE   (LST)  VALUE       VALUE  FROM      YEAR
                                                  NORMAL
..................................................................
TEMPERATURE (F)
 YESTERDAY
  MAXIMUM         64    335 PM  65    1983  37     27       59
                                      1930
  MINIMUM         34    134 AM -12    2015  22     12       34
  AVERAGE         49                        29     20       47

PRECIPITATION (IN)
  YESTERDAY        0.00          1.64 2014   0.07  -0.07     0.00
  MONTH TO DATE    1.46                      1.33   0.13     1.13
  SINCE DEC 1      6.79                      6.23   0.56     6.85
  SINCE JAN 1      4.80                      3.62   1.18     2.73

SNOWFALL (IN)
  YESTERDAY        0.0           4.6  1963   0.5   -0.5      0.0
  MONTH TO DATE    0.3                      11.4  -11.1     19.2
  SINCE DEC 1     33.1                      49.3  -16.2     39.3
  SINCE JUL 1     33.6                      54.5  -20.9     48.4
  SNOW DEPTH       0

DEGREE DAYS
 HEATING
  YESTERDAY       16                        36    -20       18
  MONTH TO DATE  607                       767   -160      771
  SINCE DEC 1   2914                      3146   -232     2797
  SINCE JUL 1   3815                      4415   -600     3864

 COOLING
  YESTERDAY        0                         0      0        0
  MONTH TO DATE    0                         0      0        0
  SINCE DEC 1      0                         0      0        0
  SINCE JAN 1      0                         0      0        0
..................................................................


WIND (MPH)
  HIGHEST WIND SPEED    23   HIGHEST WIND DIRECTION    SE (140)
  HIGHEST GUST SPEED    27   HIGHEST GUST DIRECTION    SE (140)
  AVERAGE WIND SPEED    10.3


SKY COVER
  AVERAGE SKY COVER 0.0


WEATHER CONDITIONS
 THE FOLLOWING WEATHER WAS RECORDED YESTERDAY.
  NO SIGNIFICANT WEATHER WAS OBSERVED.


RELATIVE HUMIDITY (PERCENT)
 HIGHEST    76           900 AM
 LOWEST     44           300 PM
 AVERAGE    60

..........................................................


THE SOUTH BEND CLIMATE NORMALS FOR TODAY
                         NORMAL    RECORD    YEAR
 MAXIMUM TEMPERATURE (F)   37        66      1983
                                             1930
 MINIMUM TEMPERATURE (F)   22        -5      1963


SUNRISE AND SUNSET
FEBRUARY 21 2017......SUNRISE   732 AM EST   SUNSET   626 PM EST
FEBRUARY 22 2017......SUNRISE   730 AM EST   SUNSET   628 PM EST


-  INDICATES NEGATIVE NUMBERS.
R  INDICATES RECORD WAS SET OR TIED.
MM INDICATES DATA IS MISSING.
T  INDICATES TRACE AMOUNT.




$$
