657
CDUS43 KIWX 180522
CLISBN


CLIMATE REPORT
NATIONAL WEATHER SERVICE NORTHERN INDIANA
1221 AM EST SAT NOV 18 2017


...................................

...THE SOUTH BEND CLIMATE SUMMARY FOR NOVEMBER 17 2017...

CLIMATE NORMAL PERIOD 1981 TO 2010
CLIMATE RECORD PERIOD 1893 TO 2017


WEATHER ITEM   OBSERVED TIME   RECORD YEAR NORMAL DEPARTURE LAST
                VALUE   (LST)  VALUE       VALUE  FROM      YEAR
                                                  NORMAL
..................................................................
TEMPERATURE (F)
 YESTERDAY
  MAXIMUM         45    744 PM  72    2016  48     -3       72
                                      1952
  MINIMUM         34    905 AM   4    1959  33      1       35
  AVERAGE         40                        40      0       54

PRECIPITATION (IN)
  YESTERDAY        0.53          0.75 1906   0.11   0.42     0.00
  MONTH TO DATE    2.23                      1.85   0.38     0.67
  SINCE SEP 1     13.40                      8.70   4.70     7.89
  SINCE JAN 1     40.99                     33.97   7.02    42.30

SNOWFALL (IN)
  YESTERDAY        0.0           4.2  1951   0.2   -0.2      0.0
  MONTH TO DATE    T                         1.8   -1.8      0.0
  SINCE SEP 1      T                         2.2   -2.2      0.0
  SINCE JUL 1      T                         2.2   -2.2      0.0
  SNOW DEPTH       0

DEGREE DAYS
 HEATING
  YESTERDAY       25                        25      0       11
  MONTH TO DATE  436                       363     73      253
  SINCE SEP 1    823                       886    -63      577
  SINCE JUL 1    844                       904    -60      585

 COOLING
  YESTERDAY        0                         0      0        0
  MONTH TO DATE    0                         0      0        1
  SINCE SEP 1    140                        91     49      141
  SINCE JAN 1    692                       773    -81      950
..................................................................


WIND (MPH)
  HIGHEST WIND SPEED    23   HIGHEST WIND DIRECTION     S (160)
  HIGHEST GUST SPEED    29   HIGHEST GUST DIRECTION    SE (140)
  AVERAGE WIND SPEED    13.7


SKY COVER
  AVERAGE SKY COVER 0.9


WEATHER CONDITIONS
 THE FOLLOWING WEATHER WAS RECORDED YESTERDAY.
  THUNDERSTORM
  HEAVY RAIN
  RAIN
  LIGHT RAIN
  FOG


RELATIVE HUMIDITY (PERCENT)
 HIGHEST   100          1100 PM
 LOWEST     65           400 PM
 AVERAGE    83

..........................................................


THE SOUTH BEND CLIMATE NORMALS FOR TODAY
                         NORMAL    RECORD    YEAR
 MAXIMUM TEMPERATURE (F)   47        73      1930
 MINIMUM TEMPERATURE (F)   33         8      2008
                                             1959


SUNRISE AND SUNSET
NOVEMBER 18 2017......SUNRISE   738 AM EST   SUNSET   522 PM EST
NOVEMBER 19 2017......SUNRISE   740 AM EST   SUNSET   522 PM EST


-  INDICATES NEGATIVE NUMBERS.
R  INDICATES RECORD WAS SET OR TIED.
MM INDICATES DATA IS MISSING.
T  INDICATES TRACE AMOUNT.




$$
