000
CDUS43 KIWX 260526
CLISBN


CLIMATE REPORT
NATIONAL WEATHER SERVICE NORTHERN INDIANA
126 AM EDT SUN OCT 26 2014


...................................

...THE SOUTH BEND CLIMATE SUMMARY FOR OCTOBER 25 2014...

CLIMATE NORMAL PERIOD 1981 TO 2010
CLIMATE RECORD PERIOD 1893 TO 2014


WEATHER ITEM   OBSERVED TIME   RECORD YEAR NORMAL DEPARTURE LAST
                VALUE   (LST)  VALUE       VALUE  FROM      YEAR
                                                  NORMAL
..................................................................
TEMPERATURE (F)
 YESTERDAY
  MAXIMUM         69    430 PM  80    1963  58     11       48
  MINIMUM         49    726 AM  23    1930  40      9       28
  AVERAGE         59                        49     10       38

PRECIPITATION (IN)
  YESTERDAY        T             1.60 1991   0.10  -0.10     0.03
  MONTH TO DATE    5.00                      2.68   2.32     2.15
  SINCE SEP 1      7.71                      6.21   1.50     6.27
  SINCE JAN 1     35.92                     31.48   4.44    33.19

SNOWFALL (IN)
  YESTERDAY        0.0           2.3  1962   0.0    0.0      0.0
  MONTH TO DATE    0.0                       0.2   -0.2      0.3
  SINCE SEP 1      0.0                       0.2   -0.2      0.3
  SINCE JUL 1      0.0                       0.2   -0.2      0.3
  SNOW DEPTH       0

DEGREE DAYS
 HEATING
  YESTERDAY        6                        16    -10       27
  MONTH TO DATE  298                       305     -7      278
  SINCE SEP 1    418                       421     -3      369
  SINCE JUL 1    446                       439      7      398

 COOLING
  YESTERDAY        0                         0      0        0
  MONTH TO DATE    4                         8     -4       30
  SINCE SEP 1     78                        90    -12      148
  SINCE JAN 1    771                       772     -1      828
..................................................................


WIND (MPH)
  HIGHEST WIND SPEED    22   HIGHEST WIND DIRECTION     W (290)
  HIGHEST GUST SPEED    28   HIGHEST GUST DIRECTION     W (290)
  AVERAGE WIND SPEED    10.8


SKY COVER
  AVERAGE SKY COVER 0.5


WEATHER CONDITIONS
 THE FOLLOWING WEATHER WAS RECORDED YESTERDAY.
  FOG
  HAZE


RELATIVE HUMIDITY (PERCENT)
 HIGHEST    93           500 AM
 LOWEST     31           400 PM
 AVERAGE    62

..........................................................


THE SOUTH BEND CLIMATE NORMALS FOR TODAY
                         NORMAL    RECORD    YEAR
 MAXIMUM TEMPERATURE (F)   58        82      1963
 MINIMUM TEMPERATURE (F)   40        23      1942


SUNRISE AND SUNSET
OCTOBER 26 2014.......SUNRISE   810 AM EDT   SUNSET   648 PM EDT
OCTOBER 27 2014.......SUNRISE   811 AM EDT   SUNSET   646 PM EDT


-  INDICATES NEGATIVE NUMBERS.
R  INDICATES RECORD WAS SET OR TIED.
MM INDICATES DATA IS MISSING.
T  INDICATES TRACE AMOUNT.




$$
