000
CDUS43 KIWX 230549
CLISBN


CLIMATE REPORT
NATIONAL WEATHER SERVICE NORTHERN INDIANA
1246 AM EST MON JAN 23 2017


...................................

...THE SOUTH BEND CLIMATE SUMMARY FOR JANUARY 22 2017...

CLIMATE NORMAL PERIOD 1981 TO 2010
CLIMATE RECORD PERIOD 1893 TO 2017


WEATHER ITEM   OBSERVED TIME   RECORD YEAR NORMAL DEPARTURE LAST
                VALUE   (LST)  VALUE       VALUE  FROM      YEAR
                                                  NORMAL
..................................................................
TEMPERATURE (F)
 YESTERDAY
  MAXIMUM         43    447 PM  60    1906  31     12       27
  MINIMUM         34    417 AM -15    1936  17     17        7
  AVERAGE         39                        24     15       17

PRECIPITATION (IN)
  YESTERDAY        0.00          1.52 1965   0.07  -0.07      T
  MONTH TO DATE    2.92                      1.71   1.21     1.43
  SINCE DEC 1      4.91                      4.32   0.59     5.55
  SINCE JAN 1      2.92                      1.71   1.21     1.43

SNOWFALL (IN)
  YESTERDAY        0.0           6.8  2005   0.7   -0.7       T
  MONTH TO DATE    3.8                      14.4  -10.6     18.0
  SINCE DEC 1     27.5                      31.7   -4.2     19.4
  SINCE JUL 1     28.0                      36.9   -8.9     28.5
  SNOW DEPTH       0

DEGREE DAYS
 HEATING
  YESTERDAY       26                        41    -15       48
  MONTH TO DATE  787                       894   -107      943
  SINCE DEC 1   2008                      2016     -8     1729
  SINCE JUL 1   2909                      3285   -376     2796

 COOLING
  YESTERDAY        0                         0      0        0
  MONTH TO DATE    0                         0      0        0
  SINCE DEC 1      0                         0      0        0
  SINCE JAN 1      0                         0      0        0
..................................................................


WIND (MPH)
  HIGHEST WIND SPEED    13   HIGHEST WIND DIRECTION    NE (30)
  HIGHEST GUST SPEED    16   HIGHEST GUST DIRECTION    NE (30)
  AVERAGE WIND SPEED     6.1


SKY COVER
  AVERAGE SKY COVER 1.0


WEATHER CONDITIONS
 THE FOLLOWING WEATHER WAS RECORDED YESTERDAY.
  FOG
  FOG W/VISIBILITY <= 1/4 MILE


RELATIVE HUMIDITY (PERCENT)
 HIGHEST   100          1200 AM
 LOWEST     96           600 PM
 AVERAGE    98

..........................................................


THE SOUTH BEND CLIMATE NORMALS FOR TODAY
                         NORMAL    RECORD    YEAR
 MAXIMUM TEMPERATURE (F)   31        59      1909
 MINIMUM TEMPERATURE (F)   17       -19      1936


SUNRISE AND SUNSET
JANUARY 23 2017.......SUNRISE   805 AM EST   SUNSET   550 PM EST
JANUARY 24 2017.......SUNRISE   804 AM EST   SUNSET   551 PM EST


-  INDICATES NEGATIVE NUMBERS.
R  INDICATES RECORD WAS SET OR TIED.
MM INDICATES DATA IS MISSING.
T  INDICATES TRACE AMOUNT.




$$
