000
CDUS41 KAKQ 300545
CLISBY


CLIMATE REPORT
NATIONAL WEATHER SERVICE WAKEFIELD, VA
145 AM EDT THU MAR 30 2017


...................................

...THE SALISBURY MD CLIMATE SUMMARY FOR MARCH 29 2017...

CLIMATE NORMAL PERIOD 1981 TO 2010
CLIMATE RECORD PERIOD 1900 TO 2017


WEATHER ITEM   OBSERVED TIME   RECORD YEAR NORMAL DEPARTURE LAST
                VALUE   (LST)  VALUE       VALUE  FROM      YEAR
                                                  NORMAL
..................................................................
TEMPERATURE (F)
 YESTERDAY
  MAXIMUM         65    354 PM  93    1907  59      6       60
  MINIMUM         42   1016 PM  18    1923  38      4       35
  AVERAGE         54                        49      5       48

PRECIPITATION (IN)
  YESTERDAY        0.00          1.92 2010   0.15  -0.15     0.00
  MONTH TO DATE    3.61                      4.13  -0.52     1.74
  SINCE MAR 1      3.61                      4.13  -0.52     1.74
  SINCE JAN 1      8.41                     11.09  -2.68     8.59

SNOWFALL (IN)
  YESTERDAY        0.0           T    1930   0.0    0.0
  MONTH TO DATE    T                         0.8   -0.8
  SINCE NOV 1      9.6                       9.1    0.5
  SINCE JUL 1      9.6                       9.1    0.5
  SNOW DEPTH       0

DEGREE DAYS
 HEATING
  YESTERDAY       11                        16     -5       17
  MONTH TO DATE  595                       598     -3      420
  SINCE MAR 1    595                       598     -3      420
  SINCE JUL 1   3346                      3903   -557     3091

 COOLING
  YESTERDAY        0                         0      0        0
  MONTH TO DATE    2                         0      2        3
  SINCE MAR 1      2                         0      2        3
  SINCE JAN 1      2                         0      2        3
..................................................................


WIND (MPH)
  HIGHEST WIND SPEED    16   HIGHEST WIND DIRECTION     N (340)
  HIGHEST GUST SPEED    22   HIGHEST GUST DIRECTION     N (360)
  AVERAGE WIND SPEED     7.6


SKY COVER
  POSSIBLE SUNSHINE  MM
  AVERAGE SKY COVER 0.3


WEATHER CONDITIONS
 THE FOLLOWING WEATHER WAS RECORDED YESTERDAY.
  FOG


RELATIVE HUMIDITY (PERCENT)
 HIGHEST   100           100 AM
 LOWEST     34           300 PM
 AVERAGE    67

..........................................................


THE SALISBURY MD CLIMATE NORMALS FOR TODAY
                         NORMAL    RECORD    YEAR
 MAXIMUM TEMPERATURE (F)   60        86      1998
 MINIMUM TEMPERATURE (F)   39        24      2007
                                             1941


SUNRISE AND SUNSET
MARCH 30 2017.........SUNRISE   650 AM EDT   SUNSET   724 PM EDT
MARCH 31 2017.........SUNRISE   648 AM EDT   SUNSET   725 PM EDT


-  INDICATES NEGATIVE NUMBERS.
R  INDICATES RECORD WAS SET OR TIED.
MM INDICATES DATA IS MISSING.
T  INDICATES TRACE AMOUNT.




$$
