000
CDUS41 KAKQ 232145
CLISBY


CLIMATE REPORT
NATIONAL WEATHER SERVICE WAKEFIELD, VA
545 PM EDT MON OCT 23 2017


...................................

...THE SALISBURY MD CLIMATE SUMMARY FOR OCTOBER 23 2017...
VALID TODAY AS OF 0500 PM LOCAL TIME.

CLIMATE NORMAL PERIOD 1981 TO 2010
CLIMATE RECORD PERIOD 1900 TO 2017


WEATHER ITEM   OBSERVED TIME   RECORD YEAR NORMAL DEPARTURE LAST
                VALUE   (LST)  VALUE       VALUE  FROM      YEAR
                                                  NORMAL
..................................................................
TEMPERATURE (F)
 TODAY
  MAXIMUM         78   1242 PM  85    1947  66     12       65
  MINIMUM         56    640 AM  26    1930  44     12       46
  AVERAGE         67

PRECIPITATION (IN)
  TODAY            0.00          2.00 1923   0.11  -0.11     0.00
  MONTH TO DATE    1.10                      2.59  -1.49     3.91
  SINCE SEP 1      3.15                      6.57  -3.42    16.77
  SINCE JAN 1     45.21                     37.64   7.57    50.83

SNOWFALL (IN)
  TODAY            0.0
  MONTH TO DATE    0.0
  SINCE NOV 1      9.6
  SINCE JUL 1      0.0
  SNOW DEPTH       0

DEGREE DAYS
 HEATING
  TODAY            0
  MONTH TO DATE   75
  SINCE SEP 1     88
  SINCE JUL 1     88

 COOLING
  TODAY            2
  MONTH TO DATE   75
  SINCE SEP 1    247
  SINCE JAN 1   1414
..................................................................


WIND (MPH)
  RESULTANT WIND SPEED   6   RESULTANT WIND DIRECTION  SE (130)
  HIGHEST WIND SPEED    16   HIGHEST WIND DIRECTION    SE (120)
  HIGHEST GUST SPEED    21   HIGHEST GUST DIRECTION    SE (150)


SKY COVER
  POSSIBLE SUNSHINE  MM
  AVERAGE SKY COVER 0.6


WEATHER CONDITIONS
 THE FOLLOWING WEATHER WAS RECORDED TODAY.
  FOG
  FOG W/VISIBILITY <= 1/4 MILE


RELATIVE HUMIDITY (PERCENT)
 HIGHEST   100
 LOWEST     64
 AVERAGE    82

..........................................................


THE SALISBURY MD CLIMATE NORMALS FOR TOMORROW
                         NORMAL    RECORD    YEAR
 MAXIMUM TEMPERATURE (F)   66        84      2001
 MINIMUM TEMPERATURE (F)   44        25      2003


SUNRISE AND SUNSET
OCTOBER 23 2017.......SUNRISE   719 AM EDT   SUNSET   613 PM EDT
OCTOBER 24 2017.......SUNRISE   720 AM EDT   SUNSET   612 PM EDT


-  INDICATES NEGATIVE NUMBERS.
R  INDICATES RECORD WAS SET OR TIED.
MM INDICATES DATA IS MISSING.
T  INDICATES TRACE AMOUNT.




$$
