000
CDUS41 KAKQ 012134
CLISBY


CLIMATE REPORT
NATIONAL WEATHER SERVICE WAKEFIELD, VA
534 PM EDT SAT AUG 1 2015


...................................

...THE SALISBURY MD CLIMATE SUMMARY FOR AUGUST 1 2015...
VALID TODAY AS OF 0500 PM LOCAL TIME.

CLIMATE NORMAL PERIOD 1981 TO 2010
CLIMATE RECORD PERIOD 1900 TO 2015


WEATHER ITEM   OBSERVED TIME   RECORD YEAR NORMAL DEPARTURE LAST
                VALUE   (LST)  VALUE       VALUE  FROM      YEAR
                                                  NORMAL
..................................................................
TEMPERATURE (F)
 TODAY
  MAXIMUM         90    237 PM  99    1915  86      4       81
  MINIMUM         67    444 AM  51    2001  67      0       65
  AVERAGE         79

PRECIPITATION (IN)
  TODAY            0.00          5.32 2013   0.16  -0.16     0.96
  MONTH TO DATE    0.00                      0.16  -0.16     0.96
  SINCE JUN 1     14.52                      8.25   6.27     7.32
  SINCE JAN 1     31.73                     26.80   4.93    27.03

SNOWFALL (IN)
  TODAY            0.0
  MONTH TO DATE    0.0
  SINCE NOV 1     15.7
  SINCE JUL 1      0.0
  SNOW DEPTH       0

DEGREE DAYS
 HEATING
  TODAY            0
  MONTH TO DATE    0
  SINCE JUN 1     15
  SINCE JUL 1      0

 COOLING
  TODAY           14
  MONTH TO DATE   14
  SINCE JUN 1    659
  SINCE JAN 1    815
..................................................................


WIND (MPH)
  RESULTANT WIND SPEED   6   RESULTANT WIND DIRECTION  SW (240)
  HIGHEST WIND SPEED    16   HIGHEST WIND DIRECTION     W (270)
  HIGHEST GUST SPEED    22   HIGHEST GUST DIRECTION    SW (230)


SKY COVER
  POSSIBLE SUNSHINE  MM
  AVERAGE SKY COVER 0.0


WEATHER CONDITIONS
 THE FOLLOWING WEATHER WAS RECORDED TODAY.
  NO SIGNIFICANT WEATHER WAS OBSERVED.


RELATIVE HUMIDITY (PERCENT)
 HIGHEST    93
 LOWEST     37
 AVERAGE    65

..........................................................


THE SALISBURY MD CLIMATE NORMALS FOR TOMORROW
                         NORMAL    RECORD    YEAR
 MAXIMUM TEMPERATURE (F)   86        98      1995
 MINIMUM TEMPERATURE (F)   67        52      1981


SUNRISE AND SUNSET
AUGUST  1 2015........SUNRISE   604 AM EDT   SUNSET   812 PM EDT
AUGUST  2 2015........SUNRISE   605 AM EDT   SUNSET   811 PM EDT


-  INDICATES NEGATIVE NUMBERS.
R  INDICATES RECORD WAS SET OR TIED.
MM INDICATES DATA IS MISSING.
T  INDICATES TRACE AMOUNT.




$$
