000
CDUS41 KAKQ 180845
CLISBY


CLIMATE REPORT
NATIONAL WEATHER SERVICE WAKEFIELD, VA
345 AM EST THU DEC 18 2014


...................................

...THE SALISBURY MD CLIMATE SUMMARY FOR DECEMBER 17 2014...

CLIMATE NORMAL PERIOD 1981 TO 2010
CLIMATE RECORD PERIOD 1900 TO 2014


WEATHER ITEM   OBSERVED TIME   RECORD YEAR NORMAL DEPARTURE LAST
                VALUE   (LST)  VALUE       VALUE  FROM      YEAR
                                                  NORMAL
..................................................................
TEMPERATURE (F)
 YESTERDAY
  MAXIMUM         57    147 PM  68    1933  48      9       53
  MINIMUM         37    831 PM   8    1958  29      8       33
  AVERAGE         47                        38      9       43

PRECIPITATION (IN)
  YESTERDAY        0.00          0.86 1922   0.12  -0.12     0.07
  MONTH TO DATE    0.83                      2.13  -1.30     2.03
  SINCE DEC 1      0.83                      2.13  -1.30     2.03
  SINCE JAN 1     29.04                     44.10 -15.06    47.64

SNOWFALL (IN)
  YESTERDAY        0.0           7.0  1932   0.1   -0.1
  MONTH TO DATE    0.0                       0.9   -0.9
  SINCE NOV 1      0.0                       1.1   -1.1
  SINCE JUL 1      0.0                       1.1   -1.1
  SNOW DEPTH       0

DEGREE DAYS
 HEATING
  YESTERDAY       18                        27     -9       22
  MONTH TO DATE  338                       413    -75      393
  SINCE DEC 1    338                       413    -75      393
  SINCE JUL 1   1010                      1231   -221     1098

 COOLING
  YESTERDAY        0                         0      0        0
  MONTH TO DATE    0                         0      0        0
  SINCE DEC 1      0                         0      0        0
  SINCE JAN 1   1379                      1153    226     1628
..................................................................


WIND (MPH)
  HIGHEST WIND SPEED    18   HIGHEST WIND DIRECTION     W (270)
  HIGHEST GUST SPEED    27   HIGHEST GUST DIRECTION     W (270)
  AVERAGE WIND SPEED     7.2


SKY COVER
  POSSIBLE SUNSHINE  MM
  AVERAGE SKY COVER 0.2


WEATHER CONDITIONS
 THE FOLLOWING WEATHER WAS RECORDED YESTERDAY.
  FOG
  HAZE


RELATIVE HUMIDITY (PERCENT)
 HIGHEST    86          1200 AM
 LOWEST     46           400 PM
 AVERAGE    66

..........................................................


THE SALISBURY MD CLIMATE NORMALS FOR TODAY
                         NORMAL    RECORD    YEAR
 MAXIMUM TEMPERATURE (F)   47        72      1984
 MINIMUM TEMPERATURE (F)   29         7      1916


SUNRISE AND SUNSET
DECEMBER 18 2014......SUNRISE   714 AM EST   SUNSET   444 PM EST
DECEMBER 19 2014......SUNRISE   714 AM EST   SUNSET   444 PM EST


-  INDICATES NEGATIVE NUMBERS.
R  INDICATES RECORD WAS SET OR TIED.
MM INDICATES DATA IS MISSING.
T  INDICATES TRACE AMOUNT.




$$
