000
CDUS46 KSTO 250042
CLISCK


CLIMATE REPORT
NATIONAL WEATHER SERVICE SACRAMENTO, CA
442 PM PST FRI NOV 24 2017


...................................

...THE STOCKTON AIRPORT CA CLIMATE SUMMARY FOR NOVEMBER 24 2017...
VALID TODAY AS OF 0400 PM LOCAL TIME.

CLIMATE NORMAL PERIOD 1981 TO 2010
CLIMATE RECORD PERIOD 1948 TO 2017


WEATHER ITEM   OBSERVED TIME   RECORD YEAR NORMAL DEPARTURE LAST
                VALUE   (LST)  VALUE       VALUE  FROM      YEAR
                                                  NORMAL
..................................................................
TEMPERATURE (F)
 TODAY
  MAXIMUM         78R   208 PM  74    1959  60     18       60
  MINIMUM         53    624 AM  27    1952  40     13       35
  AVERAGE         66

PRECIPITATION (IN)
  TODAY            0.00          0.94 1985   0.06  -0.06     0.00
  MONTH TO DATE    0.66                      1.33  -0.67     1.03
  SINCE OCT 1      0.78                      2.15  -1.37     3.42
  SINCE JAN 1     16.41                     11.48   4.93    15.54

SNOWFALL (IN)
  TODAY            0.0           0.0  2002
                                      2001
  MONTH TO DATE    0.0
  SINCE SEP 1      0.0
  SINCE JUL 1      0.0

DEGREE DAYS
 HEATING
  TODAY            0                        15    -15       17
  MONTH TO DATE  186                       265    -79      154
  SINCE SEP 1    238                       362   -124      210
  SINCE JUL 1    238                       362   -124      210

 COOLING
  TODAY            1                         0      1        0
  MONTH TO DATE    1                         0      1        0
  SINCE SEP 1    366                       276     90      247
  SINCE JAN 1   1797                      1320    477     1445
..................................................................


WIND (MPH)
  RESULTANT WIND SPEED   4   RESULTANT WIND DIRECTION  NW (320)
  HIGHEST WIND SPEED    10   HIGHEST WIND DIRECTION    NW (320)
  HIGHEST GUST SPEED    12   HIGHEST GUST DIRECTION    NW (310)


SKY COVER
  POSSIBLE SUNSHINE  MM
  AVERAGE SKY COVER 0.0


WEATHER CONDITIONS
 THE FOLLOWING WEATHER WAS RECORDED TODAY.
  FOG


RELATIVE HUMIDITY (PERCENT)
 HIGHEST   100          1200 AM
 LOWEST     50           200 PM
 AVERAGE    75

..........................................................


THE STOCKTON AIRPORT CA CLIMATE NORMALS FOR TOMORROW
                         NORMAL    RECORD    YEAR
 MAXIMUM TEMPERATURE (F)   60        77      1995
 MINIMUM TEMPERATURE (F)   40        27      2010


SUNRISE AND SUNSET
NOVEMBER 24 2017......SUNRISE   655 AM PST   SUNSET   448 PM PST
NOVEMBER 25 2017......SUNRISE   656 AM PST   SUNSET   448 PM PST


-  INDICATES NEGATIVE NUMBERS.
R  INDICATES RECORD WAS SET OR TIED.
MM INDICATES DATA IS MISSING.
T  INDICATES TRACE AMOUNT.




$$
