000
CDUS46 KSTO 260844
CLISCK


CLIMATE REPORT
NATIONAL WEATHER SERVICE SACRAMENTO, CA
144 AM PDT TUE SEP 26 2017


...................................

...THE STOCKTON AIRPORT CA CLIMATE SUMMARY FOR SEPTEMBER 25 2017...

CLIMATE NORMAL PERIOD 1981 TO 2010
CLIMATE RECORD PERIOD 1948 TO 2017


WEATHER ITEM   OBSERVED TIME   RECORD YEAR NORMAL DEPARTURE LAST
                VALUE   (LST)  VALUE       VALUE  FROM      YEAR
                                                  NORMAL
..................................................................
TEMPERATURE (F)
 YESTERDAY
  MAXIMUM         88    345 PM 100    1952  86      2       95
  MINIMUM         49    600 AM  47    2005  55     -6       55
                                      1955
  AVERAGE         69

PRECIPITATION (IN)
  YESTERDAY        0.00          1.13 1982   0.01  -0.01     0.00
  MONTH TO DATE    T                         0.21  -0.21      T
  SINCE OCT 1     21.79                     13.98   7.81    16.69
  SINCE JAN 1     15.63                      9.25   6.38    12.12

SNOWFALL (IN)
  YESTERDAY        0.0           0.0  2002
                                      2001
  MONTH TO DATE    0.0
  SINCE SEP 1      0.0
  SINCE JUL 1      0.0
  SNOW DEPTH       0

DEGREE DAYS
 HEATING
  YESTERDAY        0                         0      0        0
  MONTH TO DATE    3                         0      3        3
  SINCE SEP 1      3                         0      3        3
  SINCE JUL 1      3                         0      3        3

 COOLING
  YESTERDAY        4                         6     -2       10
  MONTH TO DATE  276                       197     79      177
  SINCE SEP 1    276                       197     79      177
  SINCE JAN 1   1707                      1241    466     1375
..................................................................


WIND (MPH)
  RESULTANT WIND SPEED   2   RESULTANT WIND DIRECTION  NW (320)
  HIGHEST WIND SPEED    12   HIGHEST WIND DIRECTION     N (350)
  HIGHEST GUST SPEED    22   HIGHEST GUST DIRECTION    NW (320)


SKY COVER
  POSSIBLE SUNSHINE  MM
  AVERAGE SKY COVER 0.0


WEATHER CONDITIONS
 THE FOLLOWING WEATHER WAS RECORDED YESTERDAY.
  NO SIGNIFICANT WEATHER WAS OBSERVED.


RELATIVE HUMIDITY (PERCENT)
 HIGHEST    74           600 AM
 LOWEST     15           400 PM
 AVERAGE    45

..........................................................


THE STOCKTON AIRPORT CA CLIMATE NORMALS FOR TODAY
                         NORMAL    RECORD    YEAR
 MAXIMUM TEMPERATURE (F)   86       100      2016
                                             2009
                                             1963
 MINIMUM TEMPERATURE (F)   55        47      1973
                                             1955


SUNRISE AND SUNSET
SEPTEMBER 26 2017.....SUNRISE   657 AM PDT   SUNSET   655 PM PDT
SEPTEMBER 27 2017.....SUNRISE   657 AM PDT   SUNSET   654 PM PDT


-  INDICATES NEGATIVE NUMBERS.
R  INDICATES RECORD WAS SET OR TIED.
MM INDICATES DATA IS MISSING.
T  INDICATES TRACE AMOUNT.




$$
