000
CDUS46 KSTO 240042
CLISCK


CLIMATE REPORT
NATIONAL WEATHER SERVICE SACRAMENTO, CA
541 PM PDT SAT JUL 23 2016


...................................

...THE STOCKTON AIRPORT CA CLIMATE SUMMARY FOR JULY 23 2016...
VALID TODAY AS OF 0500 PM LOCAL TIME.

CLIMATE NORMAL PERIOD 1981 TO 2010
CLIMATE RECORD PERIOD 1948 TO 2016


WEATHER ITEM   OBSERVED TIME   RECORD YEAR NORMAL DEPARTURE LAST
                VALUE   (LST)  VALUE       VALUE  FROM      YEAR
                                                  NORMAL
..................................................................
TEMPERATURE (F)
 TODAY
  MAXIMUM        102    352 PM 115    2006  94      8       88
  MINIMUM         61    532 AM  54    1999  60      1       60
                                      1958
                                      1950
  AVERAGE         82

PRECIPITATION (IN)
  TODAY            0.00          0.02 1986   0.00   0.00     0.00
  MONTH TO DATE    0.00                      0.00   0.00     0.01
  SINCE OCT 1     16.69                     13.76   2.93    10.71
  SINCE JAN 1     12.12                      9.03   3.09     2.87

SNOWFALL (IN)
  TODAY            0.0          MM      MM
  MONTH TO DATE    0.0
  SINCE JUN 1      0.0
  SINCE JUL 1      0.0

DEGREE DAYS
 HEATING
  TODAY            0                         0      0        0
  MONTH TO DATE    0                         0      0        0
  SINCE JUN 1      2                         7     -5        0
  SINCE JUL 1      0                         0      0        0

 COOLING
  TODAY           17                        12      5        9
  MONTH TO DATE  251                       268    -17      295
  SINCE JUN 1    571                       498     73      634
  SINCE JAN 1    717                       617    100      730
..................................................................


WIND (MPH)
  RESULTANT WIND SPEED   7   RESULTANT WIND DIRECTION  NW (330)
  HIGHEST WIND SPEED    17   HIGHEST WIND DIRECTION    NW (300)
  HIGHEST GUST SPEED    22   HIGHEST GUST DIRECTION     W (290)


SKY COVER
  POSSIBLE SUNSHINE  MM
  AVERAGE SKY COVER 0.0


WEATHER CONDITIONS
 THE FOLLOWING WEATHER WAS RECORDED TODAY.
  NO SIGNIFICANT WEATHER WAS OBSERVED.


RELATIVE HUMIDITY (PERCENT)
 HIGHEST    60           500 AM
 LOWEST     14           300 PM
 AVERAGE    37

..........................................................


THE STOCKTON AIRPORT CA CLIMATE NORMALS FOR TOMORROW
                         NORMAL    RECORD    YEAR
 MAXIMUM TEMPERATURE (F)   94       113      2006
 MINIMUM TEMPERATURE (F)   60        52      1968
                                             1951


SUNRISE AND SUNSET
JULY 23 2016..........SUNRISE   601 AM PDT   SUNSET   821 PM PDT
JULY 24 2016..........SUNRISE   602 AM PDT   SUNSET   820 PM PDT


-  INDICATES NEGATIVE NUMBERS.
R  INDICATES RECORD WAS SET OR TIED.
MM INDICATES DATA IS MISSING.
T  INDICATES TRACE AMOUNT.




$$
