000
CDUS46 KSTO 080049
CLISCK


CLIMATE REPORT
NATIONAL WEATHER SERVICE SACRAMENTO, CA
548 PM PDT TUE JUL 7 2015


...................................

...THE STOCKTON AIRPORT CA CLIMATE SUMMARY FOR JULY 7 2015...
VALID TODAY AS OF 0500 PM LOCAL TIME.

CLIMATE NORMAL PERIOD 1981 TO 2010
CLIMATE RECORD PERIOD 1948 TO 2015


WEATHER ITEM   OBSERVED TIME   RECORD YEAR NORMAL DEPARTURE LAST
                VALUE   (LST)  VALUE       VALUE  FROM      YEAR
                                                  NORMAL
..................................................................
TEMPERATURE (F)
 TODAY
  MAXIMUM         88    358 PM 107    1989  93     -5       97
  MINIMUM         64    552 AM  52    1999  60      4       61
  AVERAGE         76

PRECIPITATION (IN)
  TODAY            0.00          T    1974   0.00   0.00     0.00
  MONTH TO DATE    0.01                      0.00   0.01     0.00
  SINCE OCT 1     10.71                     13.76  -3.05     7.23
  SINCE JAN 1      2.87                      9.03  -6.16     5.80

SNOWFALL (IN)
  TODAY            0.0          MM      MM
  MONTH TO DATE    0.0
  SINCE JUN 1      0.0
  SINCE JUL 1      0.0

DEGREE DAYS
 HEATING
  TODAY            0                         0      0        0
  MONTH TO DATE    0                         0      0        0
  SINCE JUN 1      0                         7     -7        0
  SINCE JUL 1      0                         0      0        0

 COOLING
  TODAY           11                        11      0       14
  MONTH TO DATE  108                        77     31       96
  SINCE JUN 1    447                       307    140      371
  SINCE JAN 1    543                       426    117      554
..................................................................


WIND (MPH)
  RESULTANT WIND SPEED  10   RESULTANT WIND DIRECTION   W (280)
  HIGHEST WIND SPEED    20   HIGHEST WIND DIRECTION    NW (300)
  HIGHEST GUST SPEED    24   HIGHEST GUST DIRECTION    NW (310)


SKY COVER
  POSSIBLE SUNSHINE  MM
  AVERAGE SKY COVER 0.0


WEATHER CONDITIONS
 THE FOLLOWING WEATHER WAS RECORDED TODAY.
  NO SIGNIFICANT WEATHER WAS OBSERVED.


RELATIVE HUMIDITY (PERCENT)
 HIGHEST    78           100 AM
 LOWEST     36           400 PM
 AVERAGE    57

..........................................................


THE STOCKTON AIRPORT CA CLIMATE NORMALS FOR TOMORROW
                         NORMAL    RECORD    YEAR
 MAXIMUM TEMPERATURE (F)   93       106      2008
 MINIMUM TEMPERATURE (F)   60        52      2003
                                             2002
                                             2000


SUNRISE AND SUNSET
JULY  7 2015..........SUNRISE   549 AM PDT   SUNSET   830 PM PDT
JULY  8 2015..........SUNRISE   550 AM PDT   SUNSET   830 PM PDT


-  INDICATES NEGATIVE NUMBERS.
R  INDICATES RECORD WAS SET OR TIED.
MM INDICATES DATA IS MISSING.
T  INDICATES TRACE AMOUNT.




$$
