000
CDUS46 KSTO 100834
CLISCK


CLIMATE REPORT
NATIONAL WEATHER SERVICE SACRAMENTO, CA
1234 AM PST WED FEB 10 2016


...................................

...THE STOCKTON AIRPORT CA CLIMATE SUMMARY FOR FEBRUARY 9 2016...

CLIMATE NORMAL PERIOD 1981 TO 2010
CLIMATE RECORD PERIOD 1948 TO 2016


WEATHER ITEM   OBSERVED TIME   RECORD YEAR NORMAL DEPARTURE LAST
                VALUE   (LST)  VALUE       VALUE  FROM      YEAR
                                                  NORMAL
..................................................................
TEMPERATURE (F)
 YESTERDAY
  MAXIMUM         73R   324 PM  71    2006  59     14       69
  MINIMUM         41    723 AM  27    2003  40      1       50
  AVERAGE         57

PRECIPITATION (IN)
  YESTERDAY        0.00          1.41 1962   0.09  -0.09     0.04
  MONTH TO DATE    T                         0.86  -0.86     1.42
  SINCE OCT 1      9.48                      8.33   1.15     9.28
  SINCE JAN 1      4.91                      3.60   1.31     1.44

SNOWFALL (IN)
  YESTERDAY        0.0           0.0  2002
  MONTH TO DATE    0.0
  SINCE DEC 1      0.0
  SINCE JUL 1      0.0
  SNOW DEPTH       0

DEGREE DAYS
 HEATING
  YESTERDAY        8                        16     -8        5
  MONTH TO DATE  137                       147    -10       77
  SINCE DEC 1   1150                      1345   -195      957
  SINCE JUL 1   1555                      1802   -247     1243

 COOLING
  YESTERDAY        0                         0      0        0
  MONTH TO DATE    0                         0      0        0
  SINCE DEC 1      0                         0      0        0
  SINCE JAN 1      0                         0      0        0
..................................................................


WIND (MPH)
  RESULTANT WIND SPEED   0   RESULTANT WIND DIRECTION  SE (120)
  HIGHEST WIND SPEED    12   HIGHEST WIND DIRECTION     W (290)
  HIGHEST GUST SPEED    13   HIGHEST GUST DIRECTION     W (290)


SKY COVER
  POSSIBLE SUNSHINE  MM
  AVERAGE SKY COVER 0.0


WEATHER CONDITIONS
 THE FOLLOWING WEATHER WAS RECORDED YESTERDAY.
  FOG
  HAZE


RELATIVE HUMIDITY (PERCENT)
 HIGHEST    96           600 AM
 LOWEST     38           300 PM
 AVERAGE    67

..........................................................


THE STOCKTON AIRPORT CA CLIMATE NORMALS FOR TODAY
                         NORMAL    RECORD    YEAR
 MAXIMUM TEMPERATURE (F)   60        73      1988
 MINIMUM TEMPERATURE (F)   40        27      2004


SUNRISE AND SUNSET
FEBRUARY 10 2016......SUNRISE   701 AM PST   SUNSET   538 PM PST
FEBRUARY 11 2016......SUNRISE   700 AM PST   SUNSET   539 PM PST


-  INDICATES NEGATIVE NUMBERS.
R  INDICATES RECORD WAS SET OR TIED.
MM INDICATES DATA IS MISSING.
T  INDICATES TRACE AMOUNT.




$$
