000
CDUS46 KSTO 230837
CLISCK


CLIMATE REPORT
NATIONAL WEATHER SERVICE SACRAMENTO, CA
137 AM PDT SAT MAY 23 2015


...................................

...THE STOCKTON AIRPORT CA CLIMATE SUMMARY FOR MAY 22 2015...

CLIMATE NORMAL PERIOD 1981 TO 2010
CLIMATE RECORD PERIOD 1948 TO 2015


WEATHER ITEM   OBSERVED TIME   RECORD YEAR NORMAL DEPARTURE LAST
                VALUE   (LST)  VALUE       VALUE  FROM      YEAR
                                                  NORMAL
..................................................................
TEMPERATURE (F)
 YESTERDAY
  MAXIMUM         77    237 PM 102    2000  83     -6       85
  MINIMUM         53    336 AM  39    1960  53      0       55
  AVERAGE         65

PRECIPITATION (IN)
  YESTERDAY        0.00          0.73 1958   0.01  -0.01     0.00
  MONTH TO DATE    0.01                      0.41  -0.40      T
  SINCE OCT 1     10.61                     13.56  -2.95     7.22
  SINCE JAN 1      2.77                      8.83  -6.06     5.79

SNOWFALL (IN)
  YESTERDAY        0.0          MM      MM
  MONTH TO DATE    0.0
  SINCE MAR 1      0.0
  SINCE JUL 1      0.0
  SNOW DEPTH       0

DEGREE DAYS
 HEATING
  YESTERDAY        0                         1     -1        0
  MONTH TO DATE   42                        50     -8       13
  SINCE MAR 1    274                       564   -290      327
  SINCE JUL 1   1713                      2626   -913     2160

 COOLING
  YESTERDAY        0                         4     -4        5
  MONTH TO DATE   19                        61    -42       83
  SINCE MAR 1     68                        78    -10      112
  SINCE JAN 1     68                        78    -10      112
..................................................................


WIND (MPH)
  RESULTANT WIND SPEED   8   RESULTANT WIND DIRECTION   W (280)
  HIGHEST WIND SPEED    22   HIGHEST WIND DIRECTION     W (260)
  HIGHEST GUST SPEED    26   HIGHEST GUST DIRECTION     W (250)


SKY COVER
  POSSIBLE SUNSHINE  MM
  AVERAGE SKY COVER 0.3


WEATHER CONDITIONS
 THE FOLLOWING WEATHER WAS RECORDED YESTERDAY.
  NO SIGNIFICANT WEATHER WAS OBSERVED.


RELATIVE HUMIDITY (PERCENT)
 HIGHEST    83           300 AM
 LOWEST     38           200 PM
 AVERAGE    61

..........................................................


THE STOCKTON AIRPORT CA CLIMATE NORMALS FOR TODAY
                         NORMAL    RECORD    YEAR
 MAXIMUM TEMPERATURE (F)   83       102      1982
 MINIMUM TEMPERATURE (F)   53        44      1960


SUNRISE AND SUNSET
MAY 23 2015...........SUNRISE   549 AM PDT   SUNSET   815 PM PDT
MAY 24 2015...........SUNRISE   548 AM PDT   SUNSET   816 PM PDT


-  INDICATES NEGATIVE NUMBERS.
R  INDICATES RECORD WAS SET OR TIED.
MM INDICATES DATA IS MISSING.
T  INDICATES TRACE AMOUNT.




$$
