000
CDUS46 KLOX 220903
CLISDB


CLIMATE REPORT
NATIONAL WEATHER SERVICE LOS ANGELES/OXNARD CA
203 AM PDT TUE JUL 22 2014


...................................

...THE SANDBERG CA CLIMATE SUMMARY FOR JULY 21 2014...

CLIMATE NORMAL PERIOD 1981 TO 2010
CLIMATE RECORD PERIOD 1948 TO 2014


WEATHER ITEM   OBSERVED TIME   RECORD YEAR NORMAL DEPARTURE LAST
                VALUE   (LST)  VALUE       VALUE  FROM      YEAR
                                                  NORMAL
..................................................................
TEMPERATURE (F)
 YESTERDAY
  MAXIMUM         85   1222 PM  95    2006  85      0       87
  MINIMUM         60    519 AM  45    1987  65     -5       64
  AVERAGE         73                        75     -2       76

PRECIPITATION (IN)
  YESTERDAY        0.00          0.04 1960   0.00   0.00     0.01
  MONTH TO DATE    T                         0.01  -0.01     0.01
  SINCE JUL 1      T                         0.01  -0.01     0.01
  SINCE JAN 1      3.58                      8.49  -4.91     2.92

DEGREE DAYS
 HEATING
  YESTERDAY        0                         0      0        0
  MONTH TO DATE    0                         4     -4        0
  SINCE JUN 1      7                        88    -81       16
  SINCE JUL 1      0                         4     -4        0

 COOLING
  YESTERDAY        8                        10     -2       11
  MONTH TO DATE  266                       185     81      332
  SINCE JUN 1    506                       316    190      581
  SINCE JAN 1    656                       361    295      711
..................................................................


WIND (MPH)
  HIGHEST WIND SPEED    20   HIGHEST WIND DIRECTION    SE (150)
  HIGHEST GUST SPEED    28   HIGHEST GUST DIRECTION     S (160)
  AVERAGE WIND SPEED    10.4


SKY COVER
  POSSIBLE SUNSHINE  MM
  AVERAGE SKY COVER 0.0


WEATHER CONDITIONS
 THE FOLLOWING WEATHER WAS RECORDED YESTERDAY.
  NO SIGNIFICANT WEATHER WAS OBSERVED.


RELATIVE HUMIDITY (PERCENT)
 HIGHEST    78           200 AM
 LOWEST     26           300 PM
 AVERAGE    52

..........................................................


THE SANDBERG CA CLIMATE NORMALS FOR TODAY
                         NORMAL    RECORD    YEAR
 MAXIMUM TEMPERATURE (F)   86        99      2006
 MINIMUM TEMPERATURE (F)   65        47      1987


SUNRISE AND SUNSET
JULY 22 2014..........SUNRISE   558 AM PDT   SUNSET   805 PM PDT
JULY 23 2014..........SUNRISE   558 AM PDT   SUNSET   804 PM PDT


-  INDICATES NEGATIVE NUMBERS.
R  INDICATES RECORD WAS SET OR TIED.
MM INDICATES DATA IS MISSING.
T  INDICATES TRACE AMOUNT.




$$
