000
CDUS46 KLOX 270117
CLISDB


CLIMATE REPORT
NATIONAL WEATHER SERVICE LOS ANGELES/OXNARD CA
517 PM PST THU FEB 26 2015


...................................

...THE SANDBERG CA CLIMATE SUMMARY FOR FEBRUARY 26 2015...
VALID TODAY AS OF 0500 PM LOCAL TIME.

CLIMATE NORMAL PERIOD 1981 TO 2010
CLIMATE RECORD PERIOD 1934 TO 2015


WEATHER ITEM   OBSERVED TIME   RECORD YEAR NORMAL DEPARTURE LAST
                VALUE   (LST)  VALUE       VALUE  FROM      YEAR
                                                  NORMAL
..................................................................
TEMPERATURE (F)
 TODAY
  MAXIMUM         60    122 PM  68    1965  51      9       48
  MINIMUM         44    652 AM  17    1962  39      5       42
  AVERAGE         52                        45      7       45

PRECIPITATION (IN)
  TODAY            0.00          0.53 1993   0.14  -0.14     0.16
  MONTH TO DATE    0.13                      3.00  -2.87     0.27
  SINCE OCT 1      6.53                      9.04  -2.51     0.97
  SINCE JAN 1      1.63                      5.41  -3.78     0.27

DEGREE DAYS
 HEATING
  TODAY           13                        20     -7       20
  MONTH TO DATE  213                       555   -342      340
  SINCE DEC 1   1203                      1941   -738     1195
  SINCE JUL 1   1593                      2720  -1127     1749

 COOLING
  TODAY            0                         0      0        0
  MONTH TO DATE    3                         0      3        7
  SINCE DEC 1      3                         0      3        7
  SINCE JAN 1      3                         0      3        7
..................................................................


WIND (MPH)
  HIGHEST WIND SPEED    36   HIGHEST WIND DIRECTION    NW (330)
  HIGHEST GUST SPEED    45   HIGHEST GUST DIRECTION     N (340)
  AVERAGE WIND SPEED    20.4


SKY COVER
  POSSIBLE SUNSHINE  MM
  AVERAGE SKY COVER 0.0


WEATHER CONDITIONS
 THE FOLLOWING WEATHER WAS RECORDED TODAY.
  NO SIGNIFICANT WEATHER WAS OBSERVED.


RELATIVE HUMIDITY (PERCENT)
 HIGHEST    46           900 AM
 LOWEST     22          1200 AM
 AVERAGE    34

..........................................................


THE SANDBERG CA CLIMATE NORMALS FOR TOMORROW
                         NORMAL    RECORD    YEAR
 MAXIMUM TEMPERATURE (F)   51        72      1972
 MINIMUM TEMPERATURE (F)   39        13      1962


SUNRISE AND SUNSET
FEBRUARY 26 2015......SUNRISE   628 AM PST   SUNSET   548 PM PST
FEBRUARY 27 2015......SUNRISE   627 AM PST   SUNSET   549 PM PST


-  INDICATES NEGATIVE NUMBERS.
R  INDICATES RECORD WAS SET OR TIED.
MM INDICATES DATA IS MISSING.
T  INDICATES TRACE AMOUNT.




$$
