000
CDUS46 KLOX 220913
CLISDB


CLIMATE REPORT
NATIONAL WEATHER SERVICE LOS ANGELES/OXNARD CA
112 AM PST SAT NOV 22 2014


...................................

...THE SANDBERG CA CLIMATE SUMMARY FOR NOVEMBER 21 2014...

CLIMATE NORMAL PERIOD 1981 TO 2010
CLIMATE RECORD PERIOD 1934 TO 2014


WEATHER ITEM   OBSERVED TIME   RECORD YEAR NORMAL DEPARTURE LAST
                VALUE   (LST)  VALUE       VALUE  FROM      YEAR
                                                  NORMAL
..................................................................
TEMPERATURE (F)
 YESTERDAY
  MAXIMUM         51    110 PM  70    1995  54     -3       54
  MINIMUM         42    850 PM  26    2004  41      1       37
                                      1963
  AVERAGE         47                        47      0       46

PRECIPITATION (IN)
  YESTERDAY        0.01          1.89 1967   0.02  -0.01     0.35
  MONTH TO DATE    0.03                      0.48  -0.45     0.38
  SINCE JUL 1      0.69                      1.30  -0.61     0.69
  SINCE JAN 1      4.27                      9.78  -5.51     3.60

DEGREE DAYS
 HEATING
  YESTERDAY       18                        18      0       19
  MONTH TO DATE  223                       302    -79      180
  SINCE SEP 1    315                       586   -271      397
  SINCE JUL 1    315                       603   -288      397

 COOLING
  YESTERDAY        0                         0      0        0
  MONTH TO DATE   18                         0     18        4
  SINCE SEP 1    507                       239    268      333
  SINCE JAN 1   1687                       996    691     1565
..................................................................


WIND (MPH)
  HIGHEST WIND SPEED    39   HIGHEST WIND DIRECTION     N (340)
  HIGHEST GUST SPEED    46   HIGHEST GUST DIRECTION     N (340)
  AVERAGE WIND SPEED    22.3


SKY COVER
  POSSIBLE SUNSHINE  MM
  AVERAGE SKY COVER 0.6


WEATHER CONDITIONS
 THE FOLLOWING WEATHER WAS RECORDED YESTERDAY.
  LIGHT RAIN
  FOG
  FOG W/VISIBILITY <= 1/4 MILE
  HAZE


RELATIVE HUMIDITY (PERCENT)
 HIGHEST    89           500 PM
 LOWEST     53          1000 PM
 AVERAGE    71

..........................................................


THE SANDBERG CA CLIMATE NORMALS FOR TODAY
                         NORMAL    RECORD    YEAR
 MAXIMUM TEMPERATURE (F)   53        71      1995
 MINIMUM TEMPERATURE (F)   41        27      2003
                                             1983


SUNRISE AND SUNSET
NOVEMBER 22 2014......SUNRISE   636 AM PST   SUNSET   446 PM PST
NOVEMBER 23 2014......SUNRISE   637 AM PST   SUNSET   446 PM PST


-  INDICATES NEGATIVE NUMBERS.
R  INDICATES RECORD WAS SET OR TIED.
MM INDICATES DATA IS MISSING.
T  INDICATES TRACE AMOUNT.




$$
