949
CDUS46 KLOX 240903
CLISDB


CLIMATE REPORT
NATIONAL WEATHER SERVICE LOS ANGELES/OXNARD CA
103 AM PST FRI FEB 24 2017


...................................

...THE SANDBERG CA CLIMATE SUMMARY FOR FEBRUARY 23 2017...

CLIMATE NORMAL PERIOD 1981 TO 2010
CLIMATE RECORD PERIOD 1934 TO 2017


WEATHER ITEM   OBSERVED TIME   RECORD YEAR NORMAL DEPARTURE LAST
                VALUE   (LST)  VALUE       VALUE  FROM      YEAR
                                                  NORMAL
..................................................................
TEMPERATURE (F)
 YESTERDAY
  MAXIMUM         37    346 PM  69    2014  51    -14       62
  MINIMUM         29    942 AM  21    1987  38     -9       48
  AVERAGE         33                        44    -11       55

PRECIPITATION (IN)
  YESTERDAY        T             2.72 1998   0.14  -0.14     0.00
  MONTH TO DATE    5.20                      2.58   2.62     0.29
  SINCE OCT 1     12.27                      8.62   3.65     5.00
  SINCE JAN 1      8.43                      4.99   3.44     3.30

DEGREE DAYS
 HEATING
  YESTERDAY       32                        21     11       10
  MONTH TO DATE  381                       495   -114      287
  SINCE DEC 1   1679                      1881   -202     1603
  SINCE JUL 1   2128                      2660   -532     2219

 COOLING
  YESTERDAY        0                         0      0        0
  MONTH TO DATE    0                         0      0        0
  SINCE DEC 1      0                         0      0        0
  SINCE JAN 1      0                         0      0        0
..................................................................


WIND (MPH)
  HIGHEST WIND SPEED    40   HIGHEST WIND DIRECTION     N (350)
  HIGHEST GUST SPEED    49   HIGHEST GUST DIRECTION     N (350)
  AVERAGE WIND SPEED    23.6


SKY COVER
  POSSIBLE SUNSHINE  MM
  AVERAGE SKY COVER 0.6


WEATHER CONDITIONS
 THE FOLLOWING WEATHER WAS RECORDED YESTERDAY.
  LIGHT SNOW
  FOG
  FOG W/VISIBILITY <= 1/4 MILE


RELATIVE HUMIDITY (PERCENT)
 HIGHEST    92           100 AM
 LOWEST     54           300 PM
 AVERAGE    73

..........................................................


THE SANDBERG CA CLIMATE NORMALS FOR TODAY
                         NORMAL    RECORD    YEAR
 MAXIMUM TEMPERATURE (F)   51        71      2014
 MINIMUM TEMPERATURE (F)   38        17      1987


SUNRISE AND SUNSET
FEBRUARY 24 2017......SUNRISE   630 AM PST   SUNSET   547 PM PST
FEBRUARY 25 2017......SUNRISE   629 AM PST   SUNSET   548 PM PST


-  INDICATES NEGATIVE NUMBERS.
R  INDICATES RECORD WAS SET OR TIED.
MM INDICATES DATA IS MISSING.
T  INDICATES TRACE AMOUNT.




$$
