000
CDUS46 KLOX 230118
CLISDB


CLIMATE REPORT
NATIONAL WEATHER SERVICE LOS ANGELES/OXNARD CA
517 PM PST THU FEB 22 2018


...................................

...THE SANDBERG CA CLIMATE SUMMARY FOR FEBRUARY 22 2018...
VALID TODAY AS OF 0500 PM LOCAL TIME.

CLIMATE NORMAL PERIOD 1981 TO 2010
CLIMATE RECORD PERIOD 1934 TO 2018


WEATHER ITEM   OBSERVED TIME   RECORD YEAR NORMAL DEPARTURE LAST
                VALUE   (LST)  VALUE       VALUE  FROM      YEAR
                                                  NORMAL
..................................................................
TEMPERATURE (F)
 TODAY
  MAXIMUM         45   1245 PM  70    2014  50     -5       43
  MINIMUM         29    653 AM  23    1975  38     -9       34
  AVERAGE         37                        44     -7       39

PRECIPITATION (IN)
  TODAY            0.00          1.61 1943   0.14  -0.14      T
  MONTH TO DATE    0.10                      2.44  -2.34     5.20
  SINCE OCT 1      3.22                      8.48  -5.26    12.27
  SINCE JAN 1      3.17                      4.85  -1.68     8.43

DEGREE DAYS
 HEATING
  TODAY           28                        21      7       26
  MONTH TO DATE  334                       474   -140      349
  SINCE DEC 1   1060                      1860   -800     1647
  SINCE JUL 1   1418                      2639  -1221     2096

 COOLING
  TODAY            0                         0      0        0
  MONTH TO DATE    2                         0      2        0
  SINCE DEC 1      2                         0      2        0
  SINCE JAN 1      2                         0      2        0
..................................................................


WIND (MPH)
  HIGHEST WIND SPEED    24   HIGHEST WIND DIRECTION    NW (320)
  HIGHEST GUST SPEED    29   HIGHEST GUST DIRECTION    NW (320)
  AVERAGE WIND SPEED    10.3


SKY COVER
  POSSIBLE SUNSHINE  MM
  AVERAGE SKY COVER 0.1


WEATHER CONDITIONS
 THE FOLLOWING WEATHER WAS RECORDED TODAY.
  NO SIGNIFICANT WEATHER WAS OBSERVED.


RELATIVE HUMIDITY (PERCENT)
 HIGHEST    63           700 AM
 LOWEST     43           300 PM
 AVERAGE    53

..........................................................


THE SANDBERG CA CLIMATE NORMALS FOR TOMORROW
                         NORMAL    RECORD    YEAR
 MAXIMUM TEMPERATURE (F)   51        69      2014
 MINIMUM TEMPERATURE (F)   38        21      1987


SUNRISE AND SUNSET
FEBRUARY 22 2018......SUNRISE   633 AM PST   SUNSET   545 PM PST
FEBRUARY 23 2018......SUNRISE   631 AM PST   SUNSET   546 PM PST


-  INDICATES NEGATIVE NUMBERS.
R  INDICATES RECORD WAS SET OR TIED.
MM INDICATES DATA IS MISSING.
T  INDICATES TRACE AMOUNT.




$$
