000
CDUS46 KLOX 180907
CLISDB


CLIMATE REPORT
NATIONAL WEATHER SERVICE LOS ANGELES/OXNARD CA
207 AM PDT THU SEP 18 2014


...................................

...THE SANDBERG CA CLIMATE SUMMARY FOR SEPTEMBER 17 2014...

CLIMATE NORMAL PERIOD 1981 TO 2010
CLIMATE RECORD PERIOD 1934 TO 2014


WEATHER ITEM   OBSERVED TIME   RECORD YEAR NORMAL DEPARTURE LAST
                VALUE   (LST)  VALUE       VALUE  FROM      YEAR
                                                  NORMAL
..................................................................
TEMPERATURE (F)
 YESTERDAY
  MAXIMUM         93R   146 PM  93    2000  79     14       84
  MINIMUM         72   1159 PM  41    1959  60     12       58
  AVERAGE         83                        69     14       71

PRECIPITATION (IN)
  YESTERDAY        0.00          0.19 1938   0.00   0.00     0.00
  MONTH TO DATE    T                         0.07  -0.07     0.00
  SINCE JUL 1      0.17                      0.12   0.05     0.06
  SINCE JAN 1      3.75                      8.60  -4.85     2.97

DEGREE DAYS
 HEATING
  YESTERDAY        0                         2     -2        0
  MONTH TO DATE    0                        22    -22        0
  SINCE SEP 1      0                        22    -22        0
  SINCE JUL 1      0                        39    -39        0

 COOLING
  YESTERDAY       18                         6     12        6
  MONTH TO DATE  265                       124    141      243
  SINCE SEP 1    265                       124    141      243
  SINCE JAN 1   1445                       881    564     1475
..................................................................


WIND (MPH)
  HIGHEST WIND SPEED    24   HIGHEST WIND DIRECTION     N (340)
  HIGHEST GUST SPEED    39   HIGHEST GUST DIRECTION     W (280)
  AVERAGE WIND SPEED    11.8


SKY COVER
  POSSIBLE SUNSHINE  MM
  AVERAGE SKY COVER 0.0


WEATHER CONDITIONS
 THE FOLLOWING WEATHER WAS RECORDED YESTERDAY.
  NO SIGNIFICANT WEATHER WAS OBSERVED.


RELATIVE HUMIDITY (PERCENT)
 HIGHEST    41          1000 PM
 LOWEST     17           100 AM
 AVERAGE    29

..........................................................


THE SANDBERG CA CLIMATE NORMALS FOR TODAY
                         NORMAL    RECORD    YEAR
 MAXIMUM TEMPERATURE (F)   78        92      2000
 MINIMUM TEMPERATURE (F)   60        39      1947


SUNRISE AND SUNSET
SEPTEMBER 18 2014.....SUNRISE   640 AM PDT   SUNSET   657 PM PDT
SEPTEMBER 19 2014.....SUNRISE   641 AM PDT   SUNSET   656 PM PDT


-  INDICATES NEGATIVE NUMBERS.
R  INDICATES RECORD WAS SET OR TIED.
MM INDICATES DATA IS MISSING.
T  INDICATES TRACE AMOUNT.




$$
