000
CDUS46 KLOX 030915
CLISDB


CLIMATE REPORT
NATIONAL WEATHER SERVICE LOS ANGELES/OXNARD CA
215 AM PDT THU SEP 3 2015


...................................

...THE SANDBERG CA CLIMATE SUMMARY FOR SEPTEMBER 2 2015...

CLIMATE NORMAL PERIOD 1981 TO 2010
CLIMATE RECORD PERIOD 1934 TO 2015


WEATHER ITEM   OBSERVED TIME   RECORD YEAR NORMAL DEPARTURE LAST
                VALUE   (LST)  VALUE       VALUE  FROM      YEAR
                                                  NORMAL
..................................................................
TEMPERATURE (F)
 YESTERDAY
  MAXIMUM         79    251 PM  98    1950  83     -4       90
  MINIMUM         53    704 AM  43    1964  63    -10       68
  AVERAGE         66                        72     -6       79

PRECIPITATION (IN)
  YESTERDAY        0.00          0.43 1945   0.00   0.00     0.00
  MONTH TO DATE    0.00                      0.00   0.00     0.00
  SINCE OCT 1      8.65                     12.16  -3.51     4.45
  SINCE JAN 1      3.75                      8.53  -4.78     3.75

DEGREE DAYS
 HEATING
  YESTERDAY        0                         1     -1        0
  MONTH TO DATE    0                         2     -2        0
  SINCE SEP 1      0                         2     -2        0
  SINCE JUL 1     10                        19     -9        0

 COOLING
  YESTERDAY        1                         8     -7       14
  MONTH TO DATE    8                        16     -8       30
  SINCE SEP 1      8                        16     -8       30
  SINCE JAN 1   1129                       773    356     1210
..................................................................


WIND (MPH)
  HIGHEST WIND SPEED    26   HIGHEST WIND DIRECTION     S (180)
  HIGHEST GUST SPEED    33   HIGHEST GUST DIRECTION    SW (210)
  AVERAGE WIND SPEED    12.7


SKY COVER
  POSSIBLE SUNSHINE  MM
  AVERAGE SKY COVER 0.0


WEATHER CONDITIONS
 THE FOLLOWING WEATHER WAS RECORDED YESTERDAY.
  FOG
  FOG W/VISIBILITY <= 1/4 MILE
  HAZE


RELATIVE HUMIDITY (PERCENT)
 HIGHEST    72          1100 PM
 LOWEST     18          1100 AM
 AVERAGE    45

..........................................................


THE SANDBERG CA CLIMATE NORMALS FOR TODAY
                         NORMAL    RECORD    YEAR
 MAXIMUM TEMPERATURE (F)   82        97      1955
 MINIMUM TEMPERATURE (F)   62        44      1936


SUNRISE AND SUNSET
SEPTEMBER  3 2015.....SUNRISE   629 AM PDT   SUNSET   719 PM PDT
SEPTEMBER  4 2015.....SUNRISE   630 AM PDT   SUNSET   717 PM PDT


-  INDICATES NEGATIVE NUMBERS.
R  INDICATES RECORD WAS SET OR TIED.
MM INDICATES DATA IS MISSING.
T  INDICATES TRACE AMOUNT.




$$
