000
CDUS46 KLOX 230919
CLISDB


CLIMATE REPORT
NATIONAL WEATHER SERVICE LOS ANGELES/OXNARD CA
219 AM PDT THU OCT 23 2014


...................................

...THE SANDBERG CA CLIMATE SUMMARY FOR OCTOBER 22 2014...

CLIMATE NORMAL PERIOD 1981 TO 2010
CLIMATE RECORD PERIOD 1934 TO 2014


WEATHER ITEM   OBSERVED TIME   RECORD YEAR NORMAL DEPARTURE LAST
                VALUE   (LST)  VALUE       VALUE  FROM      YEAR
                                                  NORMAL
..................................................................
TEMPERATURE (F)
 YESTERDAY
  MAXIMUM         77    236 PM  84    2003  65     12       78
  MINIMUM         49    505 AM  35    1985  50     -1       63
  AVERAGE         63                        57      6       71

PRECIPITATION (IN)
  YESTERDAY        0.00          0.59 1987   0.03  -0.03     0.00
  MONTH TO DATE    0.00                      0.38  -0.38     0.20
  SINCE JUL 1      0.17                      0.60  -0.43     0.28
  SINCE JAN 1      3.75                      9.08  -5.33     3.19

DEGREE DAYS
 HEATING
  YESTERDAY        2                         8     -6        0
  MONTH TO DATE   33                       135   -102      103
  SINCE SEP 1     54                       196   -142      150
  SINCE JUL 1     54                       213   -159      150

 COOLING
  YESTERDAY        0                         1     -1        6
  MONTH TO DATE  139                        44     95       31
  SINCE SEP 1    470                       233    237      309
  SINCE JAN 1   1650                       990    660     1541
..................................................................


WIND (MPH)
  HIGHEST WIND SPEED    36   HIGHEST WIND DIRECTION    NW (330)
  HIGHEST GUST SPEED    44   HIGHEST GUST DIRECTION     N (340)
  AVERAGE WIND SPEED    12.8


SKY COVER
  POSSIBLE SUNSHINE  MM
  AVERAGE SKY COVER 0.0


WEATHER CONDITIONS
 THE FOLLOWING WEATHER WAS RECORDED YESTERDAY.
  NO SIGNIFICANT WEATHER WAS OBSERVED.


RELATIVE HUMIDITY (PERCENT)
 HIGHEST    71           200 AM
 LOWEST     16           200 PM
 AVERAGE    44

..........................................................


THE SANDBERG CA CLIMATE NORMALS FOR TODAY
                         NORMAL    RECORD    YEAR
 MAXIMUM TEMPERATURE (F)   65        84      1959
 MINIMUM TEMPERATURE (F)   49        31      1975


SUNRISE AND SUNSET
OCTOBER 23 2014.......SUNRISE   707 AM PDT   SUNSET   610 PM PDT
OCTOBER 24 2014.......SUNRISE   708 AM PDT   SUNSET   609 PM PDT


-  INDICATES NEGATIVE NUMBERS.
R  INDICATES RECORD WAS SET OR TIED.
MM INDICATES DATA IS MISSING.
T  INDICATES TRACE AMOUNT.




$$
