000
CDUS46 KLOX 290916
CLISDB


CLIMATE REPORT
NATIONAL WEATHER SERVICE LOS ANGELES/OXNARD CA
216 AM PDT WED MAR 29 2017


...................................

...THE SANDBERG CA CLIMATE SUMMARY FOR MARCH 28 2017...

CLIMATE NORMAL PERIOD 1981 TO 2010
CLIMATE RECORD PERIOD 1934 TO 2017


WEATHER ITEM   OBSERVED TIME   RECORD YEAR NORMAL DEPARTURE LAST
                VALUE   (LST)  VALUE       VALUE  FROM      YEAR
                                                  NORMAL
..................................................................
TEMPERATURE (F)
 YESTERDAY
  MAXIMUM         63    201 PM  79    2015  56      7       52
  MINIMUM         38    544 AM  22    1975  40     -2       34
  AVERAGE         51                        48      3       43

PRECIPITATION (IN)
  YESTERDAY        0.00          3.38 1993   0.04  -0.04     0.01
  MONTH TO DATE    0.29                      1.60  -1.31     1.17
  SINCE OCT 1     12.60                     10.88   1.72     6.17
  SINCE JAN 1      8.76                      7.25   1.51     4.47

DEGREE DAYS
 HEATING
  YESTERDAY       14                        17     -3       22
  MONTH TO DATE  292                       519   -227      327
  SINCE MAR 1    292                       519   -227      327
  SINCE JUL 1   2549                      3278   -729     2587

 COOLING
  YESTERDAY        0                         0      0        0
  MONTH TO DATE   16                         0     16        1
  SINCE MAR 1     16                         0     16        1
  SINCE JAN 1     16                         0     16        1
..................................................................


WIND (MPH)
  HIGHEST WIND SPEED    37   HIGHEST WIND DIRECTION     N (340)
  HIGHEST GUST SPEED    42   HIGHEST GUST DIRECTION     N (340)
  AVERAGE WIND SPEED    17.5


SKY COVER
  POSSIBLE SUNSHINE  MM
  AVERAGE SKY COVER 0.1


WEATHER CONDITIONS
 THE FOLLOWING WEATHER WAS RECORDED YESTERDAY.
  NO SIGNIFICANT WEATHER WAS OBSERVED.


RELATIVE HUMIDITY (PERCENT)
 HIGHEST    85          1200 AM
 LOWEST     34           200 PM
 AVERAGE    60

..........................................................


THE SANDBERG CA CLIMATE NORMALS FOR TODAY
                         NORMAL    RECORD    YEAR
 MAXIMUM TEMPERATURE (F)   56        82      2015
 MINIMUM TEMPERATURE (F)   40        23      1967


SUNRISE AND SUNSET
MARCH 29 2017.........SUNRISE   646 AM PDT   SUNSET   714 PM PDT
MARCH 30 2017.........SUNRISE   644 AM PDT   SUNSET   715 PM PDT


-  INDICATES NEGATIVE NUMBERS.
R  INDICATES RECORD WAS SET OR TIED.
MM INDICATES DATA IS MISSING.
T  INDICATES TRACE AMOUNT.




$$
