000
CDUS43 KLMK 162128
CLISDF


CLIMATE REPORT
NATIONAL WEATHER SERVICE LOUISVILLE KY
428 PM EST TUE JAN 16 2018


...................................

...THE LOUISVILLE KY CLIMATE SUMMARY FOR JANUARY 16 2018...
VALID TODAY AS OF 0400 PM LOCAL TIME.

CLIMATE NORMAL PERIOD 1981 TO 2010
CLIMATE RECORD PERIOD 1871 TO 2018


WEATHER ITEM   OBSERVED TIME   RECORD YEAR NORMAL DEPARTURE LAST
                VALUE   (LST)  VALUE       VALUE  FROM      YEAR
                                                  NORMAL
..................................................................
TEMPERATURE (F)
 TODAY
  MAXIMUM         17   1228 AM  71    1990  43    -26       57
  MINIMUM          6   1150 AM -10    1977  27    -21       41
  AVERAGE         12                        35    -23       49

PRECIPITATION (IN)
  TODAY            0.03          1.35 1885   0.11  -0.08     0.19
  MONTH TO DATE    1.14                      1.69  -0.55     2.62
  SINCE DEC 1      3.87                      5.52  -1.65     7.92
  SINCE JAN 1      1.14                      1.69  -0.55     2.62

SNOWFALL (IN)
  TODAY            1.8           8.3  1978   0.1    1.7      0.0
  MONTH TO DATE    4.8                       1.7    3.1      2.3
  SINCE DEC 1      5.0                       4.3    0.7      2.4
  SINCE JUL 1      5.0                       4.5    0.5      2.4
  SNOW DEPTH       4

DEGREE DAYS
 HEATING
  TODAY           53                        30     23       16
  MONTH TO DATE  618                       480    138      437
  SINCE DEC 1   1481                      1321    160     1268
  SINCE JUL 1   2147                      2056     91     1735

 COOLING
  TODAY            0                         0      0        0
  MONTH TO DATE    0                         0      0        0
  SINCE DEC 1      0                         1     -1        1
  SINCE JAN 1      0                         0      0        0
..................................................................


WIND (MPH)
  HIGHEST WIND SPEED    14   HIGHEST WIND DIRECTION     W (290)
  HIGHEST GUST SPEED    20   HIGHEST GUST DIRECTION    NW (300)
  AVERAGE WIND SPEED    10.1


SKY COVER
  POSSIBLE SUNSHINE  MM
  AVERAGE SKY COVER 0.8


WEATHER CONDITIONS
 THE FOLLOWING WEATHER WAS RECORDED TODAY.
  LIGHT SNOW
  HAZE


RELATIVE HUMIDITY (PERCENT)
 HIGHEST    80          1200 AM
 LOWEST     58           300 PM
 AVERAGE    69

..........................................................


THE LOUISVILLE KY CLIMATE NORMALS FOR TOMORROW
                         NORMAL    RECORD    YEAR
 MAXIMUM TEMPERATURE (F)   43        69      1952
                                             1894
 MINIMUM TEMPERATURE (F)   27       -13      1977


SUNRISE AND SUNSET
JANUARY 16 2018.......SUNRISE   758 AM EST   SUNSET   548 PM EST
JANUARY 17 2018.......SUNRISE   757 AM EST   SUNSET   549 PM EST


-  INDICATES NEGATIVE NUMBERS.
R  INDICATES RECORD WAS SET OR TIED.
MM INDICATES DATA IS MISSING.
T  INDICATES TRACE AMOUNT.




$$
