000
CDUS43 KLMK 290627
CLISDF


CLIMATE REPORT
NATIONAL WEATHER SERVICE LOUISVILLE KY
126 AM EST MON DEC 29 2014


...................................

...THE LOUISVILLE KY CLIMATE SUMMARY FOR DECEMBER 28 2014...

CLIMATE NORMAL PERIOD 1981 TO 2010
CLIMATE RECORD PERIOD 1871 TO 2014


WEATHER ITEM   OBSERVED TIME   RECORD YEAR NORMAL DEPARTURE LAST
                VALUE   (LST)  VALUE       VALUE  FROM      YEAR
                                                  NORMAL
..................................................................
TEMPERATURE (F)
 YESTERDAY
  MAXIMUM         49   1243 AM  68    1982  43      6       52
  MINIMUM         35   1159 PM  -3    1924  28      7       31
  AVERAGE         42                        35      7       42

PRECIPITATION (IN)
  YESTERDAY        0.14          1.71 1874   0.13   0.01     0.05
  MONTH TO DATE    3.57                      3.49   0.08     4.95
  SINCE DEC 1      3.57                      3.49   0.08     4.95
  SINCE JAN 1     43.27                     44.57  -1.30    53.12

SNOWFALL (IN)
  YESTERDAY        0.0           4.0  1915   0.1   -0.1      0.0
  MONTH TO DATE    T                         2.3   -2.3      5.3
  SINCE DEC 1      T                         2.3   -2.3      5.3
  SINCE JUL 1      3.7                       2.5    1.2      5.8
  SNOW DEPTH       0

DEGREE DAYS
 HEATING
  YESTERDAY       23                        30     -7       23
  MONTH TO DATE  636                       752   -116      717
  SINCE DEC 1    636                       752   -116      717
  SINCE JUL 1   1522                      1487     35     1547

 COOLING
  YESTERDAY        0                         0      0        0
  MONTH TO DATE    0                         0      0        0
  SINCE DEC 1      0                         0      0        0
  SINCE JAN 1   1626                      1613     13     1628
..................................................................


WIND (MPH)
  HIGHEST WIND SPEED    18   HIGHEST WIND DIRECTION    NW (330)
  HIGHEST GUST SPEED    24   HIGHEST GUST DIRECTION    NW (320)
  AVERAGE WIND SPEED     7.6


SKY COVER
  POSSIBLE SUNSHINE  MM
  AVERAGE SKY COVER 1.0


WEATHER CONDITIONS
 THE FOLLOWING WEATHER WAS RECORDED YESTERDAY.
  HEAVY RAIN
  RAIN
  LIGHT RAIN
  FOG


RELATIVE HUMIDITY (PERCENT)
 HIGHEST    93           100 AM
 LOWEST     75           700 PM
 AVERAGE    84

..........................................................


THE LOUISVILLE KY CLIMATE NORMALS FOR TODAY
                         NORMAL    RECORD    YEAR
 MAXIMUM TEMPERATURE (F)   43        69      1984
 MINIMUM TEMPERATURE (F)   28        -7      1880


SUNRISE AND SUNSET
DECEMBER 29 2014......SUNRISE   759 AM EST   SUNSET   531 PM EST
DECEMBER 30 2014......SUNRISE   759 AM EST   SUNSET   532 PM EST


-  INDICATES NEGATIVE NUMBERS.
R  INDICATES RECORD WAS SET OR TIED.
MM INDICATES DATA IS MISSING.
T  INDICATES TRACE AMOUNT.




$$
