000
CDUS43 KLMK 192126
CLISDF

CLIMATE REPORT
NATIONAL WEATHER SERVICE LOUISVILLE KY
425 PM EST SUN NOV 19 2017


...................................

...THE LOUISVILLE KY CLIMATE SUMMARY FOR NOVEMBER 19 2017...
VALID TODAY AS OF 0400 PM LOCAL TIME.

CLIMATE NORMAL PERIOD 1981 TO 2010
CLIMATE RECORD PERIOD 1871 TO 2017


WEATHER ITEM   OBSERVED TIME   RECORD YEAR NORMAL DEPARTURE LAST
                VALUE   (LST)  VALUE       VALUE  FROM      YEAR
                                                  NORMAL
..................................................................
TEMPERATURE (F)
 TODAY
  MAXIMUM         43    307 PM  78    1930  56    -13       55
  MINIMUM         38   1239 PM  10    1880  38      0       35
  AVERAGE         41                        47     -6       45

PRECIPITATION (IN)
  TODAY            0.00          1.62 1988   0.13  -0.13     0.19
  MONTH TO DATE    2.03                      2.17  -0.14     0.44
  SINCE SEP 1     12.39                      8.44   3.95     3.37
  SINCE JAN 1     41.80                     39.66   2.14    37.04

SNOWFALL (IN)
  TODAY            0.0           0.9  1961   0.0    0.0      0.0
  MONTH TO DATE    0.0                       0.0    0.0      0.0
  SINCE SEP 1      T                         0.1   -0.1      0.0
  SINCE JUL 1      T                         0.1   -0.1      0.0
  SNOW DEPTH       0

DEGREE DAYS
 HEATING
  TODAY           24                        18      6       20
  MONTH TO DATE  271                       269      2      176
  SINCE SEP 1    466                       511    -45      261
  SINCE JUL 1    466                       511    -45      261

 COOLING
  TODAY            0                         0      0        0
  MONTH TO DATE    8                         0      8       19
  SINCE SEP 1    295                       252     43      474
  SINCE JAN 1   1789                      1609    180     2082
..................................................................


WIND (MPH)
  HIGHEST WIND SPEED    22   HIGHEST WIND DIRECTION    NW (300)
  HIGHEST GUST SPEED    29   HIGHEST GUST DIRECTION    NW (310)
  AVERAGE WIND SPEED    13.5


SKY COVER
  POSSIBLE SUNSHINE  MM
  AVERAGE SKY COVER 0.9


WEATHER CONDITIONS
 THE FOLLOWING WEATHER WAS RECORDED TODAY.
  NO SIGNIFICANT WEATHER WAS OBSERVED.


RELATIVE HUMIDITY (PERCENT)
 HIGHEST    82          1200 AM
 LOWEST     51           400 PM
 AVERAGE    67

..........................................................


THE LOUISVILLE KY CLIMATE NORMALS FOR TOMORROW
                         NORMAL    RECORD    YEAR
 MAXIMUM TEMPERATURE (F)   56        78      1906
 MINIMUM TEMPERATURE (F)   38        10      1914


SUNRISE AND SUNSET
NOVEMBER 19 2017......SUNRISE   729 AM EST   SUNSET   528 PM EST
NOVEMBER 20 2017......SUNRISE   730 AM EST   SUNSET   527 PM EST


-  INDICATES NEGATIVE NUMBERS.
R  INDICATES RECORD WAS SET OR TIED.
MM INDICATES DATA IS MISSING.
T  INDICATES TRACE AMOUNT.




$$
