416
CDUS43 KLMK 080627
CLISDF


CLIMATE REPORT
NATIONAL WEATHER SERVICE LOUISVILLE KY
127 AM EST THU DEC 8 2016


...................................

...THE LOUISVILLE KY CLIMATE SUMMARY FOR DECEMBER 7 2016...

CLIMATE NORMAL PERIOD 1981 TO 2010
CLIMATE RECORD PERIOD 1871 TO 2016


WEATHER ITEM   OBSERVED TIME   RECORD YEAR NORMAL DEPARTURE LAST
                VALUE   (LST)  VALUE       VALUE  FROM      YEAR
                                                  NORMAL
..................................................................
TEMPERATURE (F)
 YESTERDAY
  MAXIMUM         44    333 PM  72    1951  48     -4       52
  MINIMUM         32    736 AM   5    1977  32      0       39
  AVERAGE         38                        40     -2       46

PRECIPITATION (IN)
  YESTERDAY        0.00          1.80 2012   0.12  -0.12      T
  MONTH TO DATE    1.01                      0.87   0.14     0.57
  SINCE DEC 1      1.01                      0.87   0.14     0.57
  SINCE JAN 1     39.26                     41.95  -2.69    56.40

SNOWFALL (IN)
  YESTERDAY        0.0           1.9  1950   0.0    0.0      0.0
  MONTH TO DATE    0.0                       0.3   -0.3      0.0
  SINCE DEC 1      0.0                       0.3   -0.3      0.0
  SINCE JUL 1      0.0                       0.5   -0.5      0.0
  SNOW DEPTH       0

DEGREE DAYS
 HEATING
  YESTERDAY       27                        25      2       19
  MONTH TO DATE  159                       168     -9      152
  SINCE DEC 1    159                       168     -9      152
  SINCE JUL 1    626                       903   -277      676

 COOLING
  YESTERDAY        0                         0      0        0
  MONTH TO DATE    0                         0      0        0
  SINCE DEC 1      0                         0      0        0
  SINCE JAN 1   2082                      1613    469     1787
..................................................................


WIND (MPH)
  HIGHEST WIND SPEED    14   HIGHEST WIND DIRECTION    NW (310)
  HIGHEST GUST SPEED    20   HIGHEST GUST DIRECTION    NW (310)
  AVERAGE WIND SPEED     5.2


SKY COVER
  POSSIBLE SUNSHINE  MM
  AVERAGE SKY COVER 0.8


WEATHER CONDITIONS
 THE FOLLOWING WEATHER WAS RECORDED YESTERDAY.
  NO SIGNIFICANT WEATHER WAS OBSERVED.


RELATIVE HUMIDITY (PERCENT)
 HIGHEST    76          1200 AM
 LOWEST     36           400 PM
 AVERAGE    56

..........................................................


THE LOUISVILLE KY CLIMATE NORMALS FOR TODAY
                         NORMAL    RECORD    YEAR
 MAXIMUM TEMPERATURE (F)   48        68      1980
                                             1922
                                             1894
 MINIMUM TEMPERATURE (F)   32        -1      1917


SUNRISE AND SUNSET
DECEMBER  8 2016......SUNRISE   747 AM EST   SUNSET   523 PM EST
DECEMBER  9 2016......SUNRISE   748 AM EST   SUNSET   523 PM EST


-  INDICATES NEGATIVE NUMBERS.
R  INDICATES RECORD WAS SET OR TIED.
MM INDICATES DATA IS MISSING.
T  INDICATES TRACE AMOUNT.




$$
