000
CDUS46 KSEW 080833
CLISEA


CLIMATE REPORT
NATIONAL WEATHER SERVICE SEATTLE WA
1233 AM PST MON FEB 8 2016


...................................

...THE SEATTLE-TACOMA WA AIRPORT CLIMATE SUMMARY FOR FEBRUARY 7 2016...

CLIMATE NORMAL PERIOD 1981 TO 2010
CLIMATE RECORD PERIOD 1945 TO 2016


WEATHER ITEM   OBSERVED TIME   RECORD YEAR NORMAL DEPARTURE LAST
                VALUE   (LST)  VALUE       VALUE  FROM      YEAR
                                                  NORMAL
..................................................................
TEMPERATURE (F)
 YESTERDAY
  MAXIMUM         52    323 PM  66    1963  49      3       54
  MINIMUM         34    522 AM  20    1989  37     -3       49
  AVERAGE         43                        43      0       52

PRECIPITATION (IN)
  YESTERDAY        0.00          2.58 1955   0.14  -0.14     0.93
  MONTH TO DATE    1.02                      0.94   0.08     3.37
  SINCE OCT 1     32.86                     21.91  10.95    23.41
  SINCE JAN 1      8.47                      6.51   1.96     7.03

SNOWFALL (IN)
  YESTERDAY        0.0           T    2014                   0.0
                                      1994
  MONTH TO DATE    0.0                                       0.0
  SINCE OCT 1      T                                         0.8
  SINCE JUL 1      T                                         0.8
  SNOW DEPTH       0

DEGREE DAYS
 HEATING
  YESTERDAY       22                        22      0       13
  MONTH TO DATE  148                       154     -6      113
  SINCE DEC 1   1479                      1620   -141     1328
  SINCE JUL 1   2490                      2803   -313     2168

 COOLING
  YESTERDAY        0                         0      0        0
  MONTH TO DATE    0                         0      0        0
  SINCE DEC 1      0                         0      0        0
  SINCE JAN 1      0                         0      0        0
..................................................................


WIND (MPH)
  RESULTANT WIND SPEED   4   RESULTANT WIND DIRECTION   N (10)
  HIGHEST WIND SPEED    12   HIGHEST WIND DIRECTION     N (350)
  HIGHEST GUST SPEED    14   HIGHEST GUST DIRECTION     N (350)
  AVERAGE WIND SPEED     5.3


SKY COVER
  AVERAGE SKY COVER 0.6


WEATHER CONDITIONS
 THE FOLLOWING WEATHER WAS RECORDED YESTERDAY.
  NO SIGNIFICANT WEATHER WAS OBSERVED.


RELATIVE HUMIDITY (PERCENT)
 HIGHEST    92           500 AM
 LOWEST     54           200 PM
 AVERAGE    73

..........................................................


THE SEATTLE-TACOMA WA AIRPORT CLIMATE NORMALS FOR TODAY
                         NORMAL    RECORD    YEAR
 MAXIMUM TEMPERATURE (F)   49        68      1963
 MINIMUM TEMPERATURE (F)   37        22      1994


SUNRISE AND SUNSET
FEBRUARY  8 2016......SUNRISE   726 AM PST   SUNSET   521 PM PST
FEBRUARY  9 2016......SUNRISE   725 AM PST   SUNSET   523 PM PST


-  INDICATES NEGATIVE NUMBERS.
R  INDICATES RECORD WAS SET OR TIED.
MM INDICATES DATA IS MISSING.
T  INDICATES TRACE AMOUNT.




$$
