000
CDUS46 KSEW 160123
CLISEW


CLIMATE REPORT
NATIONAL WEATHER SERVICE SEATTLE WA
623 PM PDT TUE APR 15 2014


...................................

...THE SEATTLE WA WFO CLIMATE SUMMARY FOR APRIL 15 2014...
VALID TODAY AS OF 0600 PM LOCAL TIME.

CLIMATE NORMAL PERIOD 1981 TO 2010
CLIMATE RECORD PERIOD 1986 TO 2014


WEATHER ITEM   OBSERVED TIME   RECORD YEAR     LAST
                VALUE   (LST)  VALUE           YEAR
....................................................
TEMPERATURE (F)
 TODAY
  MAXIMUM         62        MM  68    2001    55
  MINIMUM         46        MM  36    2009    37
                                      1998
  AVERAGE         54                          46

PRECIPITATION (IN)
  TODAY            0.03          0.39 1996      T
  MONTH TO DATE    0.66                        3.19
  SINCE OCT 1     24.08                       35.18
  SINCE JAN 1     18.23                       13.21

SNOWFALL (IN)
  TODAY            0.0                         0.0
  MONTH TO DATE    0.0                         0.0
  SINCE OCT 1      2.9                         0.0
  SINCE JUL 1      2.9                         0.0
  SNOW DEPTH       0

DEGREE DAYS
 HEATING
  TODAY           11                          19
  MONTH TO DATE  187                         229
  SINCE MAR 1    711                         767
  SINCE JUL 1   3975                        3814

 COOLING
  TODAY            0                           0
  MONTH TO DATE    0                           0
  SINCE MAR 1      0                           0
  SINCE JAN 1      0                           0
....................................................


WIND (MPH)
  HIGHEST WIND SPEED    MM   HIGHEST WIND DIRECTION    MM
  HIGHEST GUST SPEED    MM   HIGHEST GUST DIRECTION    MM
  AVERAGE WIND SPEED    MM



WEATHER CONDITIONS
 THE FOLLOWING WEATHER WAS RECORDED TODAY.
  LIGHT RAIN






-  INDICATES NEGATIVE NUMBERS.
R  INDICATES RECORD WAS SET OR TIED.
MM INDICATES DATA IS MISSING.
T  INDICATES TRACE AMOUNT.




$$
