645
CDUS46 KSEW 280119
CLISEW


CLIMATE REPORT
NATIONAL WEATHER SERVICE SEATTLE WA
618 PM PDT THU APR 27 2017


...................................

...THE SEATTLE WA WFO CLIMATE SUMMARY FOR APRIL 27 2017...
VALID TODAY AS OF 0600 PM LOCAL TIME.

CLIMATE NORMAL PERIOD 1981 TO 2010
CLIMATE RECORD PERIOD 1986 TO 2017


WEATHER ITEM   OBSERVED TIME   RECORD YEAR     LAST
                VALUE   (LST)  VALUE           YEAR
....................................................
TEMPERATURE (F)
 TODAY
  MAXIMUM         56        MM  83    1987    60
  MINIMUM         42        MM  37    2011    47
  AVERAGE         49                          54

PRECIPITATION (IN)
  TODAY            0.01          0.35 1990     0.00
  MONTH TO DATE    3.89                        1.43
  SINCE OCT 1     43.96                       38.31
  SINCE JAN 1     22.24                       17.91

SNOWFALL (IN)
  TODAY            0.0                         0.0
  MONTH TO DATE    0.0                         0.0
  SINCE OCT 1      3.6                          T
  SINCE JUL 1      3.6                          T
  SNOW DEPTH       0

DEGREE DAYS
 HEATING
  TODAY           16                          11
  MONTH TO DATE  375                         231
  SINCE MAR 1    940                         708
  SINCE JUL 1   4020                        3513

 COOLING
  TODAY            0                           0
  MONTH TO DATE    0                           6
  SINCE MAR 1      0                           6
  SINCE JAN 1      0                           6
....................................................


WIND (MPH)
  HIGHEST WIND SPEED    MM   HIGHEST WIND DIRECTION    MM
  HIGHEST GUST SPEED    MM   HIGHEST GUST DIRECTION    MM
  AVERAGE WIND SPEED    MM



WEATHER CONDITIONS
 THE FOLLOWING WEATHER WAS RECORDED TODAY.
  LIGHT RAIN






-  INDICATES NEGATIVE NUMBERS.
R  INDICATES RECORD WAS SET OR TIED.
MM INDICATES DATA IS MISSING.
T  INDICATES TRACE AMOUNT.




$$
