000
CDUS46 KSEW 250831
CLISEW


CLIMATE REPORT
NATIONAL WEATHER SERVICE SEATTLE WA
130 AM PDT SAT OCT 25 2014


...................................

...THE SEATTLE WA WFO CLIMATE SUMMARY FOR OCTOBER 24 2014...

CLIMATE NORMAL PERIOD 1981 TO 2010
CLIMATE RECORD PERIOD 1986 TO 2014


WEATHER ITEM   OBSERVED TIME   RECORD YEAR     LAST
                VALUE   (LST)  VALUE           YEAR
....................................................
TEMPERATURE (F)
 YESTERDAY
  MAXIMUM         58        MM  66    1986    51
  MINIMUM         49        MM  38    2008    45
                                      1997
  AVERAGE         54                          48

PRECIPITATION (IN)
  YESTERDAY        0.18          0.67 2010     0.00
  MONTH TO DATE    3.67                        0.98
  SINCE OCT 1      3.67                        0.98
  SINCE JAN 1     33.88                       24.89

SNOWFALL (IN)
  YESTERDAY        0.0                         0.0
  MONTH TO DATE    0.0                         0.0
  SINCE OCT 1      0.0                         0.0
  SINCE JUL 1      0.0                         0.0
  SNOW DEPTH       0

DEGREE DAYS
 HEATING
  YESTERDAY       11                          17
  MONTH TO DATE  116                         309
  SINCE SEP 1    157                         405
  SINCE JUL 1    176                         426

 COOLING
  YESTERDAY        0                           0
  MONTH TO DATE    2                           0
  SINCE SEP 1     42                          47
  SINCE JAN 1    366                         314
....................................................


WIND (MPH)
  HIGHEST WIND SPEED    MM   HIGHEST WIND DIRECTION    MM
  HIGHEST GUST SPEED    MM   HIGHEST GUST DIRECTION    MM
  AVERAGE WIND SPEED    MM



WEATHER CONDITIONS
 THE FOLLOWING WEATHER WAS RECORDED YESTERDAY.
  LIGHT RAIN






-  INDICATES NEGATIVE NUMBERS.
R  INDICATES RECORD WAS SET OR TIED.
MM INDICATES DATA IS MISSING.
T  INDICATES TRACE AMOUNT.




$$
