000
CDUS46 KMTR 260029
CLISFD


CLIMATE REPORT
NATIONAL WEATHER SERVICE SAN FRANCISCO BAY AREA
529 PM PDT FRI JUL 25 2014


...................................

...THE SAN FRANCISCO DWTN CA CLIMATE SUMMARY FOR JULY 25 2014...
VALID TODAY AS OF 0500 PM LOCAL TIME.

CLIMATE NORMAL PERIOD 1981 TO 2010
CLIMATE RECORD PERIOD 1850 TO 2014


WEATHER ITEM   OBSERVED TIME   RECORD YEAR NORMAL DEPARTURE LAST
                VALUE   (LST)  VALUE       VALUE  FROM      YEAR
                                                  NORMAL
..................................................................
TEMPERATURE (F)
 TODAY
  MAXIMUM         85R  1043 AM  82    1973  66     19       63
  MINIMUM         60    543 AM  49    1933  54      6       53
  AVERAGE         73                        60     13       58

PRECIPITATION (IN)
  TODAY            0.00          0.06 1946   0.00   0.00     0.00
  MONTH TO DATE    0.08                      0.00   0.08     0.00
  SINCE JUL 1      0.08                      0.00   0.08     0.00
  SINCE JAN 1     10.54                     14.54  -4.00     3.51

DEGREE DAYS
 HEATING
  TODAY            0                        MM     MM        7
  MONTH TO DATE   61                        MM     MM      122
  SINCE JUN 1    212                        MM     MM      261
  SINCE JUL 1     61                        MM     MM      122

 COOLING
  TODAY            8                        MM     MM        0
  MONTH TO DATE   15                         0     15        5
  SINCE JUN 1     16                         0     16       12
  SINCE JAN 1     65                         0     65       25
..................................................................







THE SAN FRANCISCO DWTN CA CLIMATE NORMALS FOR TOMORROW
                         NORMAL    RECORD    YEAR
 MAXIMUM TEMPERATURE (F)   66        88      1963
 MINIMUM TEMPERATURE (F)   55        49      1893


SUNRISE AND SUNSET
JULY 25 2014..........SUNRISE   608 AM PDT   SUNSET   824 PM PDT
JULY 26 2014..........SUNRISE   608 AM PDT   SUNSET   824 PM PDT


-  INDICATES NEGATIVE NUMBERS.
R  INDICATES RECORD WAS SET OR TIED.
MM INDICATES DATA IS MISSING.
T  INDICATES TRACE AMOUNT.




$$
