000
CDUS46 KMTR 280044
CLISFD


CLIMATE REPORT
NATIONAL WEATHER SERVICE SAN FRANCISCO BAY AREA
443 PM PST THU NOV 27 2014


...................................

...THE SAN FRANCISCO DWTN CA CLIMATE SUMMARY FOR NOVEMBER 27 2014...
VALID TODAY AS OF 0400 PM LOCAL TIME.

CLIMATE NORMAL PERIOD 1981 TO 2010
CLIMATE RECORD PERIOD 1850 TO 2014


WEATHER ITEM   OBSERVED TIME   RECORD YEAR NORMAL DEPARTURE LAST
                VALUE   (LST)  VALUE       VALUE  FROM      YEAR
                                                  NORMAL
..................................................................
TEMPERATURE (F)
 TODAY
  MAXIMUM         67    343 PM  72    1891  60      7       63
  MINIMUM         53    643 AM  38    1896  48      5       51
  AVERAGE         60                        54      6       57

PRECIPITATION (IN)
  TODAY            0.00          1.20 1970   0.12  -0.12     0.00
  MONTH TO DATE    1.36                      2.77  -1.41     1.26
  SINCE JUL 1      2.46                      4.16  -1.70     1.69
  SINCE JAN 1     12.92                     18.70  -5.78     5.20

DEGREE DAYS
 HEATING
  TODAY            5                        MM     MM        8
  MONTH TO DATE  130                        MM     MM      190
  SINCE SEP 1    217                        MM     MM      423
  SINCE JUL 1    347                        MM     MM      693

 COOLING
  TODAY            0                        MM     MM        0
  MONTH TO DATE    2                         0      2        0
  SINCE SEP 1     96                         0     96       43
  SINCE JAN 1    163                         0    163       71
..................................................................







THE SAN FRANCISCO DWTN CA CLIMATE NORMALS FOR TOMORROW
                         NORMAL    RECORD    YEAR
 MAXIMUM TEMPERATURE (F)   60        72      1890
 MINIMUM TEMPERATURE (F)   48        40      1896


SUNRISE AND SUNSET
NOVEMBER 27 2014......SUNRISE   702 AM PST   SUNSET   452 PM PST
NOVEMBER 28 2014......SUNRISE   703 AM PST   SUNSET   452 PM PST


-  INDICATES NEGATIVE NUMBERS.
R  INDICATES RECORD WAS SET OR TIED.
MM INDICATES DATA IS MISSING.
T  INDICATES TRACE AMOUNT.




$$
