000
CDUS46 KMTR 300826
CLISFD


CLIMATE REPORT
NATIONAL WEATHER SERVICE SAN FRANCISCO BAY AREA
126 AM PDT THU JUL 30 2015


...................................

...THE SAN FRANCISCO DWTN CA CLIMATE SUMMARY FOR JULY 29 2015...

CLIMATE NORMAL PERIOD 1981 TO 2010
CLIMATE RECORD PERIOD 1850 TO 2015


WEATHER ITEM   OBSERVED TIME   RECORD YEAR NORMAL DEPARTURE LAST
                VALUE   (LST)  VALUE       VALUE  FROM      YEAR
                                                  NORMAL
..................................................................
TEMPERATURE (F)
 YESTERDAY
  MAXIMUM         MM        MM  83    1977  67     MM       67
  MINIMUM         MM        MM  48    1901  55     MM       57
  AVERAGE         MM                        61     MM       62

PRECIPITATION (IN)
  YESTERDAY       MM             0.01 1932   0.00  MM        0.00
  MONTH TO DATE    0.09                      0.00   0.09     0.08
  SINCE OCT 1     17.64                     23.38  -5.74    12.19
  SINCE JAN 1      3.19                     14.54 -11.35    10.54

DEGREE DAYS
 HEATING
  YESTERDAY       MM                        MM     MM        3
  MONTH TO DATE   40                        MM     MM       67
  SINCE JUN 1    176                        MM     MM      218
  SINCE JUL 1     40                        MM     MM       67

 COOLING
  YESTERDAY       MM                        MM     MM        0
  MONTH TO DATE   19                         0     19       16
  SINCE JUN 1     21                         0     21       17
  SINCE JAN 1     35                         0     35       66
..................................................................







THE SAN FRANCISCO DWTN CA CLIMATE NORMALS FOR TODAY
                         NORMAL    RECORD    YEAR
 MAXIMUM TEMPERATURE (F)   67        99      1995
 MINIMUM TEMPERATURE (F)   55        48      1893


SUNRISE AND SUNSET
JULY 30 2015..........SUNRISE   611 AM PDT   SUNSET   820 PM PDT
JULY 31 2015..........SUNRISE   612 AM PDT   SUNSET   819 PM PDT


-  INDICATES NEGATIVE NUMBERS.
R  INDICATES RECORD WAS SET OR TIED.
MM INDICATES DATA IS MISSING.
T  INDICATES TRACE AMOUNT.




$$
