000
CDUS46 KMTR 050827
CLISFD


CLIMATE REPORT
NATIONAL WEATHER SERVICE SAN FRANCISCO BAY AREA
1226 AM PST MON DEC 5 2016


...................................

...THE SAN FRANCISCO DWTN CA CLIMATE SUMMARY FOR DECEMBER 4 2016...

CLIMATE NORMAL PERIOD 1981 TO 2010
CLIMATE RECORD PERIOD 1850 TO 2016


WEATHER ITEM   OBSERVED TIME   RECORD YEAR NORMAL DEPARTURE LAST
                VALUE   (LST)  VALUE       VALUE  FROM      YEAR
                                                  NORMAL
..................................................................
TEMPERATURE (F)
 YESTERDAY
  MAXIMUM         61   1243 PM  71    1958  59      2       60
  MINIMUM         48    643 AM  34    1897  47      1       50
  AVERAGE         55                        53      2       55

PRECIPITATION (IN)
  YESTERDAY        0.00          1.24 1945   0.13  -0.13     0.00
  MONTH TO DATE    0.00                      0.52  -0.52     0.24
  SINCE OCT 1      4.64                      4.80  -0.16     1.67
  SINCE JAN 1     21.13                     19.61   1.52     4.97

DEGREE DAYS
 HEATING
  YESTERDAY       10                        MM     MM       10
  MONTH TO DATE   40                        MM     MM       43
  SINCE DEC 1     40                        MM     MM       43
  SINCE JUL 1    756                        MM     MM      434

 COOLING
  YESTERDAY        0                        MM     MM        0
  MONTH TO DATE    0                         0      0        0
  SINCE DEC 1      0                         0      0        0
  SINCE JAN 1     93                         0     93      217
..................................................................







THE SAN FRANCISCO DWTN CA CLIMATE NORMALS FOR TODAY
                         NORMAL    RECORD    YEAR
 MAXIMUM TEMPERATURE (F)   58        74      1929
 MINIMUM TEMPERATURE (F)   47        40      2013
                                             1924


SUNRISE AND SUNSET
DECEMBER  5 2016......SUNRISE   710 AM PST   SUNSET   451 PM PST
DECEMBER  6 2016......SUNRISE   711 AM PST   SUNSET   451 PM PST


-  INDICATES NEGATIVE NUMBERS.
R  INDICATES RECORD WAS SET OR TIED.
MM INDICATES DATA IS MISSING.
T  INDICATES TRACE AMOUNT.




$$
