000
CDUS46 KMTR 300826
CLISFD


CLIMATE REPORT
NATIONAL WEATHER SERVICE SAN FRANCISCO BAY AREA
126 AM PDT THU OCT 30 2014


...................................

...THE SAN FRANCISCO DWTN CA CLIMATE SUMMARY FOR OCTOBER 29 2014...

CLIMATE NORMAL PERIOD 1981 TO 2010
CLIMATE RECORD PERIOD 1850 TO 2014


WEATHER ITEM   OBSERVED TIME   RECORD YEAR NORMAL DEPARTURE LAST
                VALUE   (LST)  VALUE       VALUE  FROM      YEAR
                                                  NORMAL
..................................................................
TEMPERATURE (F)
 YESTERDAY
  MAXIMUM         79    243 PM  84    1890  68     11       60
  MINIMUM         57    543 AM  46    1916  53      4       51
  AVERAGE         68                        60      8       56

PRECIPITATION (IN)
  YESTERDAY        0.00          1.27 1964   0.06  -0.06     0.00
  MONTH TO DATE    0.24                      0.98  -0.74     0.00
  SINCE JUL 1      0.88                      1.25  -0.37     0.43
  SINCE JAN 1     11.34                     15.79  -4.45     3.94

DEGREE DAYS
 HEATING
  YESTERDAY        0                        MM     MM        9
  MONTH TO DATE   51                        MM     MM      168
  SINCE SEP 1     82                        MM     MM      221
  SINCE JUL 1    212                        MM     MM      491

 COOLING
  YESTERDAY        3                        MM     MM        0
  MONTH TO DATE   67                         0     67       27
  SINCE SEP 1     93                         0     93       43
  SINCE JAN 1    160                         0    160       71
..................................................................







THE SAN FRANCISCO DWTN CA CLIMATE NORMALS FOR TODAY
                         NORMAL    RECORD    YEAR
 MAXIMUM TEMPERATURE (F)   67        84      1949
 MINIMUM TEMPERATURE (F)   53        46      1935


SUNRISE AND SUNSET
OCTOBER 30 2014.......SUNRISE   733 AM PDT   SUNSET   613 PM PDT
OCTOBER 31 2014.......SUNRISE   734 AM PDT   SUNSET   612 PM PDT


-  INDICATES NEGATIVE NUMBERS.
R  INDICATES RECORD WAS SET OR TIED.
MM INDICATES DATA IS MISSING.
T  INDICATES TRACE AMOUNT.




$$
