000
CDUS46 KMTR 250035
CLISFD


CLIMATE REPORT
NATIONAL WEATHER SERVICE SAN FRANCISCO BAY AREA
535 PM PDT THU APR 24 2014


...................................

...THE SAN FRANCISCO DWTN CA CLIMATE SUMMARY FOR APRIL 24 2014...
VALID TODAY AS OF 0500 PM LOCAL TIME.

CLIMATE NORMAL PERIOD 1981 TO 2010
CLIMATE RECORD PERIOD 1850 TO 2014


WEATHER ITEM   OBSERVED TIME   RECORD YEAR NORMAL DEPARTURE LAST
                VALUE   (LST)  VALUE       VALUE  FROM      YEAR
                                                  NORMAL
..................................................................
TEMPERATURE (F)
 TODAY
  MAXIMUM         61    143 PM  85    1913  64     -3       58
  MINIMUM         53    343 AM  40    2009  50      3       48
  AVERAGE         57                        57      0       53

PRECIPITATION (IN)
  TODAY            0.00          1.90 1896   0.04  -0.04     0.00
  MONTH TO DATE    1.29                      1.25   0.04     1.01
  SINCE JUL 1     12.20                     22.58 -10.38    16.42
  SINCE JAN 1     10.12                     13.47  -3.35     3.32

DEGREE DAYS
 HEATING
  TODAY            8                        MM     MM       12
  MONTH TO DATE  182                        MM     MM      175
  SINCE MAR 1    381                        MM     MM      480
  SINCE JUL 1   2044                        MM     MM     2511

 COOLING
  TODAY            0                        MM     MM        0
  MONTH TO DATE    3                         0      3        2
  SINCE MAR 1      4                         0      4        2
  SINCE JAN 1      4                         0      4        2
..................................................................







THE SAN FRANCISCO DWTN CA CLIMATE NORMALS FOR TOMORROW
                         NORMAL    RECORD    YEAR
 MAXIMUM TEMPERATURE (F)   64        89      1926
 MINIMUM TEMPERATURE (F)   50        44      1892


SUNRISE AND SUNSET
APRIL 24 2014.........SUNRISE   622 AM PDT   SUNSET   754 PM PDT
APRIL 25 2014.........SUNRISE   621 AM PDT   SUNSET   755 PM PDT


-  INDICATES NEGATIVE NUMBERS.
R  INDICATES RECORD WAS SET OR TIED.
MM INDICATES DATA IS MISSING.
T  INDICATES TRACE AMOUNT.




$$
