000
CDUS46 KMTR 290835
CLISFD


CLIMATE REPORT
NATIONAL WEATHER SERVICE SAN FRANCISCO BAY AREA
135 AM PDT TUE JUL 29 2014


...................................

...THE SAN FRANCISCO DWTN CA CLIMATE SUMMARY FOR JULY 28 2014...

CLIMATE NORMAL PERIOD 1981 TO 2010
CLIMATE RECORD PERIOD 1850 TO 2014


WEATHER ITEM   OBSERVED TIME   RECORD YEAR NORMAL DEPARTURE LAST
                VALUE   (LST)  VALUE       VALUE  FROM      YEAR
                                                  NORMAL
..................................................................
TEMPERATURE (F)
 YESTERDAY
  MAXIMUM         67    243 PM  84    1954  66      1       61
  MINIMUM         58    643 AM  48    1897  55      3       54
  AVERAGE         63                        61      2       58

PRECIPITATION (IN)
  YESTERDAY        0.00          0.03 1858   0.00   0.00     0.00
  MONTH TO DATE    0.08                      0.00   0.08     0.00
  SINCE JUL 1      0.08                      0.00   0.08     0.00
  SINCE JAN 1     10.54                     14.54  -4.00     3.51

DEGREE DAYS
 HEATING
  YESTERDAY        2                        MM     MM        7
  MONTH TO DATE   64                        MM     MM      142
  SINCE JUN 1    215                        MM     MM      281
  SINCE JUL 1     64                        MM     MM      142

 COOLING
  YESTERDAY        0                        MM     MM        0
  MONTH TO DATE   16                         0     16        5
  SINCE JUN 1     17                         0     17       12
  SINCE JAN 1     66                         0     66       25
..................................................................







THE SAN FRANCISCO DWTN CA CLIMATE NORMALS FOR TODAY
                         NORMAL    RECORD    YEAR
 MAXIMUM TEMPERATURE (F)   67        83      1977
 MINIMUM TEMPERATURE (F)   55        48      1901


SUNRISE AND SUNSET
JULY 29 2014..........SUNRISE   611 AM PDT   SUNSET   821 PM PDT
JULY 30 2014..........SUNRISE   612 AM PDT   SUNSET   820 PM PDT


-  INDICATES NEGATIVE NUMBERS.
R  INDICATES RECORD WAS SET OR TIED.
MM INDICATES DATA IS MISSING.
T  INDICATES TRACE AMOUNT.




$$
