000
CDUS46 KOTX 230934
CLISFF


CLIMATE REPORT
NATIONAL WEATHER SERVICE SPOKANE, WA
133 AM PST TUE JAN 23 2018


...................................

...THE SPOKANE WA FELTS AIRPORT CLIMATE SUMMARY FOR JANUARY 22 2018...

CLIMATE NORMAL PERIOD 1981 TO 2010
CLIMATE RECORD PERIOD 9999 TO 9999


WEATHER ITEM   OBSERVED TIME   RECORD YEAR NORMAL DEPARTURE LAST
                VALUE   (LST)  VALUE       VALUE  FROM      YEAR
                                                  NORMAL
..................................................................
TEMPERATURE (F)
 YESTERDAY
  MAXIMUM         43    300 PM  MM      MM  38      5       42
  MINIMUM         29   1058 PM  MM      MM  27      2       32
  AVERAGE         36                        32      4       37

PRECIPITATION (IN)
  YESTERDAY        0.00         MM      MM   0.06  -0.06     0.22
  MONTH TO DATE    1.78                      1.44   0.34     1.46
  SINCE OCT 1      8.68                      7.64   1.04    10.55
  SINCE JAN 1      1.78                      1.44   0.34     1.46

SNOWFALL (IN)
  YESTERDAY       MM

DEGREE DAYS
 HEATING
  YESTERDAY       29                        33     -4       28
  MONTH TO DATE  666                       751    -85      970
  SINCE DEC 1   1776                      1846    -70     2174
  SINCE JUL 1   3181                      3420   -239     3363

 COOLING
  YESTERDAY        0                         0      0        0
  MONTH TO DATE    0                         0      0        0
  SINCE DEC 1      0                         0      0        0
  SINCE JAN 1      0                         0      0        0
..................................................................


WIND (MPH)
  HIGHEST WIND SPEED    18   HIGHEST WIND DIRECTION    SW (210)
  HIGHEST GUST SPEED    25   HIGHEST GUST DIRECTION    SW (210)
  AVERAGE WIND SPEED     4.8


SKY COVER
  POSSIBLE SUNSHINE  MM
  AVERAGE SKY COVER 0.6


WEATHER CONDITIONS
 THE FOLLOWING WEATHER WAS RECORDED YESTERDAY.
  NO SIGNIFICANT WEATHER WAS OBSERVED.


RELATIVE HUMIDITY (PERCENT)
 HIGHEST   100          1100 PM
 LOWEST     67           400 PM
 AVERAGE    84

..........................................................


THE SPOKANE WA FELTS AIRPORT CLIMATE NORMALS FOR TODAY
                         NORMAL    RECORD    YEAR
 MAXIMUM TEMPERATURE (F)   38        MM        MM
 MINIMUM TEMPERATURE (F)   27        MM        MM


SUNRISE AND SUNSET
JANUARY 23 2018.......SUNRISE   726 AM PST   SUNSET   437 PM PST
JANUARY 24 2018.......SUNRISE   725 AM PST   SUNSET   438 PM PST


-  INDICATES NEGATIVE NUMBERS.
R  INDICATES RECORD WAS SET OR TIED.
MM INDICATES DATA IS MISSING.
T  INDICATES TRACE AMOUNT.




$$
