000
CDUS46 KMTR 240826
CLISFO


CLIMATE REPORT
NATIONAL WEATHER SERVICE SAN FRANCISCO BAY AREA
126 AM PDT THU JUL 24 2014


...................................

...THE SAN FRANCISCO AIRPORT CLIMATE SUMMARY FOR JULY 23 2014...

CLIMATE NORMAL PERIOD 1981 TO 2010
CLIMATE RECORD PERIOD 1927 TO 2014


WEATHER ITEM   OBSERVED TIME   RECORD YEAR NORMAL DEPARTURE LAST
                VALUE   (LST)  VALUE       VALUE  FROM      YEAR
                                                  NORMAL
..................................................................
TEMPERATURE (F)
 YESTERDAY
  MAXIMUM         76   1200 PM  89    2005  72      4       69
  MINIMUM         64   1159 PM  50    1981  56      8       56
  AVERAGE         70                        64      6       63

PRECIPITATION (IN)
  YESTERDAY        0.00          0.01 1986   0.00   0.00     0.00
                                      1944
                                      1932
  MONTH TO DATE    T                         0.00   0.00      T
  SINCE JUL 1      T                         0.00   0.00      T
  SINCE JAN 1      7.31                     13.08  -5.77     1.89

SNOWFALL (IN)
  YESTERDAY        0.0           0.0
  MONTH TO DATE    0.0
  SINCE JUN 1      0.0
  SINCE JUL 1      0.0

DEGREE DAYS
 HEATING
  YESTERDAY        0                         2     -2        2
  MONTH TO DATE   19                        46    -27       57
  SINCE JUN 1     68                       151    -83      145
  SINCE JUL 1     19                        46    -27       57

 COOLING
  YESTERDAY        5                         1      4        0
  MONTH TO DATE   53                        23     30       18
  SINCE JUN 1     88                        44     44       45
  SINCE JAN 1    151                        63     88       72
..................................................................


WIND (MPH)
  RESULTANT WIND SPEED   9   RESULTANT WIND DIRECTION   W (270)
  HIGHEST WIND SPEED    24   HIGHEST WIND DIRECTION     W (270)
  HIGHEST GUST SPEED    30   HIGHEST GUST DIRECTION     W (270)
  AVERAGE WIND SPEED    11.8


SKY COVER
  POSSIBLE SUNSHINE  MM
  AVERAGE SKY COVER 0.6


WEATHER CONDITIONS
 THE FOLLOWING WEATHER WAS RECORDED YESTERDAY.
  NO SIGNIFICANT WEATHER WAS OBSERVED.


RELATIVE HUMIDITY (PERCENT)
 HIGHEST    84           900 PM
 LOWEST     64          1100 AM
 AVERAGE    74

..........................................................


THE SAN FRANCISCO AIRPORT CLIMATE NORMALS FOR TODAY
                         NORMAL    RECORD    YEAR
 MAXIMUM TEMPERATURE (F)   72        90      1974
 MINIMUM TEMPERATURE (F)   56        50      2009
                                             1962


SUNRISE AND SUNSET
JULY 24 2014..........SUNRISE   607 AM PDT   SUNSET   825 PM PDT
JULY 25 2014..........SUNRISE   608 AM PDT   SUNSET   824 PM PDT


-  INDICATES NEGATIVE NUMBERS.
R  INDICATES RECORD WAS SET OR TIED.
MM INDICATES DATA IS MISSING.
T  INDICATES TRACE AMOUNT.




$$
