000
CDUS43 KSGF 030628
CLISGF


CLIMATE REPORT
NATIONAL WEATHER SERVICE SPRINGFIELD MO
128 AM CDT WED JUN 3 2015


...................................

...THE SPRINGFIELD MO CLIMATE SUMMARY FOR JUNE 2 2015...

CLIMATE NORMAL PERIOD 1981 TO 2010
CLIMATE RECORD PERIOD 1888 TO 2015


WEATHER ITEM   OBSERVED TIME   RECORD YEAR NORMAL DEPARTURE LAST
                VALUE   (LST)  VALUE       VALUE  FROM      YEAR
                                                  NORMAL
..................................................................
TEMPERATURE (F)
 YESTERDAY
  MAXIMUM         75    602 PM  93    1934  80     -5       84
                                      1911
  MINIMUM         55    435 AM  45    1956  60     -5       65
  AVERAGE         65                        70     -5       75

PRECIPITATION (IN)
  YESTERDAY        0.00          1.99 1935   0.15  -0.15     0.33
  MONTH TO DATE    0.00                      0.31  -0.31     0.33
  SINCE JUN 1      0.00                      0.31  -0.31     0.33
  SINCE JAN 1     15.40                     18.34  -2.94    11.81

SNOWFALL (IN)
  YESTERDAY        0.0
  MONTH TO DATE    0.0
  SINCE JUN 1      0.0
  SINCE JUL 1     15.8
  SNOW DEPTH       0

DEGREE DAYS
 HEATING
  YESTERDAY        0                         1     -1        0
  MONTH TO DATE    1                         2     -1        0
  SINCE JUN 1      1                         2     -1        0
  SINCE JUL 1   4536                      4571    -35     5020

 COOLING
  YESTERDAY        0                         6     -6       10
  MONTH TO DATE    0                        12    -12       20
  SINCE JUN 1      0                        12    -12       20
  SINCE JAN 1    142                       127     15      213
..................................................................


WIND (MPH)
  HIGHEST WIND SPEED    16   HIGHEST WIND DIRECTION    SE (140)
  HIGHEST GUST SPEED    19   HIGHEST GUST DIRECTION    SE (130)
  AVERAGE WIND SPEED     7.2


SKY COVER
  AVERAGE SKY COVER 0.5


WEATHER CONDITIONS
 THE FOLLOWING WEATHER WAS RECORDED YESTERDAY.
  NO SIGNIFICANT WEATHER WAS OBSERVED.


RELATIVE HUMIDITY (PERCENT)
 HIGHEST    93          1200 AM
 LOWEST     57           300 PM
 AVERAGE    75

..........................................................


THE SPRINGFIELD MO CLIMATE NORMALS FOR TODAY
                         NORMAL    RECORD    YEAR
 MAXIMUM TEMPERATURE (F)   80        93      1911
 MINIMUM TEMPERATURE (F)   60        43      1964


SUNRISE AND SUNSET
JUNE  3 2015..........SUNRISE   554 AM CDT   SUNSET   829 PM CDT
JUNE  4 2015..........SUNRISE   554 AM CDT   SUNSET   830 PM CDT


-  INDICATES NEGATIVE NUMBERS.
R  INDICATES RECORD WAS SET OR TIED.
MM INDICATES DATA IS MISSING.
T  INDICATES TRACE AMOUNT.




$$
