000
CDUS43 KSGF 250632
CLISGF


CLIMATE REPORT
NATIONAL WEATHER SERVICE SPRINGFIELD MO
132 AM CDT FRI APR 25 2014


...................................

...THE SPRINGFIELD MO CLIMATE SUMMARY FOR APRIL 24 2014...

CLIMATE NORMAL PERIOD 1981 TO 2010
CLIMATE RECORD PERIOD 1888 TO 2014


WEATHER ITEM   OBSERVED TIME   RECORD YEAR NORMAL DEPARTURE LAST
                VALUE   (LST)  VALUE       VALUE  FROM      YEAR
                                                  NORMAL
..................................................................
TEMPERATURE (F)
 YESTERDAY
  MAXIMUM         78    107 PM  86    1989  70      8       52
  MINIMUM         50   1159 PM  28    1910  47      3       32
  AVERAGE         64                        58      6       42

PRECIPITATION (IN)
  YESTERDAY        0.51          2.96 1947   0.17   0.34     0.02
  MONTH TO DATE    1.52                      3.32  -1.80     3.72
  SINCE MAR 1      3.85                      6.94  -3.09     8.49
  SINCE JAN 1      5.64                     11.93  -6.29    13.83

SNOWFALL (IN)
  YESTERDAY        0.0
  MONTH TO DATE    T
  SINCE MAR 1      4.8
  SINCE JUL 1     32.2
  SNOW DEPTH       0

DEGREE DAYS
 HEATING
  YESTERDAY        1                         8     -7       23
  MONTH TO DATE  226                       261    -35      290
  SINCE MAR 1    907                       842     65     1007
  SINCE JUL 1   4862                      4435    427     4305

 COOLING
  YESTERDAY        0                         1     -1        0
  MONTH TO DATE    8                        17     -9        9
  SINCE MAR 1      8                        20    -12        9
  SINCE JAN 1      8                        20    -12        9
..................................................................


WIND (MPH)
  HIGHEST WIND SPEED    31   HIGHEST WIND DIRECTION    SE (140)
  HIGHEST GUST SPEED    39   HIGHEST GUST DIRECTION    SE (150)
  AVERAGE WIND SPEED    16.5


SKY COVER
  AVERAGE SKY COVER 0.3


WEATHER CONDITIONS
 THE FOLLOWING WEATHER WAS RECORDED YESTERDAY.
  THUNDERSTORM
  HEAVY RAIN
  RAIN
  LIGHT RAIN
  FOG
  HAZE


RELATIVE HUMIDITY (PERCENT)
 HIGHEST    86           800 PM
 LOWEST     46           500 AM
 AVERAGE    66

..........................................................


THE SPRINGFIELD MO CLIMATE NORMALS FOR TODAY
                         NORMAL    RECORD    YEAR
 MAXIMUM TEMPERATURE (F)   70        85      1984
 MINIMUM TEMPERATURE (F)   48        29      1910


SUNRISE AND SUNSET
APRIL 25 2014.........SUNRISE   626 AM CDT   SUNSET   758 PM CDT
APRIL 26 2014.........SUNRISE   625 AM CDT   SUNSET   758 PM CDT


-  INDICATES NEGATIVE NUMBERS.
R  INDICATES RECORD WAS SET OR TIED.
MM INDICATES DATA IS MISSING.
T  INDICATES TRACE AMOUNT.




$$
