492
CDUS43 KSGF 242228
CLISGF


CLIMATE REPORT
NATIONAL WEATHER SERVICE SPRINGFIELD MO
527 PM CDT SUN JUL 24 2016


...................................

...THE SPRINGFIELD MO CLIMATE SUMMARY FOR JULY 24 2016...
VALID TODAY AS OF 0500 PM LOCAL TIME.

CLIMATE NORMAL PERIOD 1981 TO 2010
CLIMATE RECORD PERIOD 1888 TO 2016


WEATHER ITEM   OBSERVED TIME   RECORD YEAR NORMAL DEPARTURE LAST
                VALUE   (LST)  VALUE       VALUE  FROM      YEAR
                                                  NORMAL
..................................................................
TEMPERATURE (F)
 TODAY
  MAXIMUM         98    223 PM 106    1934  89      9       93
  MINIMUM         75    539 AM  57    2003  68      7       71
                                      2000
                                      1947
  AVERAGE         87                        79      8       82

PRECIPITATION (IN)
  TODAY            0.00          1.68 1998   0.11  -0.11      T
  MONTH TO DATE    3.17                      2.98   0.19     9.21
  SINCE JUN 1      7.59                      7.83  -0.24    13.99
  SINCE JAN 1     18.84                     25.86  -7.02    29.39

SNOWFALL (IN)
  TODAY            0.0
  MONTH TO DATE    0.0
  SINCE JUN 1      0.0
  SINCE JUL 1      0.0
  SNOW DEPTH       0

DEGREE DAYS
 HEATING
  TODAY            0                         0      0        0
  MONTH TO DATE    0                         0      0        0
  SINCE JUN 1      0                         9     -9        1
  SINCE JUL 1      0                         0      0        0

 COOLING
  TODAY           22                        14      8       17
  MONTH TO DATE  375                       313     62      341
  SINCE JUN 1    771                       576    195      691
  SINCE JAN 1    891                       691    200      833
..................................................................


WIND (MPH)
  HIGHEST WIND SPEED    13   HIGHEST WIND DIRECTION     W (250)
  HIGHEST GUST SPEED    17   HIGHEST GUST DIRECTION     W (260)


SKY COVER
  AVERAGE SKY COVER 0.0


WEATHER CONDITIONS
 THE FOLLOWING WEATHER WAS RECORDED TODAY.
  NO SIGNIFICANT WEATHER WAS OBSERVED.


RELATIVE HUMIDITY (PERCENT)
 HIGHEST    87           500 AM
 LOWEST     40           400 PM
 AVERAGE    64

..........................................................


THE SPRINGFIELD MO CLIMATE NORMALS FOR TOMORROW
                         NORMAL    RECORD    YEAR
 MAXIMUM TEMPERATURE (F)   90       102      2012
                                             1986
 MINIMUM TEMPERATURE (F)   68        54      1911


SUNRISE AND SUNSET
JULY 24 2016..........SUNRISE   612 AM CDT   SUNSET   827 PM CDT
JULY 25 2016..........SUNRISE   613 AM CDT   SUNSET   827 PM CDT


-  INDICATES NEGATIVE NUMBERS.
R  INDICATES RECORD WAS SET OR TIED.
MM INDICATES DATA IS MISSING.
T  INDICATES TRACE AMOUNT.




$$
