000
CDUS43 KSGF 290632
CLISGF


CLIMATE REPORT
NATIONAL WEATHER SERVICE SPRINGFIELD MO
128 AM CDT SAT APR 29 2017


...................................

...THE SPRINGFIELD MO CLIMATE SUMMARY FOR APRIL 28 2017...

CLIMATE NORMAL PERIOD 1981 TO 2010
CLIMATE RECORD PERIOD 1888 TO 2017


WEATHER ITEM   OBSERVED TIME   RECORD YEAR NORMAL DEPARTURE LAST
                VALUE   (LST)  VALUE       VALUE  FROM      YEAR
                                                  NORMAL
..................................................................
TEMPERATURE (F)
 YESTERDAY
  MAXIMUM         64    849 PM  87    1899  71     -7       72
                                      1894
  MINIMUM         54    455 AM  31    1973  49      5       48
  AVERAGE         59                        60     -1       60

PRECIPITATION (IN)
  YESTERDAY        0.89          2.19 1996   0.16   0.73     0.00
  MONTH TO DATE    7.29                      3.97   3.32     1.41
  SINCE MAR 1     12.08                      7.59   4.49     4.35
  SINCE JAN 1     16.54                     12.58   3.96     5.63

SNOWFALL (IN)
  YESTERDAY        0.0
  MONTH TO DATE    0.0
  SINCE MAR 1      0.1
  SINCE JUL 1      1.8
  SNOW DEPTH       0

DEGREE DAYS
 HEATING
  YESTERDAY        6                         6      0        5
  MONTH TO DATE  165                       288   -123      182
  SINCE MAR 1    581                       869   -288      580
  SINCE JUL 1   3270                      4462  -1192     3493

 COOLING
  YESTERDAY        0                         1     -1        0
  MONTH TO DATE   35                        21     14       25
  SINCE MAR 1     41                        24     17       27
  SINCE JAN 1     50                        24     26       27
..................................................................


WIND (MPH)
  HIGHEST WIND SPEED    33   HIGHEST WIND DIRECTION    SE (150)
  HIGHEST GUST SPEED    39   HIGHEST GUST DIRECTION    SE (150)
  AVERAGE WIND SPEED    12.6


SKY COVER
  AVERAGE SKY COVER 0.9


WEATHER CONDITIONS
 THE FOLLOWING WEATHER WAS RECORDED YESTERDAY.
  THUNDERSTORM
  RAIN
  LIGHT RAIN
  FOG


RELATIVE HUMIDITY (PERCENT)
 HIGHEST   100           500 AM
 LOWEST     84          1100 AM
 AVERAGE    92

..........................................................


THE SPRINGFIELD MO CLIMATE NORMALS FOR TODAY
                         NORMAL    RECORD    YEAR
 MAXIMUM TEMPERATURE (F)   71        89      1899
 MINIMUM TEMPERATURE (F)   49        31      2008


SUNRISE AND SUNSET
APRIL 29 2017.........SUNRISE   621 AM CDT   SUNSET   801 PM CDT
APRIL 30 2017.........SUNRISE   620 AM CDT   SUNSET   802 PM CDT


-  INDICATES NEGATIVE NUMBERS.
R  INDICATES RECORD WAS SET OR TIED.
MM INDICATES DATA IS MISSING.
T  INDICATES TRACE AMOUNT.




$$
