000
CDUS43 KSGF 170639
CLISGF


CLIMATE REPORT
NATIONAL WEATHER SERVICE SPRINGFIELD MO
138 AM CDT TUE OCT 17 2017


...................................

...THE SPRINGFIELD MO CLIMATE SUMMARY FOR OCTOBER 16 2017...

CLIMATE NORMAL PERIOD 1981 TO 2010
CLIMATE RECORD PERIOD 1888 TO 2017


WEATHER ITEM   OBSERVED TIME   RECORD YEAR NORMAL DEPARTURE LAST
                VALUE   (LST)  VALUE       VALUE  FROM      YEAR
                                                  NORMAL
..................................................................
TEMPERATURE (F)
 YESTERDAY
  MAXIMUM         69    343 PM  87    2016  69      0       87
  MINIMUM         38    636 AM  28    1966  47     -9       67
                                      1943
  AVERAGE         54                        58     -4       77

PRECIPITATION (IN)
  YESTERDAY        0.00          1.42 1899   0.11  -0.11     0.00
  MONTH TO DATE    1.04                      1.83  -0.79     2.60
  SINCE SEP 1      1.63                      6.44  -4.81     6.49
  SINCE JAN 1     44.21                     36.55   7.66    32.11

SNOWFALL (IN)
  YESTERDAY        0.0
  MONTH TO DATE    0.0
  SINCE SEP 1      0.0
  SINCE JUL 1      0.0
  SNOW DEPTH       0

DEGREE DAYS
 HEATING
  YESTERDAY       11                         8      3        0
  MONTH TO DATE   48                       100    -52       53
  SINCE SEP 1     56                       153    -97       67
  SINCE JUL 1     56                       155    -99       67

 COOLING
  YESTERDAY        0                         1     -1       12
  MONTH TO DATE   82                        22     60       49
  SINCE SEP 1    300                       195    105      315
  SINCE JAN 1   1458                      1381     77     1747
..................................................................


WIND (MPH)
  HIGHEST WIND SPEED     9   HIGHEST WIND DIRECTION    NE (40)
  HIGHEST GUST SPEED    14   HIGHEST GUST DIRECTION    NE (30)
  AVERAGE WIND SPEED     1.8


SKY COVER
  AVERAGE SKY COVER 0.0


WEATHER CONDITIONS
 THE FOLLOWING WEATHER WAS RECORDED YESTERDAY.
  NO SIGNIFICANT WEATHER WAS OBSERVED.


RELATIVE HUMIDITY (PERCENT)
 HIGHEST   100           600 AM
 LOWEST     27           300 PM
 AVERAGE    64

..........................................................


THE SPRINGFIELD MO CLIMATE NORMALS FOR TODAY
                         NORMAL    RECORD    YEAR
 MAXIMUM TEMPERATURE (F)   69        89      1964
 MINIMUM TEMPERATURE (F)   46        25      1976


SUNRISE AND SUNSET
OCTOBER 17 2017.......SUNRISE   724 AM CDT   SUNSET   633 PM CDT
OCTOBER 18 2017.......SUNRISE   724 AM CDT   SUNSET   632 PM CDT


-  INDICATES NEGATIVE NUMBERS.
R  INDICATES RECORD WAS SET OR TIED.
MM INDICATES DATA IS MISSING.
T  INDICATES TRACE AMOUNT.




$$
