000
CDUS45 KBYZ 252227
CLISHR


CLIMATE REPORT
NATIONAL WEATHER SERVICE BILLINGS MT
426 PM MDT SUN SEP 25 2016


...................................

...THE SHERIDAN WY CLIMATE SUMMARY FOR SEPTEMBER 25 2016...
VALID TODAY AS OF 0400 PM LOCAL TIME.

CLIMATE NORMAL PERIOD 1981 TO 2010
CLIMATE RECORD PERIOD 1907 TO 2016


WEATHER ITEM   OBSERVED TIME   RECORD YEAR NORMAL DEPARTURE LAST
                VALUE   (LST)  VALUE       VALUE  FROM      YEAR
                                                  NORMAL
..................................................................
TEMPERATURE (F)
 TODAY
  MAXIMUM         66    252 PM  94    2015  69     -3       94
  MINIMUM         47    555 AM   6    1984  38      9       44
  AVERAGE         57                        54      3       69

PRECIPITATION (IN)
  TODAY            0.00          0.68 1936   0.05  -0.05     0.00
  MONTH TO DATE    3.71                      1.16   2.55     0.27
  SINCE OCT 1     15.37                     13.89   1.48    16.13
  SINCE JAN 1     13.22                     11.21   2.01    13.74

DEGREE DAYS
 HEATING
  TODAY            8                        12     -4        0
  MONTH TO DATE  161                       177    -16       72
  SINCE SEP 1    161                       177    -16       72
  SINCE JUL 1    204                       239    -35      136

 COOLING
  TODAY            0                         0      0        4
  MONTH TO DATE   30                        26      4       54
  SINCE SEP 1     30                        26      4       54
  SINCE JAN 1    549                       416    133      463
..................................................................


WIND (MPH)
  HIGHEST WIND SPEED    17   HIGHEST WIND DIRECTION    NW (320)
  HIGHEST GUST SPEED    20   HIGHEST GUST DIRECTION    NW (330)
  AVERAGE WIND SPEED     6.8


SKY COVER
  POSSIBLE SUNSHINE  MM
  AVERAGE SKY COVER 0.5


WEATHER CONDITIONS
 THE FOLLOWING WEATHER WAS RECORDED TODAY.
  NO SIGNIFICANT WEATHER WAS OBSERVED.


RELATIVE HUMIDITY (PERCENT)
 HIGHEST    82           600 AM
 LOWEST     34           200 PM
 AVERAGE    58

..........................................................


THE SHERIDAN WY CLIMATE NORMALS FOR TOMORROW
                         NORMAL    RECORD    YEAR
 MAXIMUM TEMPERATURE (F)   69        97      2015
 MINIMUM TEMPERATURE (F)   38        21      1972
                                             1926


SUNRISE AND SUNSET
SEPTEMBER 25 2016.....SUNRISE   659 AM MDT   SUNSET   659 PM MDT
SEPTEMBER 26 2016.....SUNRISE   700 AM MDT   SUNSET   657 PM MDT


-  INDICATES NEGATIVE NUMBERS.
R  INDICATES RECORD WAS SET OR TIED.
MM INDICATES DATA IS MISSING.
T  INDICATES TRACE AMOUNT.




$$
