000
CDUS45 KBYZ 290739
CLISHR


CLIMATE REPORT
NATIONAL WEATHER SERVICE BILLINGS MT
135 AM MDT MON MAY 29 2017


...................................

...THE SHERIDAN WY CLIMATE SUMMARY FOR MAY 28 2017...

CLIMATE NORMAL PERIOD 1981 TO 2010
CLIMATE RECORD PERIOD 1907 TO 2017


WEATHER ITEM   OBSERVED TIME   RECORD YEAR NORMAL DEPARTURE LAST
                VALUE   (LST)  VALUE       VALUE  FROM      YEAR
                                                  NORMAL
..................................................................
TEMPERATURE (F)
 YESTERDAY
  MAXIMUM         72   1247 PM  93    2014  70      2       68
                                      1934
  MINIMUM         47   1159 PM  28    1947  42      5       45
  AVERAGE         60                        56      4       57

PRECIPITATION (IN)
  YESTERDAY        T             1.25 1956   0.08  -0.08      T
  MONTH TO DATE    2.24                      2.12   0.12     0.97
  SINCE OCT 1     15.70                      8.48   7.22     9.52
  SINCE JAN 1     11.97                      5.80   6.17     7.37

DEGREE DAYS
 HEATING
  YESTERDAY        5                         9     -4        8
  MONTH TO DATE  335                       366    -31      344
  SINCE MAR 1   1681                      1932   -251     1661
  SINCE JUL 1   7203                      7467   -264     6407

 COOLING
  YESTERDAY        0                         0      0        0
  MONTH TO DATE    0                         0      0        2
  SINCE MAR 1      0                         0      0        2
  SINCE JAN 1      0                         0      0        2
..................................................................


WIND (MPH)
  HIGHEST WIND SPEED    41   HIGHEST WIND DIRECTION    NW (320)
  HIGHEST GUST SPEED    53   HIGHEST GUST DIRECTION    NW (330)
  AVERAGE WIND SPEED    14.5


SKY COVER
  POSSIBLE SUNSHINE  MM
  AVERAGE SKY COVER 0.3


WEATHER CONDITIONS
 THE FOLLOWING WEATHER WAS RECORDED YESTERDAY.
  LIGHT RAIN


RELATIVE HUMIDITY (PERCENT)
 HIGHEST    71           100 AM
 LOWEST     35           100 PM
 AVERAGE    53

..........................................................


THE SHERIDAN WY CLIMATE NORMALS FOR TODAY
                         NORMAL    RECORD    YEAR
 MAXIMUM TEMPERATURE (F)   70        94      1919
 MINIMUM TEMPERATURE (F)   42        26      1982


SUNRISE AND SUNSET
MAY 29 2017...........SUNRISE   527 AM MDT   SUNSET   844 PM MDT
MAY 30 2017...........SUNRISE   526 AM MDT   SUNSET   845 PM MDT


-  INDICATES NEGATIVE NUMBERS.
R  INDICATES RECORD WAS SET OR TIED.
MM INDICATES DATA IS MISSING.
T  INDICATES TRACE AMOUNT.




$$
