568
CDUS45 KBYZ 072327
CLISHR


CLIMATE REPORT
NATIONAL WEATHER SERVICE BILLINGS MT
426 PM MST SUN FEB 7 2016


...................................

...THE SHERIDAN WY CLIMATE SUMMARY FOR FEBRUARY 7 2016...
VALID TODAY AS OF 0400 PM LOCAL TIME.

CLIMATE NORMAL PERIOD 1981 TO 2010
CLIMATE RECORD PERIOD 1907 TO 2016


WEATHER ITEM   OBSERVED TIME   RECORD YEAR NORMAL DEPARTURE LAST
                VALUE   (LST)  VALUE       VALUE  FROM      YEAR
                                                  NORMAL
..................................................................
TEMPERATURE (F)
 TODAY
  MAXIMUM         37    332 PM  68    2015  37      0       68
  MINIMUM         32    948 AM -33    1933  13     19       40
  AVERAGE         35                        25     10       54

PRECIPITATION (IN)
  TODAY            0.00          0.29 1975   0.01  -0.01     0.00
  MONTH TO DATE    0.29                      0.13   0.16     0.17
  SINCE OCT 1      3.00                      3.37  -0.37     3.01
  SINCE JAN 1      0.85                      0.69   0.16     0.62

DEGREE DAYS
 HEATING
  TODAY           30                        40    -10       11
  MONTH TO DATE  264                       280    -16      218
  SINCE DEC 1   2647                      2862   -215     2645
  SINCE JUL 1   4199                      4740   -541     4471

 COOLING
  TODAY            0                         0      0        0
  MONTH TO DATE    0                         0      0        0
  SINCE DEC 1      0                         0      0        0
  SINCE JAN 1      0                         0      0        0
..................................................................


WIND (MPH)
  HIGHEST WIND SPEED    38   HIGHEST WIND DIRECTION    NW (310)
  HIGHEST GUST SPEED    45   HIGHEST GUST DIRECTION    NW (310)
  AVERAGE WIND SPEED    20.8


SKY COVER
  POSSIBLE SUNSHINE  MM
  AVERAGE SKY COVER 0.6


WEATHER CONDITIONS
 THE FOLLOWING WEATHER WAS RECORDED TODAY.
  NO SIGNIFICANT WEATHER WAS OBSERVED.


RELATIVE HUMIDITY (PERCENT)
 HIGHEST    56           300 AM
 LOWEST     29           100 PM
 AVERAGE    43

..........................................................


THE SHERIDAN WY CLIMATE NORMALS FOR TOMORROW
                         NORMAL    RECORD    YEAR
 MAXIMUM TEMPERATURE (F)   37        69      1954
 MINIMUM TEMPERATURE (F)   13       -38      1936


SUNRISE AND SUNSET
FEBRUARY  7 2016......SUNRISE   720 AM MST   SUNSET   524 PM MST
FEBRUARY  8 2016......SUNRISE   719 AM MST   SUNSET   526 PM MST


-  INDICATES NEGATIVE NUMBERS.
R  INDICATES RECORD WAS SET OR TIED.
MM INDICATES DATA IS MISSING.
T  INDICATES TRACE AMOUNT.




$$
