000
CDUS45 KBYZ 200723
CLISHR


CLIMATE REPORT
NATIONAL WEATHER SERVICE BILLINGS MT
123 AM MDT THU JUL 20 2017


...................................

...THE SHERIDAN WY CLIMATE SUMMARY FOR JULY 19 2017...

CLIMATE NORMAL PERIOD 1981 TO 2010
CLIMATE RECORD PERIOD 1907 TO 2017


WEATHER ITEM   OBSERVED TIME   RECORD YEAR NORMAL DEPARTURE LAST
                VALUE   (LST)  VALUE       VALUE  FROM      YEAR
                                                  NORMAL
..................................................................
TEMPERATURE (F)
 YESTERDAY
  MAXIMUM         92    325 PM 103    1960  88      4      101
  MINIMUM         56    311 AM  40    1915  54      2       55
  AVERAGE         74                        71      3       78

PRECIPITATION (IN)
  YESTERDAY        0.00          1.21 1912   0.04  -0.04     0.00
  MONTH TO DATE    0.33                      0.76  -0.43     0.16
  SINCE OCT 1     17.14                     11.59   5.55    10.16
  SINCE JAN 1     13.41                      8.91   4.50     8.01

DEGREE DAYS
 HEATING
  YESTERDAY        0                         1     -1        0
  MONTH TO DATE    0                        23    -23        6
  SINCE JUN 1     78                       172    -94       22
  SINCE JUL 1      0                        23    -23        6

 COOLING
  YESTERDAY        9                         7      2       13
  MONTH TO DATE  185                       100     85      111
  SINCE JUN 1    219                       146     73      234
  SINCE JAN 1    219                       150     69      236
..................................................................


WIND (MPH)
  HIGHEST WIND SPEED    26   HIGHEST WIND DIRECTION    NW (310)
  HIGHEST GUST SPEED    35   HIGHEST GUST DIRECTION    NW (310)
  AVERAGE WIND SPEED     6.9


SKY COVER
  POSSIBLE SUNSHINE  MM
  AVERAGE SKY COVER 0.0


WEATHER CONDITIONS
 THE FOLLOWING WEATHER WAS RECORDED YESTERDAY.
  NO SIGNIFICANT WEATHER WAS OBSERVED.


RELATIVE HUMIDITY (PERCENT)
 HIGHEST    80           300 AM
 LOWEST     21           300 PM
 AVERAGE    51

..........................................................


THE SHERIDAN WY CLIMATE NORMALS FOR TODAY
                         NORMAL    RECORD    YEAR
 MAXIMUM TEMPERATURE (F)   88       102      1960
 MINIMUM TEMPERATURE (F)   54        39      1915


SUNRISE AND SUNSET
JULY 20 2017..........SUNRISE   541 AM MDT   SUNSET   846 PM MDT
JULY 21 2017..........SUNRISE   542 AM MDT   SUNSET   846 PM MDT


-  INDICATES NEGATIVE NUMBERS.
R  INDICATES RECORD WAS SET OR TIED.
MM INDICATES DATA IS MISSING.
T  INDICATES TRACE AMOUNT.




$$
