000
CDUS45 KBYZ 240740
CLISHR


CLIMATE REPORT
NATIONAL WEATHER SERVICE BILLINGS MT
1238 AM MST SAT FEB 24 2018


...................................

...THE SHERIDAN WY CLIMATE SUMMARY FOR FEBRUARY 23 2018...

CLIMATE NORMAL PERIOD 1981 TO 2010
CLIMATE RECORD PERIOD 1907 TO 2018


WEATHER ITEM   OBSERVED TIME   RECORD YEAR NORMAL DEPARTURE LAST
                VALUE   (LST)  VALUE       VALUE  FROM      YEAR
                                                  NORMAL
..................................................................
TEMPERATURE (F)
 YESTERDAY
  MAXIMUM         15    433 PM  65    1954  41    -26       31
  MINIMUM        -14    637 AM -18    2003  16    -30       23
                                      1922
  AVERAGE          1                        28    -27       27

PRECIPITATION (IN)
  YESTERDAY        0.00          0.43 1947   0.02  -0.02     0.02
  MONTH TO DATE    1.53                      0.44   1.09     0.62
  SINCE OCT 1      5.15                      3.68   1.47     5.39
  SINCE JAN 1      2.16                      1.00   1.16     1.66

DEGREE DAYS
 HEATING
  YESTERDAY       64                        37     27       38
  MONTH TO DATE 1227                       895    332      797
  SINCE DEC 1   3735                      3477    258     3841
  SINCE JUL 1   5525                      5355    170     5318

 COOLING
  YESTERDAY        0                         0      0        0
  MONTH TO DATE    0                         0      0        0
  SINCE DEC 1      0                         0      0        0
  SINCE JAN 1      0                         0      0        0
..................................................................


WIND (MPH)
  HIGHEST WIND SPEED     8   HIGHEST WIND DIRECTION    SW (210)
  HIGHEST GUST SPEED    11   HIGHEST GUST DIRECTION    SW (210)
  AVERAGE WIND SPEED     1.0


SKY COVER
  POSSIBLE SUNSHINE  MM
  AVERAGE SKY COVER 0.0


WEATHER CONDITIONS
 THE FOLLOWING WEATHER WAS RECORDED YESTERDAY.
  HAZE


RELATIVE HUMIDITY (PERCENT)
 HIGHEST    91           400 AM
 LOWEST     53           100 PM
 AVERAGE    72

..........................................................


THE SHERIDAN WY CLIMATE NORMALS FOR TODAY
                         NORMAL    RECORD    YEAR
 MAXIMUM TEMPERATURE (F)   41        72      1995
 MINIMUM TEMPERATURE (F)   16       -20      2003


SUNRISE AND SUNSET
FEBRUARY 24 2018......SUNRISE   654 AM MST   SUNSET   549 PM MST
FEBRUARY 25 2018......SUNRISE   652 AM MST   SUNSET   550 PM MST


-  INDICATES NEGATIVE NUMBERS.
R  INDICATES RECORD WAS SET OR TIED.
MM INDICATES DATA IS MISSING.
T  INDICATES TRACE AMOUNT.




$$
