000
CDUS45 KBYZ 250938
CLISHR


CLIMATE REPORT
NATIONAL WEATHER SERVICE BILLINGS MT
336 AM MDT THU AUG 25 2016


...................................

...THE SHERIDAN WY CLIMATE SUMMARY FOR AUGUST 24 2016...

CLIMATE NORMAL PERIOD 1981 TO 2010
CLIMATE RECORD PERIOD 1907 TO 2016


WEATHER ITEM   OBSERVED TIME   RECORD YEAR NORMAL DEPARTURE LAST
                VALUE   (LST)  VALUE       VALUE  FROM      YEAR
                                                  NORMAL
..................................................................
TEMPERATURE (F)
 YESTERDAY
  MAXIMUM         70   1235 PM 100    1953  85    -15       92
  MINIMUM         45    524 AM  32    1910  50     -5       41
  AVERAGE         58                        67     -9       67

PRECIPITATION (IN)
  YESTERDAY        0.00          0.29 1910   0.02  -0.02     0.00
  MONTH TO DATE    1.44                      0.53   0.91     0.56
  SINCE OCT 1     11.66                     12.54  -0.88    15.82
  SINCE JAN 1      9.51                      9.86  -0.35    13.43

DEGREE DAYS
 HEATING
  YESTERDAY        7                         2      5        0
  MONTH TO DATE   23                        19      4       44
  SINCE JUN 1     45                       194   -149      108
  SINCE JUL 1     29                        45    -16       64

 COOLING
  YESTERDAY        0                         4     -4        2
  MONTH TO DATE  129                       137     -8      129
  SINCE JUN 1    490                       365    125      355
  SINCE JAN 1    492                       369    123      355
..................................................................


WIND (MPH)
  HIGHEST WIND SPEED    17   HIGHEST WIND DIRECTION     N (340)
  HIGHEST GUST SPEED    23   HIGHEST GUST DIRECTION     N (350)
  AVERAGE WIND SPEED     9.9


SKY COVER
  POSSIBLE SUNSHINE  MM
  AVERAGE SKY COVER 0.5


WEATHER CONDITIONS
 THE FOLLOWING WEATHER WAS RECORDED YESTERDAY.
  NO SIGNIFICANT WEATHER WAS OBSERVED.


RELATIVE HUMIDITY (PERCENT)
 HIGHEST    82           400 AM
 LOWEST     42          1100 AM
 AVERAGE    62

..........................................................


THE SHERIDAN WY CLIMATE NORMALS FOR TODAY
                         NORMAL    RECORD    YEAR
 MAXIMUM TEMPERATURE (F)   84       102      1991
 MINIMUM TEMPERATURE (F)   50        26      1910


SUNRISE AND SUNSET
AUGUST 25 2016........SUNRISE   623 AM MDT   SUNSET   756 PM MDT
AUGUST 26 2016........SUNRISE   624 AM MDT   SUNSET   754 PM MDT


-  INDICATES NEGATIVE NUMBERS.
R  INDICATES RECORD WAS SET OR TIED.
MM INDICATES DATA IS MISSING.
T  INDICATES TRACE AMOUNT.




$$
