000
CDUS45 KBYZ 230724
CLISHR


CLIMATE REPORT
NATIONAL WEATHER SERVICE BILLINGS MT
123 AM MDT SAT SEP 23 2017


...................................

...THE SHERIDAN WY CLIMATE SUMMARY FOR SEPTEMBER 22 2017...

CLIMATE NORMAL PERIOD 1981 TO 2010
CLIMATE RECORD PERIOD 1907 TO 2017


WEATHER ITEM   OBSERVED TIME   RECORD YEAR NORMAL DEPARTURE LAST
                VALUE   (LST)  VALUE       VALUE  FROM      YEAR
                                                  NORMAL
..................................................................
TEMPERATURE (F)
 YESTERDAY
  MAXIMUM         47    347 PM  92    1936  71    -24       62
  MINIMUM         41   1130 PM  24    1995  39      2       52
  AVERAGE         44                        55    -11       57

PRECIPITATION (IN)
  YESTERDAY        0.10          0.71 2000   0.05   0.05     0.08
  MONTH TO DATE    1.39                      0.99   0.40     0.99
  SINCE OCT 1     19.01                     13.72   5.29    12.65
  SINCE JAN 1     15.28                     11.04   4.24    10.50

DEGREE DAYS
 HEATING
  YESTERDAY       21                        10     11        8
  MONTH TO DATE  157                       143     14      127
  SINCE SEP 1    157                       143     14      127
  SINCE JUL 1    181                       205    -24      170

 COOLING
  YESTERDAY        0                         0      0        0
  MONTH TO DATE   52                        26     26       30
  SINCE SEP 1     52                        26     26       30
  SINCE JAN 1    481                       416     65      549
..................................................................


WIND (MPH)
  HIGHEST WIND SPEED    15   HIGHEST WIND DIRECTION    NW (310)
  HIGHEST GUST SPEED    18   HIGHEST GUST DIRECTION    NW (300)
  AVERAGE WIND SPEED     5.7


SKY COVER
  POSSIBLE SUNSHINE  MM
  AVERAGE SKY COVER 1.0


WEATHER CONDITIONS
 THE FOLLOWING WEATHER WAS RECORDED YESTERDAY.
  RAIN
  LIGHT RAIN
  FOG


RELATIVE HUMIDITY (PERCENT)
 HIGHEST    93          1100 PM
 LOWEST     76           100 PM
 AVERAGE    85

..........................................................


THE SHERIDAN WY CLIMATE NORMALS FOR TODAY
                         NORMAL    RECORD    YEAR
 MAXIMUM TEMPERATURE (F)   70        94      1992
 MINIMUM TEMPERATURE (F)   39        21      1926


SUNRISE AND SUNSET
SEPTEMBER 23 2017.....SUNRISE   657 AM MDT   SUNSET   703 PM MDT
SEPTEMBER 24 2017.....SUNRISE   658 AM MDT   SUNSET   701 PM MDT


-  INDICATES NEGATIVE NUMBERS.
R  INDICATES RECORD WAS SET OR TIED.
MM INDICATES DATA IS MISSING.
T  INDICATES TRACE AMOUNT.




$$
