000
CDUS45 KBYZ 261050
CLISHR


CLIMATE REPORT
NATIONAL WEATHER SERVICE BILLINGS MT
347 AM MST FRI DEC 26 2014


...................................

...THE SHERIDAN WY CLIMATE SUMMARY FOR DECEMBER 25 2014...

CLIMATE NORMAL PERIOD 1981 TO 2010
CLIMATE RECORD PERIOD 1907 TO 2014


WEATHER ITEM   OBSERVED TIME   RECORD YEAR NORMAL DEPARTURE LAST
                VALUE   (LST)  VALUE       VALUE  FROM      YEAR
                                                  NORMAL
..................................................................
TEMPERATURE (F)
 YESTERDAY
  MAXIMUM         34   1205 AM  61    1947  35     -1       44
  MINIMUM         19   1154 PM -32    1983  10      9       16
  AVERAGE         27                        22      5       30

PRECIPITATION (IN)
  YESTERDAY        0.37          0.44        0.02   0.35     0.00
  MONTH TO DATE    0.67                      0.46   0.21     0.90
  SINCE OCT 1      2.32                      2.58  -0.26     3.54
  SINCE JAN 1     15.02                     14.06   0.96    17.79

DEGREE DAYS
 HEATING
  YESTERDAY       38                        43     -5       35
  MONTH TO DATE  878                      1052   -174     1214
  SINCE DEC 1    878                      1052   -174     1214
  SINCE JUL 1   2704                      2930   -226     3019

 COOLING
  YESTERDAY        0                         0      0        0
  MONTH TO DATE    0                         0      0        0
  SINCE DEC 1      0                         0      0        0
  SINCE JAN 1    346                       419    -73      592
..................................................................


WIND (MPH)
  HIGHEST WIND SPEED    20   HIGHEST WIND DIRECTION    NW (310)
  HIGHEST GUST SPEED    22   HIGHEST GUST DIRECTION    NW (320)
  AVERAGE WIND SPEED     9.7


SKY COVER
  POSSIBLE SUNSHINE  MM
  AVERAGE SKY COVER 1.0


WEATHER CONDITIONS
 THE FOLLOWING WEATHER WAS RECORDED YESTERDAY.
  SNOW
  LIGHT SNOW
  FOG
  FOG W/VISIBILITY <= 1/4 MILE
  HAZE


RELATIVE HUMIDITY (PERCENT)
 HIGHEST    92           200 AM
 LOWEST     78           100 AM
 AVERAGE    85

..........................................................


THE SHERIDAN WY CLIMATE NORMALS FOR TODAY
                         NORMAL    RECORD    YEAR
 MAXIMUM TEMPERATURE (F)   35        67      1980
 MINIMUM TEMPERATURE (F)   10       -29      1996


SUNRISE AND SUNSET
DECEMBER 26 2014......SUNRISE   744 AM MST   SUNSET   433 PM MST
DECEMBER 27 2014......SUNRISE   744 AM MST   SUNSET   434 PM MST


-  INDICATES NEGATIVE NUMBERS.
R  INDICATES RECORD WAS SET OR TIED.
MM INDICATES DATA IS MISSING.
T  INDICATES TRACE AMOUNT.




$$
