000
CDUS44 KSHV 200835
CLISHV


CLIMATE REPORT
NATIONAL WEATHER SERVICE SHREVEPORT, LA
235 AM CST SAT DEC 20 2014


...................................

...THE SHREVEPORT CLIMATE SUMMARY FOR DECEMBER 19 2014...

CLIMATE NORMAL PERIOD 1981 TO 2010
CLIMATE RECORD PERIOD 1874 TO 2014


WEATHER ITEM   OBSERVED TIME   RECORD YEAR NORMAL DEPARTURE LAST
                VALUE   (LST)  VALUE       VALUE  FROM      YEAR
                                                  NORMAL
..................................................................
TEMPERATURE (F)
 YESTERDAY
  MAXIMUM         51    210 PM  80    1977  58     -7       71
  MINIMUM         47   1159 PM  15    1929  37     10       44
  AVERAGE         49                        47      2       58

PRECIPITATION (IN)
  YESTERDAY        1.34          2.33 1872   0.15   1.19      T
  MONTH TO DATE    2.85                      3.03  -0.18     2.19
  SINCE DEC 1      2.85                      3.03  -0.18     2.19
  SINCE JAN 1     40.32                     49.67  -9.35    50.66

SNOWFALL (IN)
  YESTERDAY       MM
  MONTH TO DATE    0.0
  SINCE DEC 1      0.0
  SINCE JUL 1      T
  SNOW DEPTH       0

DEGREE DAYS
 HEATING
  YESTERDAY       16                        18     -2        7
  MONTH TO DATE  219                       309    -90      343
  SINCE DEC 1    219                       309    -90      343
  SINCE JUL 1    623                       680    -57      754

 COOLING
  YESTERDAY        0                         0      0        0
  MONTH TO DATE    2                         0      2        6
  SINCE DEC 1      2                         0      2        6
  SINCE JAN 1   2498                      2474     24     2712
..................................................................


WIND (MPH)
  HIGHEST WIND SPEED    22   HIGHEST WIND DIRECTION     E (110)
  HIGHEST GUST SPEED    27   HIGHEST GUST DIRECTION     E (110)
  AVERAGE WIND SPEED    10.4


SKY COVER
  POSSIBLE SUNSHINE  MM
  AVERAGE SKY COVER 1.0


WEATHER CONDITIONS
 THE FOLLOWING WEATHER WAS RECORDED YESTERDAY.
  THUNDERSTORM
  HEAVY RAIN
  RAIN
  LIGHT RAIN
  FOG


RELATIVE HUMIDITY (PERCENT)
 HIGHEST   100          1000 AM
 LOWEST     83          1200 AM
 AVERAGE    92

..........................................................


THE SHREVEPORT CLIMATE NORMALS FOR TODAY
                         NORMAL    RECORD    YEAR
 MAXIMUM TEMPERATURE (F)   58        80      1967
 MINIMUM TEMPERATURE (F)   37        14      1901


SUNRISE AND SUNSET
DECEMBER 20 2014......SUNRISE   712 AM CST   SUNSET   513 PM CST
DECEMBER 21 2014......SUNRISE   713 AM CST   SUNSET   514 PM CST


-  INDICATES NEGATIVE NUMBERS.
R  INDICATES RECORD WAS SET OR TIED.
MM INDICATES DATA IS MISSING.
T  INDICATES TRACE AMOUNT.




$$
