000
CDUS44 KSHV 200852
CLISHV


CLIMATE REPORT
NATIONAL WEATHER SERVICE SHREVEPORT, LA
251 AM CST FRI JAN 20 2017


...................................

...THE SHREVEPORT CLIMATE SUMMARY FOR JANUARY 19 2017...

CLIMATE NORMAL PERIOD 1981 TO 2010
CLIMATE RECORD PERIOD 1874 TO 2017


WEATHER ITEM   OBSERVED TIME   RECORD YEAR NORMAL DEPARTURE LAST
                VALUE   (LST)  VALUE       VALUE  FROM      YEAR
                                                  NORMAL
..................................................................
TEMPERATURE (F)
 YESTERDAY
  MAXIMUM         62    445 PM  80    1982  57      5       62
  MINIMUM         53    752 AM   3    1940  36     17       32
  AVERAGE         58                        47     11       47

PRECIPITATION (IN)
  YESTERDAY        0.01          3.17 1979   0.14  -0.13     0.00
  MONTH TO DATE    2.51                      2.45   0.06     1.53
  SINCE DEC 1      5.65                      7.22  -1.57     4.42
  SINCE JAN 1      2.51                      2.45   0.06     1.53

SNOWFALL (IN)
  YESTERDAY        0.0
  MONTH TO DATE    0.0
  SINCE DEC 1      0.0
  SINCE JUL 1      0.0
  SNOW DEPTH       0

DEGREE DAYS
 HEATING
  YESTERDAY        7                        18    -11       18
  MONTH TO DATE  213                       359   -146      355
  SINCE DEC 1    613                       890   -277      655
  SINCE JUL 1    767                      1261   -494      832

 COOLING
  YESTERDAY        0                         0      0        0
  MONTH TO DATE   19                         0     19        0
  SINCE DEC 1     44                         7     37       36
  SINCE JAN 1     19                         0     19        0
..................................................................


WIND (MPH)
  HIGHEST WIND SPEED    20   HIGHEST WIND DIRECTION     W (290)
  HIGHEST GUST SPEED    23   HIGHEST GUST DIRECTION     W (290)
  AVERAGE WIND SPEED     5.9


SKY COVER
  POSSIBLE SUNSHINE  MM
  AVERAGE SKY COVER 0.8


WEATHER CONDITIONS
 THE FOLLOWING WEATHER WAS RECORDED YESTERDAY.
  LIGHT RAIN
  FOG
  FOG W/VISIBILITY <= 1/4 MILE


RELATIVE HUMIDITY (PERCENT)
 HIGHEST   100           200 AM
 LOWEST     84           300 PM
 AVERAGE    92

..........................................................


THE SHREVEPORT CLIMATE NORMALS FOR TODAY
                         NORMAL    RECORD    YEAR
 MAXIMUM TEMPERATURE (F)   57        81      1954
 MINIMUM TEMPERATURE (F)   36        12      1985


SUNRISE AND SUNSET
JANUARY 20 2017.......SUNRISE   716 AM CST   SUNSET   538 PM CST
JANUARY 21 2017.......SUNRISE   715 AM CST   SUNSET   538 PM CST


-  INDICATES NEGATIVE NUMBERS.
R  INDICATES RECORD WAS SET OR TIED.
MM INDICATES DATA IS MISSING.
T  INDICATES TRACE AMOUNT.




$$
