000
CDUS44 KSHV 272150
CLISHV


CLIMATE REPORT
NATIONAL WEATHER SERVICE SHREVEPORT, LA
450 PM CDT FRI MAR 27 2015


...................................

...THE SHREVEPORT CLIMATE SUMMARY FOR MARCH 27 2015...
VALID TODAY AS OF 0400 PM LOCAL TIME.

CLIMATE NORMAL PERIOD 1981 TO 2010
CLIMATE RECORD PERIOD 1874 TO 2015


WEATHER ITEM   OBSERVED TIME   RECORD YEAR NORMAL DEPARTURE LAST
                VALUE   (LST)  VALUE       VALUE  FROM      YEAR
                                                  NORMAL
..................................................................
TEMPERATURE (F)
 TODAY
  MAXIMUM         68   1213 PM  89    1935  73     -5       68
  MINIMUM         39    233 AM  27    1955  49    -10       53
  AVERAGE         54                        60     -6       61

PRECIPITATION (IN)
  TODAY            0.00          1.53 1938   0.13  -0.13     0.23
  MONTH TO DATE    8.02                      3.57   4.45     2.11
  SINCE DEC 1     23.50                     17.29   6.21    10.53
  SINCE JAN 1     19.75                     12.52   7.23     5.55

SNOWFALL (IN)
  TODAY            0.0
  MONTH TO DATE    0.4
  SINCE MAR 1      0.4
  SINCE JUL 1      4.5
  SNOW DEPTH       0

DEGREE DAYS
 HEATING
  TODAY           11                         6      5        4
  MONTH TO DATE  250                       229     21      311
  SINCE MAR 1    250                       229     21      311
  SINCE JUL 1   2250                      2111    139     2422

 COOLING
  TODAY            0                         1     -1        0
  MONTH TO DATE   15                        25    -10        5
  SINCE MAR 1     15                        25    -10        5
  SINCE JAN 1     15                        35    -20       11
..................................................................


WIND (MPH)
  HIGHEST WIND SPEED    24   HIGHEST WIND DIRECTION     W (280)
  HIGHEST GUST SPEED    30   HIGHEST GUST DIRECTION     W (280)
  AVERAGE WIND SPEED     8.0


SKY COVER
  POSSIBLE SUNSHINE  MM
  AVERAGE SKY COVER 0.3


WEATHER CONDITIONS
 THE FOLLOWING WEATHER WAS RECORDED TODAY.
  NO SIGNIFICANT WEATHER WAS OBSERVED.


RELATIVE HUMIDITY (PERCENT)
 HIGHEST    89           200 AM
 LOWEST     32          1100 AM
 AVERAGE    61

..........................................................


THE SHREVEPORT CLIMATE NORMALS FOR TOMORROW
                         NORMAL    RECORD    YEAR
 MAXIMUM TEMPERATURE (F)   73        88      1879
 MINIMUM TEMPERATURE (F)   49        31      1955


SUNRISE AND SUNSET
MARCH 27 2015.........SUNRISE   710 AM CDT   SUNSET   732 PM CDT
MARCH 28 2015.........SUNRISE   709 AM CDT   SUNSET   732 PM CDT


-  INDICATES NEGATIVE NUMBERS.
R  INDICATES RECORD WAS SET OR TIED.
MM INDICATES DATA IS MISSING.
T  INDICATES TRACE AMOUNT.




$$
