000
CDUS44 KSHV 170745
CLISHV


CLIMATE REPORT
NATIONAL WEATHER SERVICE SHREVEPORT, LA
245 AM CDT TUE OCT 17 2017


...................................

...THE SHREVEPORT CLIMATE SUMMARY FOR OCTOBER 16 2017...

CLIMATE NORMAL PERIOD 1981 TO 2010
CLIMATE RECORD PERIOD 1874 TO 2017


WEATHER ITEM   OBSERVED TIME   RECORD YEAR NORMAL DEPARTURE LAST
                VALUE   (LST)  VALUE       VALUE  FROM      YEAR
                                                  NORMAL
..................................................................
TEMPERATURE (F)
 YESTERDAY
  MAXIMUM         74    350 PM  92    2011  78     -4       88
  MINIMUM         53    648 AM  37    1977  54     -1       67
  AVERAGE         64                        66     -2       78

PRECIPITATION (IN)
  YESTERDAY        0.00          2.95 1994   0.18  -0.18     0.00
  MONTH TO DATE    0.03                      2.35  -2.32     0.81
  SINCE DEC 1     33.27                     44.27 -11.00    54.23
  SINCE JAN 1     30.13                     39.50  -9.37    51.34

SNOWFALL (IN)
  YESTERDAY        0.0
  MONTH TO DATE    0.0
  SINCE SEP 1      0.0
  SINCE JUL 1      0.0
  SNOW DEPTH       0

DEGREE DAYS
 HEATING
  YESTERDAY        1                         2     -1        0
  MONTH TO DATE    1                        23    -22        0
  SINCE SEP 1      1                        29    -28        0
  SINCE JUL 1      1                        29    -28        0

 COOLING
  YESTERDAY        0                         4     -4       13
  MONTH TO DATE  169                        85     84      143
  SINCE SEP 1    545                       448     97      624
  SINCE JAN 1   2652                      2410    242     2865
..................................................................


WIND (MPH)
  HIGHEST WIND SPEED    21   HIGHEST WIND DIRECTION    NE (40)
  HIGHEST GUST SPEED    25   HIGHEST GUST DIRECTION    NE (60)
  AVERAGE WIND SPEED     9.5


SKY COVER
  POSSIBLE SUNSHINE  MM
  AVERAGE SKY COVER 0.1


WEATHER CONDITIONS
 THE FOLLOWING WEATHER WAS RECORDED YESTERDAY.
  NO SIGNIFICANT WEATHER WAS OBSERVED.


RELATIVE HUMIDITY (PERCENT)
 HIGHEST    72           300 AM
 LOWEST     27           200 PM
 AVERAGE    50

..........................................................


THE SHREVEPORT CLIMATE NORMALS FOR TODAY
                         NORMAL    RECORD    YEAR
 MAXIMUM TEMPERATURE (F)   78        93      1972
 MINIMUM TEMPERATURE (F)   54        34      1977


SUNRISE AND SUNSET
OCTOBER 17 2017.......SUNRISE   721 AM CDT   SUNSET   640 PM CDT
OCTOBER 18 2017.......SUNRISE   722 AM CDT   SUNSET   639 PM CDT


-  INDICATES NEGATIVE NUMBERS.
R  INDICATES RECORD WAS SET OR TIED.
MM INDICATES DATA IS MISSING.
T  INDICATES TRACE AMOUNT.




$$
