012
CDUS44 KSHV 220732
CLISHV


CLIMATE REPORT
NATIONAL WEATHER SERVICE SHREVEPORT, LA
232 AM CDT FRI MAY 22 2015


...................................

...THE SHREVEPORT CLIMATE SUMMARY FOR MAY 21 2015...

CLIMATE NORMAL PERIOD 1981 TO 2010
CLIMATE RECORD PERIOD 1874 TO 2015


WEATHER ITEM   OBSERVED TIME   RECORD YEAR NORMAL DEPARTURE LAST
                VALUE   (LST)  VALUE       VALUE  FROM      YEAR
                                                  NORMAL
..................................................................
TEMPERATURE (F)
 YESTERDAY
  MAXIMUM         77   1216 AM  94    1990  85     -8       86
                                      1875
  MINIMUM         59   1159 PM  49    1981  64     -5       68
  AVERAGE         68                        75     -7       77

PRECIPITATION (IN)
  YESTERDAY        1.06          2.19 1983   0.15   0.91     0.00
  MONTH TO DATE    7.97                      3.34   4.63     4.84
  SINCE DEC 1     36.92                     25.39  11.53    21.37
  SINCE JAN 1     33.17                     20.62  12.55    16.39

SNOWFALL (IN)
  YESTERDAY        0.0
  MONTH TO DATE    0.0
  SINCE MAR 1      0.4
  SINCE JUL 1      4.5
  SNOW DEPTH       0

DEGREE DAYS
 HEATING
  YESTERDAY        0                         0      0        0
  MONTH TO DATE    0                         5     -5       24
  SINCE MAR 1    291                       342    -51      456
  SINCE JUL 1   2291                      2224     67     2567

 COOLING
  YESTERDAY        3                        10     -7       12
  MONTH TO DATE  201                       154     47      136
  SINCE MAR 1    368                       279     89      251
  SINCE JAN 1    368                       289     79      257
..................................................................


WIND (MPH)
  HIGHEST WIND SPEED    23   HIGHEST WIND DIRECTION     N (10)
  HIGHEST GUST SPEED    28   HIGHEST GUST DIRECTION    NE (30)
  AVERAGE WIND SPEED    10.5


SKY COVER
  POSSIBLE SUNSHINE  MM
  AVERAGE SKY COVER 1.0


WEATHER CONDITIONS
 THE FOLLOWING WEATHER WAS RECORDED YESTERDAY.
  THUNDERSTORM
  HEAVY RAIN
  LIGHT RAIN
  FOG


RELATIVE HUMIDITY (PERCENT)
 HIGHEST    93           900 AM
 LOWEST     76          1200 AM
 AVERAGE    85

..........................................................


THE SHREVEPORT CLIMATE NORMALS FOR TODAY
                         NORMAL    RECORD    YEAR
 MAXIMUM TEMPERATURE (F)   85        96      1875
 MINIMUM TEMPERATURE (F)   64        46      1892


SUNRISE AND SUNSET
MAY 22 2015...........SUNRISE   613 AM CDT   SUNSET   811 PM CDT
MAY 23 2015...........SUNRISE   612 AM CDT   SUNSET   812 PM CDT


-  INDICATES NEGATIVE NUMBERS.
R  INDICATES RECORD WAS SET OR TIED.
MM INDICATES DATA IS MISSING.
T  INDICATES TRACE AMOUNT.




$$
