000
CDUS44 KSHV 220832
CLISHV


CLIMATE REPORT
NATIONAL WEATHER SERVICE SHREVEPORT, LA
231 AM CST SAT NOV 22 2014


...................................

...THE SHREVEPORT CLIMATE SUMMARY FOR NOVEMBER 21 2014...

CLIMATE NORMAL PERIOD 1981 TO 2010
CLIMATE RECORD PERIOD 1874 TO 2014


WEATHER ITEM   OBSERVED TIME   RECORD YEAR NORMAL DEPARTURE LAST
                VALUE   (LST)  VALUE       VALUE  FROM      YEAR
                                                  NORMAL
..................................................................
TEMPERATURE (F)
 YESTERDAY
  MAXIMUM         61    603 PM  83    2011  65     -4       75
                                      1967
  MINIMUM         54   1014 PM  26    1937  43     11       56
  AVERAGE         58                        54      4       66

PRECIPITATION (IN)
  YESTERDAY        0.63          3.80 1979   0.14   0.49     0.07
  MONTH TO DATE    2.71                      3.19  -0.48     0.77
  SINCE DEC 1     40.73                     50.07  -9.34    49.72
  SINCE JAN 1     35.75                     45.30  -9.55    44.06

SNOWFALL (IN)
  YESTERDAY        0.0
  MONTH TO DATE    T
  SINCE SEP 1      T
  SINCE JUL 1      T
  SNOW DEPTH       0

DEGREE DAYS
 HEATING
  YESTERDAY        7                        11     -4        0
  MONTH TO DATE  307                       171    136      171
  SINCE SEP 1    330                       257     73      209
  SINCE JUL 1    330                       257     73      209

 COOLING
  YESTERDAY        0                         0      0        1
  MONTH TO DATE    3                        23    -20       14
  SINCE SEP 1    596                       510     86      661
  SINCE JAN 1   2488                      2472     16     2706
..................................................................


WIND (MPH)
  HIGHEST WIND SPEED    15   HIGHEST WIND DIRECTION    SE (150)
  HIGHEST GUST SPEED    23   HIGHEST GUST DIRECTION     S (200)
  AVERAGE WIND SPEED     7.4


SKY COVER
  POSSIBLE SUNSHINE  MM
  AVERAGE SKY COVER 0.9


WEATHER CONDITIONS
 THE FOLLOWING WEATHER WAS RECORDED YESTERDAY.
  HEAVY RAIN
  RAIN
  LIGHT RAIN
  FOG


RELATIVE HUMIDITY (PERCENT)
 HIGHEST    93           200 AM
 LOWEST     75           800 PM
 AVERAGE    84

..........................................................


THE SHREVEPORT CLIMATE NORMALS FOR TODAY
                         NORMAL    RECORD    YEAR
 MAXIMUM TEMPERATURE (F)   65        83      1900
 MINIMUM TEMPERATURE (F)   43        25      1898


SUNRISE AND SUNSET
NOVEMBER 22 2014......SUNRISE   651 AM CST   SUNSET   511 PM CST
NOVEMBER 23 2014......SUNRISE   652 AM CST   SUNSET   511 PM CST


-  INDICATES NEGATIVE NUMBERS.
R  INDICATES RECORD WAS SET OR TIED.
MM INDICATES DATA IS MISSING.
T  INDICATES TRACE AMOUNT.




$$
