000
CDUS44 KSHV 210858
CLISHV


CLIMATE REPORT
NATIONAL WEATHER SERVICE SHREVEPORT, LA
257 AM CST WED FEB 21 2018


...................................

...THE SHREVEPORT CLIMATE SUMMARY FOR FEBRUARY 20 2018...

CLIMATE NORMAL PERIOD 1981 TO 2010
CLIMATE RECORD PERIOD 1874 TO 2018


WEATHER ITEM   OBSERVED TIME   RECORD YEAR NORMAL DEPARTURE LAST
                VALUE   (LST)  VALUE       VALUE  FROM      YEAR
                                                  NORMAL
..................................................................
TEMPERATURE (F)
 YESTERDAY
  MAXIMUM         81    403 PM  89    1986  63     18       69
  MINIMUM         68    742 AM  22    1978  41     27       59
  AVERAGE         75                        52     23       64

PRECIPITATION (IN)
  YESTERDAY        T             1.92 1932   0.17  -0.17     0.44
  MONTH TO DATE    3.68                      3.44   0.24     1.37
  SINCE DEC 1      9.21                     12.41  -3.20     7.07
  SINCE JAN 1      5.09                      7.64  -2.55     3.93

SNOWFALL (IN)
  YESTERDAY        0.0
  MONTH TO DATE    0.0
  SINCE DEC 1      1.8
  SINCE JUL 1      1.8
  SNOW DEPTH       0

DEGREE DAYS
 HEATING
  YESTERDAY        0                        13    -13        1
  MONTH TO DATE  275                       310    -35      133
  SINCE DEC 1   1449                      1411     38      851
  SINCE JUL 1   1722                      1782    -60     1005

 COOLING
  YESTERDAY       10                         0     10        0
  MONTH TO DATE   24                         0     24       32
  SINCE DEC 1     30                        11     19       79
  SINCE JAN 1     27                         4     23       54
..................................................................


WIND (MPH)
  HIGHEST WIND SPEED    30   HIGHEST WIND DIRECTION     S (170)
  HIGHEST GUST SPEED    37   HIGHEST GUST DIRECTION     S (170)
  AVERAGE WIND SPEED    14.9


SKY COVER
  POSSIBLE SUNSHINE  MM
  AVERAGE SKY COVER 0.9


WEATHER CONDITIONS
 THE FOLLOWING WEATHER WAS RECORDED YESTERDAY.
  LIGHT RAIN


RELATIVE HUMIDITY (PERCENT)
 HIGHEST    93           800 PM
 LOWEST     58           300 PM
 AVERAGE    76

..........................................................


THE SHREVEPORT CLIMATE NORMALS FOR TODAY
                         NORMAL    RECORD    YEAR
 MAXIMUM TEMPERATURE (F)   63        87      1996
 MINIMUM TEMPERATURE (F)   41        19      1978


SUNRISE AND SUNSET
FEBRUARY 21 2018......SUNRISE   652 AM CST   SUNSET   606 PM CST
FEBRUARY 22 2018......SUNRISE   651 AM CST   SUNSET   607 PM CST


-  INDICATES NEGATIVE NUMBERS.
R  INDICATES RECORD WAS SET OR TIED.
MM INDICATES DATA IS MISSING.
T  INDICATES TRACE AMOUNT.




$$
