000
CDUS44 KSHV 170744
CLISHV


CLIMATE REPORT
NATIONAL WEATHER SERVICE SHREVEPORT, LA
244 AM CDT THU AUG 17 2017


...................................

...THE SHREVEPORT CLIMATE SUMMARY FOR AUGUST 16 2017...

CLIMATE NORMAL PERIOD 1981 TO 2010
CLIMATE RECORD PERIOD 1874 TO 2017


WEATHER ITEM   OBSERVED TIME   RECORD YEAR NORMAL DEPARTURE LAST
                VALUE   (LST)  VALUE       VALUE  FROM      YEAR
                                                  NORMAL
..................................................................
TEMPERATURE (F)
 YESTERDAY
  MAXIMUM         95    247 PM 107    2011  94      1       84
  MINIMUM         77    553 AM  59    1992  72      5       73
  AVERAGE         86                        83      3       79

PRECIPITATION (IN)
  YESTERDAY        0.00          1.55 1964   0.09  -0.09     1.40
  MONTH TO DATE    3.90                      1.46   2.44     2.59
  SINCE DEC 1     29.44                     37.49  -8.05    48.04
  SINCE JAN 1     26.30                     32.72  -6.42    45.15

SNOWFALL (IN)
  YESTERDAY        0.0
  MONTH TO DATE    0.0
  SINCE JUN 1      0.0
  SINCE JUL 1      0.0
  SNOW DEPTH       0

DEGREE DAYS
 HEATING
  YESTERDAY        0                         0      0        0
  MONTH TO DATE    0                         0      0        0
  SINCE JUN 1      0                         0      0        0
  SINCE JUL 1      0                         0      0        0

 COOLING
  YESTERDAY       21                        18      3       14
  MONTH TO DATE  280                       301    -21      332
  SINCE JUN 1   1324                      1304     20     1509
  SINCE JAN 1   1866                      1702    164     1969
..................................................................


WIND (MPH)
  HIGHEST WIND SPEED    17   HIGHEST WIND DIRECTION     S (180)
  HIGHEST GUST SPEED    23   HIGHEST GUST DIRECTION    SW (220)
  AVERAGE WIND SPEED     9.5


SKY COVER
  POSSIBLE SUNSHINE  MM
  AVERAGE SKY COVER 0.5


WEATHER CONDITIONS
 THE FOLLOWING WEATHER WAS RECORDED YESTERDAY.
  NO SIGNIFICANT WEATHER WAS OBSERVED.


RELATIVE HUMIDITY (PERCENT)
 HIGHEST   100           400 AM
 LOWEST     52           100 PM
 AVERAGE    76

..........................................................


THE SHREVEPORT CLIMATE NORMALS FOR TODAY
                         NORMAL    RECORD    YEAR
 MAXIMUM TEMPERATURE (F)   94       109      2011
 MINIMUM TEMPERATURE (F)   72        53      1992


SUNRISE AND SUNSET
AUGUST 17 2017........SUNRISE   641 AM CDT   SUNSET   757 PM CDT
AUGUST 18 2017........SUNRISE   641 AM CDT   SUNSET   756 PM CDT


-  INDICATES NEGATIVE NUMBERS.
R  INDICATES RECORD WAS SET OR TIED.
MM INDICATES DATA IS MISSING.
T  INDICATES TRACE AMOUNT.




$$
