000
CDUS44 KSHV 102241
CLISHV


CLIMATE REPORT
NATIONAL WEATHER SERVICE SHREVEPORT, LA
441 PM CST SUN DEC 10 2017


...................................

...THE SHREVEPORT CLIMATE SUMMARY FOR DECEMBER 10 2017...
VALID TODAY AS OF 0400 PM LOCAL TIME.

CLIMATE NORMAL PERIOD 1981 TO 2010
CLIMATE RECORD PERIOD 1874 TO 2017


WEATHER ITEM   OBSERVED TIME   RECORD YEAR NORMAL DEPARTURE LAST
                VALUE   (LST)  VALUE       VALUE  FROM      YEAR
                                                  NORMAL
..................................................................
TEMPERATURE (F)
 TODAY
  MAXIMUM         65    330 PM  78    1939  59      6       51
  MINIMUM         27    727 AM  17    1978  38    -11       31
  AVERAGE         46                        49     -3       41

PRECIPITATION (IN)
  TODAY            0.00          2.52 1983   0.16  -0.16     0.00
  MONTH TO DATE    0.27                      1.62  -1.35     2.62
  SINCE DEC 1      0.27                      1.62  -1.35     2.62
  SINCE JAN 1     32.93                     48.26 -15.33    58.49

SNOWFALL (IN)
  TODAY            0.0
  MONTH TO DATE    0.0
  SINCE DEC 1      0.0
  SINCE JUL 1      0.0
  SNOW DEPTH       0

DEGREE DAYS
 HEATING
  TODAY           19                        16      3       24
  MONTH TO DATE  133                       153    -20      179
  SINCE DEC 1    133                       153    -20      179
  SINCE JUL 1    406                       524   -118      333

 COOLING
  TODAY            0                         0      0        0
  MONTH TO DATE    3                         0      3        0
  SINCE DEC 1      3                         0      3        0
  SINCE JAN 1   2755                      2474    281     3009
..................................................................


WIND (MPH)
  HIGHEST WIND SPEED    16   HIGHEST WIND DIRECTION     W (250)
  HIGHEST GUST SPEED    20   HIGHEST GUST DIRECTION     W (250)
  AVERAGE WIND SPEED     4.6


SKY COVER
  POSSIBLE SUNSHINE  MM
  AVERAGE SKY COVER 0.1


WEATHER CONDITIONS
 THE FOLLOWING WEATHER WAS RECORDED TODAY.
  NO SIGNIFICANT WEATHER WAS OBSERVED.


RELATIVE HUMIDITY (PERCENT)
 HIGHEST    92           400 AM
 LOWEST     24           200 PM
 AVERAGE    58

..........................................................


THE SHREVEPORT CLIMATE NORMALS FOR TOMORROW
                         NORMAL    RECORD    YEAR
 MAXIMUM TEMPERATURE (F)   59        81      2015
 MINIMUM TEMPERATURE (F)   38        20      1898


SUNRISE AND SUNSET
DECEMBER 10 2017......SUNRISE   706 AM CST   SUNSET   510 PM CST
DECEMBER 11 2017......SUNRISE   707 AM CST   SUNSET   510 PM CST


-  INDICATES NEGATIVE NUMBERS.
R  INDICATES RECORD WAS SET OR TIED.
MM INDICATES DATA IS MISSING.
T  INDICATES TRACE AMOUNT.




$$
