000
CDUS46 KMFR 240836
CLISIY


CLIMATE REPORT
NATIONAL WEATHER SERVICE MEDFORD, OR
136 AM PDT SAT SEP 24 2016


...................................

...THE MONTAGUE CA CLIMATE SUMMARY FOR SEPTEMBER 23 2016...

CLIMATE NORMAL PERIOD 1981 TO 2010
CLIMATE RECORD PERIOD 1948 TO 2016


WEATHER ITEM   OBSERVED TIME   RECORD YEAR NORMAL DEPARTURE LAST
                VALUE   (LST)  VALUE       VALUE  FROM      YEAR
                                                  NORMAL
..................................................................
TEMPERATURE (F)
 YESTERDAY
  MAXIMUM         61    412 PM  98    2009  79    -18       84
  MINIMUM         34    627 AM  32    1955  41     -7       42
  AVERAGE         48                        60    -12       63

PRECIPITATION (IN)
  YESTERDAY        T             0.43 1983   0.03  -0.03     0.00
  MONTH TO DATE    0.18                      0.42  -0.24      T
  SINCE OCT 1     15.32                     18.25  -2.93    13.13
  SINCE JAN 1     10.23                     11.42  -1.19     7.22

SNOWFALL (IN)
  YESTERDAY       MM                        MM     MM       MM
  MONTH TO DATE   MM                        MM     MM       MM
  SINCE JUL 1     MM                        MM     MM       MM
  SNOW DEPTH      MM

DEGREE DAYS
 HEATING
  YESTERDAY       17                         6     11        2
  MONTH TO DATE   84                        77      7       79
  SINCE SEP 1     84                        77      7       79
  SINCE JUL 1     97                        94      3       80

 COOLING
  YESTERDAY        0                         1     -1        0
  MONTH TO DATE   21                        39    -18       69
  SINCE SEP 1     21                        39    -18       69
  SINCE JAN 1    675                       540    135      906
..................................................................


WIND (MPH)
  HIGHEST WIND SPEED    13   HIGHEST WIND DIRECTION     N (350)
  HIGHEST GUST SPEED    15   HIGHEST GUST DIRECTION     N (350)
  AVERAGE WIND SPEED     3.6


SKY COVER
  POSSIBLE SUNSHINE  MM
  AVERAGE SKY COVER 0.6


WEATHER CONDITIONS
 THE FOLLOWING WEATHER WAS RECORDED YESTERDAY.
  NO SIGNIFICANT WEATHER WAS OBSERVED.


RELATIVE HUMIDITY (PERCENT)
 HIGHEST    96           500 AM
 LOWEST     44           200 PM

..........................................................


THE MONTAGUE CA CLIMATE NORMALS FOR TODAY
                         NORMAL    RECORD    YEAR
 MAXIMUM TEMPERATURE (F)   79        95      2009
                                             2003
 MINIMUM TEMPERATURE (F)   41        30      2007
                                             1958


SUNRISE AND SUNSET
SEPTEMBER 24 2016.....SUNRISE   700 AM PDT   SUNSET   703 PM PDT
SEPTEMBER 25 2016.....SUNRISE   701 AM PDT   SUNSET   701 PM PDT


-  INDICATES NEGATIVE NUMBERS.
R  INDICATES RECORD WAS SET OR TIED.
MM INDICATES DATA IS MISSING.
T  INDICATES TRACE AMOUNT.




$$
