000
CDUS46 KMFR 290854
CLISIY


CLIMATE REPORT
NATIONAL WEATHER SERVICE MEDFORD, OR
154 AM PDT MON JUN 29 2015


...................................

...THE MONTAGUE CA CLIMATE SUMMARY FOR JUNE 28 2015...

CLIMATE NORMAL PERIOD 1981 TO 2010
CLIMATE RECORD PERIOD 1948 TO 2015


WEATHER ITEM   OBSERVED TIME   RECORD YEAR NORMAL DEPARTURE LAST
                VALUE   (LST)  VALUE       VALUE  FROM      YEAR
                                                  NORMAL
..................................................................
TEMPERATURE (F)
 YESTERDAY
  MAXIMUM         94    538 PM 100    1973  85      9       86
  MINIMUM         65   1135 PM  34    1949  51     14       47
  AVERAGE         80                        68     12       67

PRECIPITATION (IN)
  YESTERDAY        T             0.36 1952   0.02  -0.02     0.00
  MONTH TO DATE    0.36                      0.68  -0.32     0.20
  SINCE OCT 1     12.32                     17.01  -4.69     6.67
  SINCE JAN 1      6.41                     10.18  -3.77     6.03

SNOWFALL (IN)
  YESTERDAY       MM                        MM     MM       MM
  MONTH TO DATE   MM                        MM     MM       MM
  SINCE JUL 1     MM                        MM     MM        0.0
  SNOW DEPTH      MM

DEGREE DAYS
 HEATING
  YESTERDAY        0                         1     -1        0
  MONTH TO DATE   17                        92    -75       46
  SINCE JUN 1     17                        92    -75       46
  SINCE JUL 1   4356                      5481  -1125     5281

 COOLING
  YESTERDAY       15                         4     11        2
  MONTH TO DATE  206                        50    156       67
  SINCE JUN 1    206                        50    156       67
  SINCE JAN 1    221                        63    158       74
..................................................................


WIND (MPH)
  HIGHEST WIND SPEED    22   HIGHEST WIND DIRECTION     S (170)
  HIGHEST GUST SPEED    27   HIGHEST GUST DIRECTION     S (170)
  AVERAGE WIND SPEED     6.6


SKY COVER
  POSSIBLE SUNSHINE  MM
  AVERAGE SKY COVER 0.0


WEATHER CONDITIONS
 THE FOLLOWING WEATHER WAS RECORDED YESTERDAY.
  LIGHT RAIN


RELATIVE HUMIDITY (PERCENT)
 HIGHEST    41           600 AM
 LOWEST     18           200 PM

..........................................................


THE MONTAGUE CA CLIMATE NORMALS FOR TODAY
                         NORMAL    RECORD    YEAR
 MAXIMUM TEMPERATURE (F)   86        98      2008
                                             1950
 MINIMUM TEMPERATURE (F)   51        33      1955


SUNRISE AND SUNSET
JUNE 29 2015..........SUNRISE   538 AM PDT   SUNSET   849 PM PDT
JUNE 30 2015..........SUNRISE   538 AM PDT   SUNSET   849 PM PDT


-  INDICATES NEGATIVE NUMBERS.
R  INDICATES RECORD WAS SET OR TIED.
MM INDICATES DATA IS MISSING.
T  INDICATES TRACE AMOUNT.




$$
