000
CDUS46 KMFR 200839
CLISIY


CLIMATE REPORT
NATIONAL WEATHER SERVICE MEDFORD, OR
138 AM PDT SAT SEP 20 2014


...................................

...THE MONTAGUE CA CLIMATE SUMMARY FOR SEPTEMBER 19 2014...

CLIMATE NORMAL PERIOD 1981 TO 2010
CLIMATE RECORD PERIOD 1948 TO 2014


WEATHER ITEM   OBSERVED TIME   RECORD YEAR NORMAL DEPARTURE LAST
                VALUE   (LST)  VALUE       VALUE  FROM      YEAR
                                                  NORMAL
..................................................................
TEMPERATURE (F)
 YESTERDAY
  MAXIMUM         89    432 PM  99    1952  81      8       84
  MINIMUM         49    607 AM  32    1978  42      7       34
  AVERAGE         69                        61      8       59

PRECIPITATION (IN)
  YESTERDAY        0.00          0.45 1961   0.03  -0.03     0.00
  MONTH TO DATE    T                         0.30  -0.30     0.02
  SINCE SEP 1      T                         0.30  -0.30     0.02
  SINCE JAN 1      6.17                     11.30  -5.13     4.35

SNOWFALL (IN)
  YESTERDAY       MM                        MM     MM       MM
  MONTH TO DATE   MM                        MM     MM       MM
  SINCE JUL 1     MM                        MM     MM       MM
  SNOW DEPTH      MM

DEGREE DAYS
 HEATING
  YESTERDAY        0                         5     -5        6
  MONTH TO DATE    0                        56    -56       27
  SINCE SEP 1      0                        56    -56       27
  SINCE JUL 1      0                        73    -73       27

 COOLING
  YESTERDAY        4                         1      3        0
  MONTH TO DATE   88                        35     53       87
  SINCE SEP 1     88                        35     53       87
  SINCE JAN 1    889                       536    353      776
..................................................................


WIND (MPH)
  HIGHEST WIND SPEED    17   HIGHEST WIND DIRECTION     N (360)
  HIGHEST GUST SPEED    20   HIGHEST GUST DIRECTION    NW (330)
  AVERAGE WIND SPEED     4.8


SKY COVER
  POSSIBLE SUNSHINE  MM
  AVERAGE SKY COVER 0.0


WEATHER CONDITIONS
 THE FOLLOWING WEATHER WAS RECORDED YESTERDAY.
  NO SIGNIFICANT WEATHER WAS OBSERVED.


RELATIVE HUMIDITY (PERCENT)
 HIGHEST    74           500 AM
 LOWEST     19           400 PM

..........................................................


THE MONTAGUE CA CLIMATE NORMALS FOR TODAY
                         NORMAL    RECORD    YEAR
 MAXIMUM TEMPERATURE (F)   80        97      1974
 MINIMUM TEMPERATURE (F)   42        32      2006
                                             1988


SUNRISE AND SUNSET
SEPTEMBER 20 2014.....SUNRISE   655 AM PDT   SUNSET   710 PM PDT
SEPTEMBER 21 2014.....SUNRISE   656 AM PDT   SUNSET   709 PM PDT


-  INDICATES NEGATIVE NUMBERS.
R  INDICATES RECORD WAS SET OR TIED.
MM INDICATES DATA IS MISSING.
T  INDICATES TRACE AMOUNT.




$$
