000
CDUS46 KMFR 190039
CLISIY


CLIMATE REPORT
NATIONAL WEATHER SERVICE MEDFORD, OR
538 PM PDT WED OCT 18 2017


...................................

...THE MONTAGUE CA CLIMATE SUMMARY FOR OCTOBER 18 2017...
VALID TODAY AS OF 0500 PM LOCAL TIME.

CLIMATE NORMAL PERIOD 1981 TO 2010
CLIMATE RECORD PERIOD 1948 TO 2017


WEATHER ITEM   OBSERVED TIME   RECORD YEAR NORMAL DEPARTURE LAST
                VALUE   (LST)  VALUE       VALUE  FROM      YEAR
                                                  NORMAL
..................................................................
TEMPERATURE (F)
 TODAY
  MAXIMUM         77    355 PM  84    1988  67     10       58
  MINIMUM         31    654 AM  25    1949  36     -5       37
  AVERAGE         54                        51      3       48

PRECIPITATION (IN)
  TODAY            0.00          0.63 1953   0.04  -0.04     0.18
  MONTH TO DATE    T                         0.46  -0.46     2.57
  SINCE OCT 1      T                         0.46  -0.46     2.57
  SINCE JAN 1      7.77                     12.10  -4.33    12.80

SNOWFALL (IN)
  TODAY           MM                        MM     MM       MM
  MONTH TO DATE   MM                        MM     MM       MM
  SINCE JUL 1     MM                        MM     MM       MM
  SNOW DEPTH      MM

DEGREE DAYS
 HEATING
  TODAY           11                        14     -3       17
  MONTH TO DATE  267                       194     73      228
  SINCE SEP 1    395                       319     76      328
  SINCE JUL 1    395                       336     59      341

 COOLING
  TODAY            0                         0      0        0
  MONTH TO DATE    0                         0      0        0
  SINCE SEP 1     85                        41     44       35
  SINCE JAN 1    902                       542    360      689
..................................................................


WIND (MPH)
  HIGHEST WIND SPEED     6   HIGHEST WIND DIRECTION     S (180)
  HIGHEST GUST SPEED     7   HIGHEST GUST DIRECTION     S (180)
  AVERAGE WIND SPEED     1.6


SKY COVER
  POSSIBLE SUNSHINE  MM
  AVERAGE SKY COVER 0.0


WEATHER CONDITIONS
 THE FOLLOWING WEATHER WAS RECORDED TODAY.
  LIGHT SNOW


RELATIVE HUMIDITY (PERCENT)
 HIGHEST    63           700 AM
 LOWEST     12           400 PM

..........................................................


THE MONTAGUE CA CLIMATE NORMALS FOR TOMORROW
                         NORMAL    RECORD    YEAR
 MAXIMUM TEMPERATURE (F)   66        82      1974
 MINIMUM TEMPERATURE (F)   36        24      1957


SUNRISE AND SUNSET
OCTOBER 18 2017.......SUNRISE   726 AM PDT   SUNSET   623 PM PDT
OCTOBER 19 2017.......SUNRISE   727 AM PDT   SUNSET   622 PM PDT


-  INDICATES NEGATIVE NUMBERS.
R  INDICATES RECORD WAS SET OR TIED.
MM INDICATES DATA IS MISSING.
T  INDICATES TRACE AMOUNT.




$$
