000
CDUS46 KMFR 180835
CLISIY


CLIMATE REPORT
NATIONAL WEATHER SERVICE MEDFORD, OR
1235 AM PST MON DEC 18 2017


...................................

...THE MONTAGUE CA CLIMATE SUMMARY FOR DECEMBER 17 2017...

CLIMATE NORMAL PERIOD 1981 TO 2010
CLIMATE RECORD PERIOD 1948 TO 2017


WEATHER ITEM   OBSERVED TIME   RECORD YEAR NORMAL DEPARTURE LAST
                VALUE   (LST)  VALUE       VALUE  FROM      YEAR
                                                  NORMAL
..................................................................
TEMPERATURE (F)
 YESTERDAY
  MAXIMUM         44    313 PM  60    1994  44      0       36
  MINIMUM         18    731 AM   0    2008  26     -8       16
  AVERAGE         31                        35     -4       26

PRECIPITATION (IN)
  YESTERDAY        0.00          2.07 1982   0.09  -0.09     0.00
  MONTH TO DATE    0.17                      1.43  -1.26     2.06
  SINCE OCT 1      2.18                      5.60  -3.42     8.04
  SINCE JAN 1      9.95                     17.24  -7.29    18.27

SNOWFALL (IN)
  YESTERDAY       MM                        MM     MM       MM
  MONTH TO DATE   MM                        MM     MM       MM
  SINCE JUL 1     MM                        MM     MM       MM
  SNOW DEPTH      MM

DEGREE DAYS
 HEATING
  YESTERDAY       34                        30      4       39
  MONTH TO DATE  572                       508     64      515
  SINCE DEC 1    572                       508     64      515
  SINCE JUL 1   1802                      1814    -12     1645

 COOLING
  YESTERDAY        0                         0      0        0
  MONTH TO DATE    0                         0      0        0
  SINCE DEC 1      0                         0      0        0
  SINCE JAN 1    902                       544    358      689
..................................................................


WIND (MPH)
  HIGHEST WIND SPEED     8   HIGHEST WIND DIRECTION    SW (240)
  HIGHEST GUST SPEED     9   HIGHEST GUST DIRECTION    SW (240)
  AVERAGE WIND SPEED     1.8


SKY COVER
  POSSIBLE SUNSHINE  MM
  AVERAGE SKY COVER 0.0


WEATHER CONDITIONS
 THE FOLLOWING WEATHER WAS RECORDED YESTERDAY.
  NO SIGNIFICANT WEATHER WAS OBSERVED.


RELATIVE HUMIDITY (PERCENT)
 HIGHEST    91           400 AM
 LOWEST     43           200 PM

..........................................................


THE MONTAGUE CA CLIMATE NORMALS FOR TODAY
                         NORMAL    RECORD    YEAR
 MAXIMUM TEMPERATURE (F)   44        53      1976
 MINIMUM TEMPERATURE (F)   26        13      2008
                                             1965


SUNRISE AND SUNSET
DECEMBER 18 2017......SUNRISE   732 AM PST   SUNSET   441 PM PST
DECEMBER 19 2017......SUNRISE   733 AM PST   SUNSET   441 PM PST


-  INDICATES NEGATIVE NUMBERS.
R  INDICATES RECORD WAS SET OR TIED.
MM INDICATES DATA IS MISSING.
T  INDICATES TRACE AMOUNT.




$$
