000
CDUS46 KMFR 250836
CLISIY


CLIMATE REPORT
NATIONAL WEATHER SERVICE MEDFORD, OR
135 AM PDT WED MAY 25 2016


...................................

...THE MONTAGUE CA CLIMATE SUMMARY FOR MAY 24 2016...

CLIMATE NORMAL PERIOD 1981 TO 2010
CLIMATE RECORD PERIOD 1948 TO 2016


WEATHER ITEM   OBSERVED TIME   RECORD YEAR NORMAL DEPARTURE LAST
                VALUE   (LST)  VALUE       VALUE  FROM      YEAR
                                                  NORMAL
..................................................................
TEMPERATURE (F)
 YESTERDAY
  MAXIMUM         75    210 PM  98    1992  74      1       81
  MINIMUM         42    138 AM  30    2011  42      0       42
  AVERAGE         59                        58      1       62

PRECIPITATION (IN)
  YESTERDAY        0.13          0.19 1958   0.03   0.10     0.00
  MONTH TO DATE    0.78                      1.27  -0.49     0.92
  SINCE OCT 1     13.89                     16.18  -2.29    11.96
  SINCE JAN 1      8.80                      9.35  -0.55     6.05

SNOWFALL (IN)
  YESTERDAY       MM                        MM     MM       MM
  MONTH TO DATE   MM                        MM     MM       MM
  SINCE JUL 1     MM                        MM     MM       MM
  SNOW DEPTH      MM

DEGREE DAYS
 HEATING
  YESTERDAY        6                         8     -2        3
  MONTH TO DATE  176                       241    -65      214
  SINCE MAR 1   1120                      1462   -342     1194
  SINCE JUL 1   4537                      5339   -802     4336

 COOLING
  YESTERDAY        0                         1     -1        0
  MONTH TO DATE    1                         9     -8        0
  SINCE MAR 1      1                         9     -8        0
  SINCE JAN 1      1                         9     -8        0
..................................................................


WIND (MPH)
  HIGHEST WIND SPEED    21   HIGHEST WIND DIRECTION    NW (320)
  HIGHEST GUST SPEED    25   HIGHEST GUST DIRECTION     N (10)
  AVERAGE WIND SPEED     6.6


SKY COVER
  POSSIBLE SUNSHINE  MM
  AVERAGE SKY COVER 0.6


WEATHER CONDITIONS
 THE FOLLOWING WEATHER WAS RECORDED YESTERDAY.
  RAIN
  LIGHT RAIN


RELATIVE HUMIDITY (PERCENT)
 HIGHEST    89           100 AM
 LOWEST     29           200 PM

..........................................................


THE MONTAGUE CA CLIMATE NORMALS FOR TODAY
                         NORMAL    RECORD    YEAR
 MAXIMUM TEMPERATURE (F)   74        95      1983
 MINIMUM TEMPERATURE (F)   42        32      1989


SUNRISE AND SUNSET
MAY 25 2016...........SUNRISE   541 AM PDT   SUNSET   833 PM PDT
MAY 26 2016...........SUNRISE   540 AM PDT   SUNSET   834 PM PDT


-  INDICATES NEGATIVE NUMBERS.
R  INDICATES RECORD WAS SET OR TIED.
MM INDICATES DATA IS MISSING.
T  INDICATES TRACE AMOUNT.




$$
