632
CDUS46 KMFR 270836
CLISIY


CLIMATE REPORT
NATIONAL WEATHER SERVICE MEDFORD, OR
1236 AM PST MON FEB 27 2017


...................................

...THE MONTAGUE CA CLIMATE SUMMARY FOR FEBRUARY 26 2017...

CLIMATE NORMAL PERIOD 1981 TO 2010
CLIMATE RECORD PERIOD 1948 TO 2017


WEATHER ITEM   OBSERVED TIME   RECORD YEAR NORMAL DEPARTURE LAST
                VALUE   (LST)  VALUE       VALUE  FROM      YEAR
                                                  NORMAL
..................................................................
TEMPERATURE (F)
 YESTERDAY
  MAXIMUM         45    140 PM  70    1992  54     -9       61
  MINIMUM         15    621 AM  13    2011  29    -14       34
  AVERAGE         30                        42    -12       48

PRECIPITATION (IN)
  YESTERDAY        T             1.07 1976   0.09  -0.09     0.14
  MONTH TO DATE    2.68                      1.86   0.82     1.23
  SINCE OCT 1     12.52                     10.89   1.63     9.89
  SINCE JAN 1      4.31                      4.06   0.25     4.80

SNOWFALL (IN)
  YESTERDAY       MM                        MM     MM       MM
  MONTH TO DATE   MM                        MM     MM       MM
  SINCE JUL 1     MM                        MM     MM       MM
  SNOW DEPTH      MM

DEGREE DAYS
 HEATING
  YESTERDAY       35                        23     12       17
  MONTH TO DATE  630                       678    -48      573
  SINCE DEC 1   2707                      2524    183     2266
  SINCE JUL 1   3837                      3830      7     3349

 COOLING
  YESTERDAY        0                         0      0        0
  MONTH TO DATE    0                         0      0        0
  SINCE DEC 1      0                         0      0        0
  SINCE JAN 1      0                         0      0        0
..................................................................


WIND (MPH)
  HIGHEST WIND SPEED    26   HIGHEST WIND DIRECTION     W (250)
  HIGHEST GUST SPEED    33   HIGHEST GUST DIRECTION     W (250)
  AVERAGE WIND SPEED     6.0


SKY COVER
  POSSIBLE SUNSHINE  MM
  AVERAGE SKY COVER 0.5


WEATHER CONDITIONS
 THE FOLLOWING WEATHER WAS RECORDED YESTERDAY.
  LIGHT SNOW
  FOG


RELATIVE HUMIDITY (PERCENT)
 HIGHEST    92           200 AM
 LOWEST     45           200 PM

..........................................................


THE MONTAGUE CA CLIMATE NORMALS FOR TODAY
                         NORMAL    RECORD    YEAR
 MAXIMUM TEMPERATURE (F)   54        71      1992
 MINIMUM TEMPERATURE (F)   29        10      1962


SUNRISE AND SUNSET
FEBRUARY 27 2017......SUNRISE   647 AM PST   SUNSET   558 PM PST
FEBRUARY 28 2017......SUNRISE   646 AM PST   SUNSET   600 PM PST


-  INDICATES NEGATIVE NUMBERS.
R  INDICATES RECORD WAS SET OR TIED.
MM INDICATES DATA IS MISSING.
T  INDICATES TRACE AMOUNT.




$$
