910
CDUS46 KMTR 290028
CLISJC


CLIMATE REPORT
NATIONAL WEATHER SERVICE SAN FRANCISCO BAY AREA
528 PM PDT FRI APR 28 2017


...................................

...THE SAN JOSE CA CLIMATE SUMMARY FOR APRIL 28 2017...
VALID TODAY AS OF 0500 PM LOCAL TIME.

CLIMATE NORMAL PERIOD 1981 TO 2010
CLIMATE RECORD PERIOD 1893 TO 2017


WEATHER ITEM   OBSERVED TIME   RECORD YEAR NORMAL DEPARTURE LAST
                VALUE   (LST)  VALUE       VALUE  FROM      YEAR
                                                  NORMAL
..................................................................
TEMPERATURE (F)
 TODAY
  MAXIMUM         74    340 PM  91    1981  71      3       73
  MINIMUM         49    541 AM  34    1896  50     -1       49
  AVERAGE         62                        61      1       61

PRECIPITATION (IN)
  TODAY            0.00          1.46 1983   0.03  -0.03     0.00
  MONTH TO DATE    1.68                      1.13   0.55     1.53
  SINCE OCT 1     18.40                     14.94   3.46    14.59
  SINCE JAN 1     14.02                      9.85   4.17     9.89

SNOWFALL (IN)
  TODAY            0.0           0.0  1947
  MONTH TO DATE    0.0
  SINCE MAR 1      0.0
  SINCE JUL 1      0.0

DEGREE DAYS
 HEATING
  TODAY            3                         5     -2        4
  MONTH TO DATE  142                       186    -44      107
  SINCE MAR 1    357                       462   -105      312
  SINCE JUL 1   1788                      2127   -339     1682

 COOLING
  TODAY            0                         1     -1        0
  MONTH TO DATE    0                        11    -11       29
  SINCE MAR 1      2                        13    -11       29
  SINCE JAN 1      2                        13    -11       29
..................................................................


WIND (MPH)
  RESULTANT WIND SPEED   8   RESULTANT WIND DIRECTION   W (290)
  HIGHEST WIND SPEED    21   HIGHEST WIND DIRECTION    NW (300)
  HIGHEST GUST SPEED    26   HIGHEST GUST DIRECTION     W (280)
  AVERAGE WIND SPEED     7.9


SKY COVER
  POSSIBLE SUNSHINE  MM
  AVERAGE SKY COVER 0.4


WEATHER CONDITIONS
 THE FOLLOWING WEATHER WAS RECORDED TODAY.
  NO SIGNIFICANT WEATHER WAS OBSERVED.


RELATIVE HUMIDITY (PERCENT)
 HIGHEST    77           100 AM
 LOWEST     25           300 PM
 AVERAGE    51

..........................................................


THE SAN JOSE CA CLIMATE NORMALS FOR TOMORROW
                         NORMAL    RECORD    YEAR
 MAXIMUM TEMPERATURE (F)   72        93      1981
 MINIMUM TEMPERATURE (F)   50        34      1897


SUNRISE AND SUNSET
APRIL 28 2017.........SUNRISE   616 AM PDT   SUNSET   755 PM PDT
APRIL 29 2017.........SUNRISE   615 AM PDT   SUNSET   756 PM PDT


-  INDICATES NEGATIVE NUMBERS.
R  INDICATES RECORD WAS SET OR TIED.
MM INDICATES DATA IS MISSING.
T  INDICATES TRACE AMOUNT.




$$
