264
CDUS44 KSJT 270707
CLISJT


CLIMATE REPORT
NATIONAL WEATHER SERVICE SAN ANGELO TX
206 AM CDT TUE SEP 27 2016


...................................

...THE SAN ANGELO CLIMATE SUMMARY FOR SEPTEMBER 26 2016...

CLIMATE NORMAL PERIOD 1981 TO 2010
CLIMATE RECORD PERIOD 1907 TO 2016


WEATHER ITEM   OBSERVED TIME   RECORD YEAR NORMAL DEPARTURE LAST
                VALUE   (LST)  VALUE       VALUE  FROM      YEAR
                                                  NORMAL
..................................................................
TEMPERATURE (F)
 YESTERDAY
  MAXIMUM         72    403 PM 106    1977  85    -13       93
  MINIMUM         61    735 AM  38    2000  60      1       58
  AVERAGE         67                        72     -5       76

PRECIPITATION (IN)
  YESTERDAY        0.02          1.11 1936   0.07  -0.05      T
  MONTH TO DATE    5.24                      2.16   3.08     0.45
  SINCE SEP 1      5.24                      2.16   3.08     0.45
  SINCE JAN 1     30.76                     16.23  14.53    20.69

DEGREE DAYS
 HEATING
  YESTERDAY        0                         1     -1        0
  MONTH TO DATE    0                         4     -4        0
  SINCE SEP 1      0                         4     -4        0
  SINCE JUL 1      0                         4     -4        0

 COOLING
  YESTERDAY        2                         8     -6       11
  MONTH TO DATE  385                       300     85      446
  SINCE SEP 1    385                       300     85      446
  SINCE JAN 1   2545                      2336    209     2661
..................................................................


WIND (MPH)
  HIGHEST WIND SPEED    20   HIGHEST WIND DIRECTION     N (20)
  HIGHEST GUST SPEED    25   HIGHEST GUST DIRECTION    NE (30)
  AVERAGE WIND SPEED    10.9


SKY COVER
  POSSIBLE SUNSHINE  MM
  AVERAGE SKY COVER 0.9


WEATHER CONDITIONS
 THE FOLLOWING WEATHER WAS RECORDED YESTERDAY.
  HEAVY RAIN
  RAIN
  LIGHT RAIN
  FOG


RELATIVE HUMIDITY (PERCENT)
 HIGHEST    93           200 AM
 LOWEST     53           400 PM
 AVERAGE    73

..........................................................


THE SAN ANGELO CLIMATE NORMALS FOR TODAY
                         NORMAL    RECORD    YEAR
 MAXIMUM TEMPERATURE (F)   84       104      2011
                                             1953
 MINIMUM TEMPERATURE (F)   60        36      1942


SUNRISE AND SUNSET
SEPTEMBER 27 2016.....SUNRISE   734 AM CDT   SUNSET   731 PM CDT
SEPTEMBER 28 2016.....SUNRISE   734 AM CDT   SUNSET   730 PM CDT


-  INDICATES NEGATIVE NUMBERS.
R  INDICATES RECORD WAS SET OR TIED.
MM INDICATES DATA IS MISSING.
T  INDICATES TRACE AMOUNT.




$$
