000
CDUS44 KSJT 270753
CLISJT


CLIMATE REPORT
NATIONAL WEATHER SERVICE SAN ANGELO TX
152 AM CST MON FEB 27 2017


...................................

...THE SAN ANGELO CLIMATE SUMMARY FOR FEBRUARY 26 2017...

CLIMATE NORMAL PERIOD 1981 TO 2010
CLIMATE RECORD PERIOD 1907 TO 2017


WEATHER ITEM   OBSERVED TIME   RECORD YEAR NORMAL DEPARTURE LAST
                VALUE   (LST)  VALUE       VALUE  FROM      YEAR
                                                  NORMAL
..................................................................
TEMPERATURE (F)
 YESTERDAY
  MAXIMUM         75    251 PM  96    2009  66      9       67
  MINIMUM         37    450 AM  18    1934  40     -3       28
  AVERAGE         56                        53      3       48

PRECIPITATION (IN)
  YESTERDAY        0.00          1.36 1995   0.05  -0.05     0.00
  MONTH TO DATE    1.23                      1.24  -0.01     0.77
  SINCE DEC 1      3.45                      3.02   0.43     3.06
  SINCE JAN 1      2.71                      2.17   0.54     0.80

SNOWFALL (IN)
  YESTERDAY        0.0           0.2  2015   0.0    0.0      0.0
  MONTH TO DATE    0.0                       0.3   -0.3      0.0
  SINCE NOV 1      T                         2.1   -2.1      3.1
  SINCE JUL 1      T                         2.1   -2.1      3.1
  SNOW DEPTH       0

DEGREE DAYS
 HEATING
  YESTERDAY        9                        12     -3       17
  MONTH TO DATE  206                       392   -186      314
  SINCE DEC 1   1155                      1536   -381     1289
  SINCE JUL 1   1323                      1936   -613     1575

 COOLING
  YESTERDAY        0                         0      0        0
  MONTH TO DATE   15                         0     15       10
  SINCE DEC 1     17                         2     15       10
  SINCE JAN 1     16                         1     15       10
..................................................................


WIND (MPH)
  HIGHEST WIND SPEED    25   HIGHEST WIND DIRECTION     S (190)
  HIGHEST GUST SPEED    32   HIGHEST GUST DIRECTION     S (200)
  AVERAGE WIND SPEED    10.1


SKY COVER
  POSSIBLE SUNSHINE  MM
  AVERAGE SKY COVER 0.2


WEATHER CONDITIONS
 THE FOLLOWING WEATHER WAS RECORDED YESTERDAY.
  NO SIGNIFICANT WEATHER WAS OBSERVED.


RELATIVE HUMIDITY (PERCENT)
 HIGHEST    83           800 AM
 LOWEST     27           500 PM
 AVERAGE    55

..........................................................


THE SAN ANGELO CLIMATE NORMALS FOR TODAY
                         NORMAL    RECORD    YEAR
 MAXIMUM TEMPERATURE (F)   66        92      1917
 MINIMUM TEMPERATURE (F)   40        10      1924


SUNRISE AND SUNSET
FEBRUARY 27 2017......SUNRISE   711 AM CST   SUNSET   639 PM CST
FEBRUARY 28 2017......SUNRISE   710 AM CST   SUNSET   640 PM CST


-  INDICATES NEGATIVE NUMBERS.
R  INDICATES RECORD WAS SET OR TIED.
MM INDICATES DATA IS MISSING.
T  INDICATES TRACE AMOUNT.




$$
