000
CDUS44 KSJT 300658
CLISJT


CLIMATE REPORT
NATIONAL WEATHER SERVICE SAN ANGELO TX
158 AM CDT SUN AUG 30 2015


...................................

...THE SAN ANGELO CLIMATE SUMMARY FOR AUGUST 29 2015...

CLIMATE NORMAL PERIOD 1981 TO 2010
CLIMATE RECORD PERIOD 1907 TO 2015


WEATHER ITEM   OBSERVED TIME   RECORD YEAR NORMAL DEPARTURE LAST
                VALUE   (LST)  VALUE       VALUE  FROM      YEAR
                                                  NORMAL
..................................................................
TEMPERATURE (F)
 YESTERDAY
  MAXIMUM         91    333 PM 107    2011  93     -2       95
  MINIMUM         71    634 AM  56    1926  69      2       72
  AVERAGE         81                        81      0       84

PRECIPITATION (IN)
  YESTERDAY        0.00          2.06 1996   0.09  -0.09     0.02
  MONTH TO DATE    1.28                      2.05  -0.77     0.65
  SINCE JUN 1      5.38                      5.84  -0.46     3.71
  SINCE JAN 1     20.24                     13.86   6.38    11.98

DEGREE DAYS
 HEATING
  YESTERDAY        0                         0      0        0
  MONTH TO DATE    0                         0      0        0
  SINCE JUN 1      0                         0      0        0
  SINCE JUL 1      0                         0      0        0

 COOLING
  YESTERDAY       16                        16      0       19
  MONTH TO DATE  642                       520    122      554
  SINCE JUN 1   1716                      1547    169     1617
  SINCE JAN 1   2183                      2007    176     2219
..................................................................


WIND (MPH)
  HIGHEST WIND SPEED    13   HIGHEST WIND DIRECTION    NE (60)
  HIGHEST GUST SPEED    16   HIGHEST GUST DIRECTION     E (70)
  AVERAGE WIND SPEED     5.8


SKY COVER
  POSSIBLE SUNSHINE  MM
  AVERAGE SKY COVER 0.0


WEATHER CONDITIONS
 THE FOLLOWING WEATHER WAS RECORDED YESTERDAY.
  NO SIGNIFICANT WEATHER WAS OBSERVED.


RELATIVE HUMIDITY (PERCENT)
 HIGHEST    61           600 AM
 LOWEST     34           400 PM
 AVERAGE    48

..........................................................


THE SAN ANGELO CLIMATE NORMALS FOR TODAY
                         NORMAL    RECORD    YEAR
 MAXIMUM TEMPERATURE (F)   93       106      2011
                                             1959
 MINIMUM TEMPERATURE (F)   69        57      1917


SUNRISE AND SUNSET
AUGUST 30 2015........SUNRISE   717 AM CDT   SUNSET   808 PM CDT
AUGUST 31 2015........SUNRISE   717 AM CDT   SUNSET   807 PM CDT


-  INDICATES NEGATIVE NUMBERS.
R  INDICATES RECORD WAS SET OR TIED.
MM INDICATES DATA IS MISSING.
T  INDICATES TRACE AMOUNT.




$$
