000
CDUS44 KSJT 270751
CLISJT


CLIMATE REPORT
NATIONAL WEATHER SERVICE SAN ANGELO TX
150 AM CST SAT DEC 27 2014


...................................

...THE SAN ANGELO CLIMATE SUMMARY FOR DECEMBER 26 2014...

CLIMATE NORMAL PERIOD 1981 TO 2010
CLIMATE RECORD PERIOD 1907 TO 2014


WEATHER ITEM   OBSERVED TIME   RECORD YEAR NORMAL DEPARTURE LAST
                VALUE   (LST)  VALUE       VALUE  FROM      YEAR
                                                  NORMAL
..................................................................
TEMPERATURE (F)
 YESTERDAY
  MAXIMUM         74    401 PM  83    2005  59     15       54
  MINIMUM         50   1159 PM  16    1983  33     17       26
  AVERAGE         62                        46     16       40

PRECIPITATION (IN)
  YESTERDAY        0.00          0.32 1939   0.03  -0.03     0.00
  MONTH TO DATE    0.31                      0.69  -0.38     1.15
  SINCE DEC 1      0.31                      0.69  -0.38     1.15
  SINCE JAN 1     16.66                     21.09  -4.43    19.80

SNOWFALL (IN)
  YESTERDAY        0.0           1.5  1939   0.0    0.0      0.0
  MONTH TO DATE    0.0                       0.2   -0.2      1.5
  SINCE NOV 1      T                         0.5   -0.5      1.5
  SINCE JUL 1      T                         0.5   -0.5      1.5
  SNOW DEPTH       0

DEGREE DAYS
 HEATING
  YESTERDAY        3                        19    -16       25
  MONTH TO DATE  261                       468   -207      511
  SINCE DEC 1    261                       468   -207      511
  SINCE JUL 1    631                       868   -237      987

 COOLING
  YESTERDAY        0                         0      0        0
  MONTH TO DATE    1                         0      1        3
  SINCE DEC 1      1                         0      1        3
  SINCE JAN 1   2877                      2502    375     2863
..................................................................


WIND (MPH)
  HIGHEST WIND SPEED    22   HIGHEST WIND DIRECTION     S (200)
  HIGHEST GUST SPEED    29   HIGHEST GUST DIRECTION     S (170)
  AVERAGE WIND SPEED    11.2


SKY COVER
  POSSIBLE SUNSHINE  MM
  AVERAGE SKY COVER 0.0


WEATHER CONDITIONS
 THE FOLLOWING WEATHER WAS RECORDED YESTERDAY.
  NO SIGNIFICANT WEATHER WAS OBSERVED.


RELATIVE HUMIDITY (PERCENT)
 HIGHEST    83           900 AM
 LOWEST     29           400 PM
 AVERAGE    56

..........................................................


THE SAN ANGELO CLIMATE NORMALS FOR TODAY
                         NORMAL    RECORD    YEAR
 MAXIMUM TEMPERATURE (F)   59        79      1907
 MINIMUM TEMPERATURE (F)   33        17      2007


SUNRISE AND SUNSET
DECEMBER 27 2014......SUNRISE   739 AM CST   SUNSET   547 PM CST
DECEMBER 28 2014......SUNRISE   740 AM CST   SUNSET   547 PM CST


-  INDICATES NEGATIVE NUMBERS.
R  INDICATES RECORD WAS SET OR TIED.
MM INDICATES DATA IS MISSING.
T  INDICATES TRACE AMOUNT.




$$
