000
CDUS44 KSJT 160808
CLISJT


CLIMATE REPORT
NATIONAL WEATHER SERVICE SAN ANGELO TX
200 AM CST MON JAN 16 2017


...................................

...THE SAN ANGELO CLIMATE SUMMARY FOR JANUARY 15 2017...

CLIMATE NORMAL PERIOD 1981 TO 2010
CLIMATE RECORD PERIOD 1907 TO 2017


WEATHER ITEM   OBSERVED TIME   RECORD YEAR NORMAL DEPARTURE LAST
                VALUE   (LST)  VALUE       VALUE  FROM      YEAR
                                                  NORMAL
..................................................................
TEMPERATURE (F)
 YESTERDAY
  MAXIMUM         66    412 PM  77    1974  59      7       67
                                      1952
                                      1932
  MINIMUM         41    314 AM   3    1944  33      8       37
  AVERAGE         54                        46      8       52

PRECIPITATION (IN)
  YESTERDAY        0.59          1.04 2004   0.03   0.56     0.00
  MONTH TO DATE    0.96                      0.41   0.55      T
  SINCE DEC 1      1.70                      1.26   0.44     2.26
  SINCE JAN 1      0.96                      0.41   0.55      T

SNOWFALL (IN)
  YESTERDAY        T             4.5  1917   0.0    0.0      0.0
                                      1964
  MONTH TO DATE    T                         0.6   -0.6      0.0
  SINCE NOV 1      T                         1.2   -1.2      3.1
  SINCE JUL 1      T                         1.2   -1.2      3.1
  SNOW DEPTH       0

DEGREE DAYS
 HEATING
  YESTERDAY       11                        19     -8       13
  MONTH TO DATE  256                       285    -29      294
  SINCE DEC 1    730                       852   -122      714
  SINCE JUL 1    898                      1252   -354     1000

 COOLING
  YESTERDAY        0                         0      0        0
  MONTH TO DATE    0                         0      0        0
  SINCE DEC 1      1                         1      0        0
  SINCE JAN 1      0                         0      0        0
..................................................................


WIND (MPH)
  HIGHEST WIND SPEED    28   HIGHEST WIND DIRECTION     W (250)
  HIGHEST GUST SPEED    37   HIGHEST GUST DIRECTION     W (250)
  AVERAGE WIND SPEED     9.2


SKY COVER
  POSSIBLE SUNSHINE  MM
  AVERAGE SKY COVER 0.8


WEATHER CONDITIONS
 THE FOLLOWING WEATHER WAS RECORDED YESTERDAY.
  THUNDERSTORM
  HEAVY RAIN
  RAIN
  LIGHT RAIN
  HAIL
  FOG
  FOG W/VISIBILITY <= 1/4 MILE


RELATIVE HUMIDITY (PERCENT)
 HIGHEST   100           200 AM
 LOWEST     81           400 PM
 AVERAGE    91

..........................................................


THE SAN ANGELO CLIMATE NORMALS FOR TODAY
                         NORMAL    RECORD    YEAR
 MAXIMUM TEMPERATURE (F)   59        81      1914
 MINIMUM TEMPERATURE (F)   33        15      1982


SUNRISE AND SUNSET
JANUARY 16 2017.......SUNRISE   741 AM CST   SUNSET   603 PM CST
JANUARY 17 2017.......SUNRISE   741 AM CST   SUNSET   604 PM CST


-  INDICATES NEGATIVE NUMBERS.
R  INDICATES RECORD WAS SET OR TIED.
MM INDICATES DATA IS MISSING.
T  INDICATES TRACE AMOUNT.




$$
