000
CDUS44 KSJT 010657
CLISJT


CLIMATE REPORT
NATIONAL WEATHER SERVICE SAN ANGELO TX
155 AM CDT SAT AUG 1 2015


...................................

...THE SAN ANGELO CLIMATE SUMMARY FOR JULY 31 2015...

CLIMATE NORMAL PERIOD 1981 TO 2010
CLIMATE RECORD PERIOD 1907 TO 2015


WEATHER ITEM   OBSERVED TIME   RECORD YEAR NORMAL DEPARTURE LAST
                VALUE   (LST)  VALUE       VALUE  FROM      YEAR
                                                  NORMAL
..................................................................
TEMPERATURE (F)
 YESTERDAY
  MAXIMUM        102    343 PM 110    1912  96      6       87
  MINIMUM         70    611 AM  59    1984  72     -2       73
  AVERAGE         86                        84      2       80

PRECIPITATION (IN)
  YESTERDAY        0.00          1.00 1925   0.04  -0.04     0.00
  MONTH TO DATE    0.55                      1.20  -0.65     0.77
  SINCE JUN 1      4.10                      3.79   0.31     3.06
  SINCE JAN 1     18.96                     11.81   7.15    11.33

DEGREE DAYS
 HEATING
  YESTERDAY        0                         0      0        0
  MONTH TO DATE    0                         0      0        0
  SINCE JUN 1      0                         0      0        0
  SINCE JUL 1      0                         0      0        0

 COOLING
  YESTERDAY       21                        19      2       15
  MONTH TO DATE  630                       563     67      579
  SINCE JUN 1   1074                      1027     47     1063
  SINCE JAN 1   1541                      1487     54     1665
..................................................................


WIND (MPH)
  HIGHEST WIND SPEED    16   HIGHEST WIND DIRECTION     E (90)
  HIGHEST GUST SPEED    24   HIGHEST GUST DIRECTION    NE (60)
  AVERAGE WIND SPEED     7.2


SKY COVER
  POSSIBLE SUNSHINE  MM
  AVERAGE SKY COVER 0.1


WEATHER CONDITIONS
 THE FOLLOWING WEATHER WAS RECORDED YESTERDAY.
  NO SIGNIFICANT WEATHER WAS OBSERVED.


RELATIVE HUMIDITY (PERCENT)
 HIGHEST    57           300 AM
 LOWEST     24           500 PM
 AVERAGE    41

..........................................................


THE SAN ANGELO CLIMATE NORMALS FOR TODAY
                         NORMAL    RECORD    YEAR
 MAXIMUM TEMPERATURE (F)   96       107      2010
 MINIMUM TEMPERATURE (F)   72        58      1925


SUNRISE AND SUNSET
AUGUST  1 2015........SUNRISE   658 AM CDT   SUNSET   838 PM CDT
AUGUST  2 2015........SUNRISE   659 AM CDT   SUNSET   837 PM CDT


-  INDICATES NEGATIVE NUMBERS.
R  INDICATES RECORD WAS SET OR TIED.
MM INDICATES DATA IS MISSING.
T  INDICATES TRACE AMOUNT.




$$
