000
CDUS44 KSJT 300654
CLISJT


CLIMATE REPORT
NATIONAL WEATHER SERVICE SAN ANGELO TX
153 AM CDT SAT JUL 30 2016


...................................

...THE SAN ANGELO CLIMATE SUMMARY FOR JULY 29 2016...

CLIMATE NORMAL PERIOD 1981 TO 2010
CLIMATE RECORD PERIOD 1907 TO 2016


WEATHER ITEM   OBSERVED TIME   RECORD YEAR NORMAL DEPARTURE LAST
                VALUE   (LST)  VALUE       VALUE  FROM      YEAR
                                                  NORMAL
..................................................................
TEMPERATURE (F)
 YESTERDAY
  MAXIMUM         98    400 PM 111    1960  96      2      101
  MINIMUM         71    610 AM  64    1984  72     -1       75
  AVERAGE         85                        84      1       88

PRECIPITATION (IN)
  YESTERDAY        T             0.73 2005   0.04  -0.04     0.00
  MONTH TO DATE    T                         1.13  -1.13     0.55
  SINCE JUN 1      7.02                      3.72   3.30     4.10
  SINCE JAN 1     22.65                     11.74  10.91    18.96

DEGREE DAYS
 HEATING
  YESTERDAY        0                         0      0        0
  MONTH TO DATE    0                         0      0        0
  SINCE JUN 1      0                         0      0        0
  SINCE JUL 1      0                         0      0        0

 COOLING
  YESTERDAY       20                        19      1       23
  MONTH TO DATE  654                       526    128      586
  SINCE JUN 1   1100                       990    110     1030
  SINCE JAN 1   1511                      1450     61     1497
..................................................................


WIND (MPH)
  HIGHEST WIND SPEED    16   HIGHEST WIND DIRECTION     S (190)
  HIGHEST GUST SPEED    24   HIGHEST GUST DIRECTION     S (200)
  AVERAGE WIND SPEED     6.7


SKY COVER
  POSSIBLE SUNSHINE  MM
  AVERAGE SKY COVER 0.1


WEATHER CONDITIONS
 THE FOLLOWING WEATHER WAS RECORDED YESTERDAY.
  NO SIGNIFICANT WEATHER WAS OBSERVED.


RELATIVE HUMIDITY (PERCENT)
 HIGHEST    84           500 AM
 LOWEST     30           300 PM
 AVERAGE    57

..........................................................


THE SAN ANGELO CLIMATE NORMALS FOR TODAY
                         NORMAL    RECORD    YEAR
 MAXIMUM TEMPERATURE (F)   96       106      1944
                                             1912
 MINIMUM TEMPERATURE (F)   72        59      1984


SUNRISE AND SUNSET
JULY 30 2016..........SUNRISE   658 AM CDT   SUNSET   839 PM CDT
JULY 31 2016..........SUNRISE   658 AM CDT   SUNSET   838 PM CDT


-  INDICATES NEGATIVE NUMBERS.
R  INDICATES RECORD WAS SET OR TIED.
MM INDICATES DATA IS MISSING.
T  INDICATES TRACE AMOUNT.




$$
