000
CDCA42 TJSJ 240428
CLISJU


CLIMATE REPORT
NATIONAL WEATHER SERVICE SAN JUAN, PR
1225 AM AST FRI MAR 24 2017


...................................

...THE SAN JUAN AREA/PR CLIMATE SUMMARY FOR MARCH 23 2017...

CLIMATE NORMAL PERIOD 1981 TO 2010
CLIMATE RECORD PERIOD 1898 TO 2017


WEATHER ITEM   OBSERVED TIME   RECORD YEAR NORMAL DEPARTURE LAST
                VALUE   (LST)  VALUE       VALUE  FROM      YEAR
                                                  NORMAL
..................................................................
TEMPERATURE (F)
 YESTERDAY
  MAXIMUM         81   1129 AM  92    2007  85     -4       85
  MINIMUM         73   1159 PM  61    1962  73      0       75
  AVERAGE         77                        79     -2       80

PRECIPITATION (IN)
  YESTERDAY        1.72R         1.52 1958   0.06   1.66     0.05
  MONTH TO DATE    4.16                      1.38   2.78     1.48
  SINCE MAR 1      4.16                      1.38   2.78     1.48
  SINCE JAN 1      7.75                      7.53   0.22     6.96

SNOWFALL (IN)
  YESTERDAY        0.0                       0.0    0.0      0.0
  MONTH TO DATE    0.0                       0.0    0.0      0.0
  SINCE MAR 1      0.0                       0.0    0.0      0.0
  SINCE JUL 1      0.0                       0.0    0.0      0.0

DEGREE DAYS
 HEATING
  YESTERDAY        0                         0      0        0
  MONTH TO DATE    0                         0      0        0
  SINCE MAR 1      0                         0      0        0
  SINCE JUL 1      0                         0      0        0

 COOLING
  YESTERDAY       12                        14     -2       15
  MONTH TO DATE  301                       316    -15      326
  SINCE MAR 1    301                       316    -15      326
  SINCE JAN 1   1149                      1067     82     1169
..................................................................


WIND (MPH)
  HIGHEST WIND SPEED    13   HIGHEST WIND DIRECTION     E (70)
  HIGHEST GUST SPEED    16   HIGHEST GUST DIRECTION    NE (60)
  AVERAGE WIND SPEED     3.3


SKY COVER
  AVERAGE SKY COVER 0.8


WEATHER CONDITIONS
 THE FOLLOWING WEATHER WAS RECORDED YESTERDAY.
  THUNDERSTORM
  HEAVY RAIN
  RAIN
  LIGHT RAIN
  FOG


RELATIVE HUMIDITY (PERCENT)
 HIGHEST   100
 LOWEST     85
 AVERAGE    93

..........................................................


THE SAN JUAN AREA/PR CLIMATE NORMALS FOR TODAY
                         NORMAL    RECORD    YEAR
 MAXIMUM TEMPERATURE (F)   85        92      2005
 MINIMUM TEMPERATURE (F)   73        65      1962


SUNRISE AND SUNSET
MARCH 24 2017.........SUNRISE   625 AM AST   SUNSET   636 PM AST
MARCH 25 2017.........SUNRISE   624 AM AST   SUNSET   636 PM AST


-  INDICATES NEGATIVE NUMBERS.
R  INDICATES RECORD WAS SET OR TIED.
MM INDICATES DATA IS MISSING.
T  INDICATES TRACE AMOUNT.




$$
