000
CDCA42 TJSJ 070431
CLISJU


CLIMATE REPORT
NATIONAL WEATHER SERVICE SAN JUAN, PR
1230 AM AST TUE JUL 7 2015


...................................

...THE SAN JUAN AREA/PR CLIMATE SUMMARY FOR JULY 6 2015...

CLIMATE NORMAL PERIOD 1981 TO 2010
CLIMATE RECORD PERIOD 1898 TO 2015


WEATHER ITEM   OBSERVED TIME   RECORD YEAR NORMAL DEPARTURE LAST
                VALUE   (LST)  VALUE       VALUE  FROM      YEAR
                                                  NORMAL
..................................................................
TEMPERATURE (F)
 YESTERDAY
  MAXIMUM         89    130 PM  93    1988  89      0       92
  MINIMUM         78    408 AM  70    1919  78      0       78
  AVERAGE         84                        83      1       85

PRECIPITATION (IN)
  YESTERDAY        T             2.02 1924   0.16  -0.16     0.37
  MONTH TO DATE    0.15                      0.92  -0.77     0.73
  SINCE JUN 1      2.26                      5.33  -3.07     1.50
  SINCE JAN 1     15.65                     24.01  -8.36    20.09

SNOWFALL (IN)
  YESTERDAY        0.0                       0.0    0.0      0.0
  MONTH TO DATE    0.0                       0.0    0.0      0.0
  SINCE JUN 1      0.0                       0.0    0.0      0.0
  SINCE JUL 1      0.0                       0.0    0.0      0.0

DEGREE DAYS
 HEATING
  YESTERDAY        0                         0      0        0
  MONTH TO DATE    0                         0      0        0
  SINCE JUN 1      0                         0      0        0
  SINCE JUL 1      0                         0      0        0

 COOLING
  YESTERDAY       19                        18      1       20
  MONTH TO DATE  116                       108      8      126
  SINCE JUN 1    690                       657     33      736
  SINCE JAN 1   3031                      2822    209     3142
..................................................................


WIND (MPH)
  HIGHEST WIND SPEED    24   HIGHEST WIND DIRECTION    NE (60)
  HIGHEST GUST SPEED    28   HIGHEST GUST DIRECTION     E (70)
  AVERAGE WIND SPEED    12.0


SKY COVER
  AVERAGE SKY COVER 0.4


WEATHER CONDITIONS
 THE FOLLOWING WEATHER WAS RECORDED YESTERDAY.
  LIGHT RAIN


RELATIVE HUMIDITY (PERCENT)
 HIGHEST    91
 LOWEST     68
 AVERAGE    80

..........................................................


THE SAN JUAN AREA/PR CLIMATE NORMALS FOR TODAY
                         NORMAL    RECORD    YEAR
 MAXIMUM TEMPERATURE (F)   89        93      2010
 MINIMUM TEMPERATURE (F)   78        72      1957


SUNRISE AND SUNSET
JULY  7 2015..........SUNRISE   553 AM AST   SUNSET   705 PM AST
JULY  8 2015..........SUNRISE   553 AM AST   SUNSET   705 PM AST


-  INDICATES NEGATIVE NUMBERS.
R  INDICATES RECORD WAS SET OR TIED.
MM INDICATES DATA IS MISSING.
T  INDICATES TRACE AMOUNT.




$$
