000
CDUS45 KSLC 251237
CLISLC


CLIMATE REPORT
NATIONAL WEATHER SERVICE SALT LAKE CITY UT
636 AM MDT SAT OCT 25 2014


...................................

...THE SALT LAKE CITY UT CLIMATE SUMMARY FOR OCTOBER 24 2014...

CLIMATE NORMAL PERIOD 1981 TO 2010
CLIMATE RECORD PERIOD 1874 TO 2014


WEATHER ITEM   OBSERVED TIME   RECORD YEAR NORMAL DEPARTURE LAST
                VALUE   (LST)  VALUE       VALUE  FROM      YEAR
                                                  NORMAL
..................................................................
TEMPERATURE (F)
 YESTERDAY
  MAXIMUM         79R   306 PM  78    1959  61     18       69
  MINIMUM         43    339 AM  21    1935  39      4       41
  AVERAGE         61                        50     11       55

PRECIPITATION (IN)
  YESTERDAY        0.00          0.64 1956   0.05  -0.05     0.00
  MONTH TO DATE    0.01                      1.15  -1.14     0.61
  SINCE OCT 1      0.01                      1.15  -1.14     0.61
  SINCE JAN 1     12.46                     12.87  -0.41     9.22

SNOWFALL (IN)
  YESTERDAY        0.0           6.6  1956   0.1   -0.1      0.0
  MONTH TO DATE    0.0                       0.8   -0.8       T
  SINCE OCT 1      0.0                       0.8   -0.8       T
  SINCE JUL 1      0.0                       0.8   -0.8       T
  SNOW DEPTH       0

DEGREE DAYS
 HEATING
  YESTERDAY        4                        15    -11       10
  MONTH TO DATE  161                       262   -101      299
  SINCE SEP 1    193                       346   -153      354
  SINCE JUL 1    194                       351   -157      354

 COOLING
  YESTERDAY        0                         0      0        0
  MONTH TO DATE    0                         5     -5        0
  SINCE SEP 1    189                       122     67      222
  SINCE JAN 1   1242                      1158     84     1768
..................................................................


WIND (MPH)
  RESULTANT WIND SPEED   3   RESULTANT WIND DIRECTION   S (170)
  HIGHEST WIND SPEED    21   HIGHEST WIND DIRECTION     S (180)
  HIGHEST GUST SPEED    25   HIGHEST GUST DIRECTION     S (190)
  AVERAGE WIND SPEED     6.2


SKY COVER
  POSSIBLE SUNSHINE  MM
  AVERAGE SKY COVER 0.1


WEATHER CONDITIONS
 THE FOLLOWING WEATHER WAS RECORDED YESTERDAY.
  HAZE


RELATIVE HUMIDITY (PERCENT)
 HIGHEST    83           500 AM
 LOWEST     16           100 PM
 AVERAGE    50

..........................................................


THE SALT LAKE CITY UT CLIMATE NORMALS FOR TODAY
                         NORMAL    RECORD    YEAR
 MAXIMUM TEMPERATURE (F)   61        78      1979
 MINIMUM TEMPERATURE (F)   38        19      1932


SUNRISE AND SUNSET
OCTOBER 25 2014.......SUNRISE   750 AM MDT   SUNSET   633 PM MDT
OCTOBER 26 2014.......SUNRISE   751 AM MDT   SUNSET   632 PM MDT


-  INDICATES NEGATIVE NUMBERS.
R  INDICATES RECORD WAS SET OR TIED.
MM INDICATES DATA IS MISSING.
T  INDICATES TRACE AMOUNT.




$$
