000
CDUS45 KSLC 111229
CLISLC


CLIMATE REPORT
NATIONAL WEATHER SERVICE SALT LAKE CITY UT
526 AM MST THU FEB 11 2016


...................................

...THE SALT LAKE CITY UT CLIMATE SUMMARY FOR FEBRUARY 10 2016...

CLIMATE NORMAL PERIOD 1981 TO 2010
CLIMATE RECORD PERIOD 1874 TO 2016


WEATHER ITEM   OBSERVED TIME   RECORD YEAR NORMAL DEPARTURE LAST
                VALUE   (LST)  VALUE       VALUE  FROM      YEAR
                                                  NORMAL
..................................................................
TEMPERATURE (F)
 YESTERDAY
  MAXIMUM         33    324 PM  68    1951  41     -8       52
  MINIMUM         26    253 AM -26    1933  24      2       37
  AVERAGE         30                        32     -2       45

PRECIPITATION (IN)
  YESTERDAY        T             0.40 1908   0.04  -0.04     0.01
  MONTH TO DATE    0.11                      0.41  -0.30     0.17
  SINCE OCT 1      5.30                      6.04  -0.74     3.04
  SINCE JAN 1      2.05                      1.66   0.39     1.03

SNOWFALL (IN)
  YESTERDAY        T             7.7  1984   0.4   MM        0.0
  MONTH TO DATE    1.9                       3.9   -2.0      0.0
  SINCE OCT 1     29.7                      38.6   -8.9      6.8
  SINCE JUL 1     29.7                      38.6   -8.9      6.8
  SNOW DEPTH       T

DEGREE DAYS
 HEATING
  YESTERDAY       35                        32      3       20
  MONTH TO DATE  366                       334     32      143
  SINCE DEC 1   2466                      2510    -44     1937
  SINCE JUL 1   3408                      3728   -320     2907

 COOLING
  YESTERDAY        0                         0      0        0
  MONTH TO DATE    0                         0      0        0
  SINCE DEC 1      0                         0      0        0
  SINCE JAN 1      0                         0      0        0
..................................................................


WIND (MPH)
  RESULTANT WIND SPEED   3   RESULTANT WIND DIRECTION  NW (330)
  HIGHEST WIND SPEED    13   HIGHEST WIND DIRECTION     N (350)
  HIGHEST GUST SPEED    14   HIGHEST GUST DIRECTION     N (350)
  AVERAGE WIND SPEED     4.0


SKY COVER
  POSSIBLE SUNSHINE  MM
  AVERAGE SKY COVER 1.0


WEATHER CONDITIONS
 THE FOLLOWING WEATHER WAS RECORDED YESTERDAY.
  LIGHT SNOW
  FOG
  FOG W/VISIBILITY <= 1/4 MILE
  HAZE


RELATIVE HUMIDITY (PERCENT)
 HIGHEST   100           500 AM
 LOWEST     85           100 AM
 AVERAGE    93

..........................................................


THE SALT LAKE CITY UT CLIMATE NORMALS FOR TODAY
                         NORMAL    RECORD    YEAR
 MAXIMUM TEMPERATURE (F)   42        65      1961
 MINIMUM TEMPERATURE (F)   24        -1      1929


SUNRISE AND SUNSET
FEBRUARY 11 2016......SUNRISE   727 AM MST   SUNSET   557 PM MST
FEBRUARY 12 2016......SUNRISE   726 AM MST   SUNSET   559 PM MST


-  INDICATES NEGATIVE NUMBERS.
R  INDICATES RECORD WAS SET OR TIED.
MM INDICATES DATA IS MISSING.
T  INDICATES TRACE AMOUNT.




$$
