000
CDUS45 KSLC 011320
CLISLC


CLIMATE REPORT
NATIONAL WEATHER SERVICE SALT LAKE CITY UT
720 AM MDT MON SEP 1 2014


...................................

...THE SALT LAKE CITY UT CLIMATE SUMMARY FOR AUGUST 31 2014...

CLIMATE NORMAL PERIOD 1981 TO 2010
CLIMATE RECORD PERIOD 1874 TO 2014


WEATHER ITEM   OBSERVED TIME   RECORD YEAR NORMAL DEPARTURE LAST
                VALUE   (LST)  VALUE       VALUE  FROM      YEAR
                                                  NORMAL
..................................................................
TEMPERATURE (F)
 YESTERDAY
  MAXIMUM         76    328 PM  98    1950  86    -10       93
  MINIMUM         58    506 AM  37    1965  59     -1       72
  AVERAGE         67                        73     -6       83

PRECIPITATION (IN)
  YESTERDAY        0.00          0.78 2008   0.03  -0.03     0.00
  MONTH TO DATE    1.77                      0.69   1.08     0.16
  SINCE OCT 1     12.95                     14.89  -1.94    12.01
  SINCE JAN 1      9.94                     10.51  -0.57     7.44

SNOWFALL (IN)
  YESTERDAY        0.0          MM      MM   0.0    0.0      0.0
  MONTH TO DATE    0.0                       0.0    0.0      0.0
  SINCE OCT 1     35.5                      56.2  -20.7     69.9
  SINCE JUL 1      0.0                       0.0    0.0      0.0
  SNOW DEPTH       0

DEGREE DAYS
 HEATING
  YESTERDAY        0                         0      0        0
  MONTH TO DATE    1                         0      1        0
  SINCE JUN 1     40                        51    -11        4
  SINCE JUL 1      1                         5     -4        0

 COOLING
  YESTERDAY        2                         8     -6       18
  MONTH TO DATE  296                       374    -78      554
  SINCE JUN 1    991                       986      5     1476
  SINCE JAN 1   1053                      1036     17     1546
..................................................................


WIND (MPH)
  RESULTANT WIND SPEED   7   RESULTANT WIND DIRECTION   N (340)
  HIGHEST WIND SPEED    28   HIGHEST WIND DIRECTION     N (350)
  HIGHEST GUST SPEED    36   HIGHEST GUST DIRECTION     N (350)
  AVERAGE WIND SPEED     8.8


SKY COVER
  POSSIBLE SUNSHINE  MM
  AVERAGE SKY COVER 0.0


WEATHER CONDITIONS
 THE FOLLOWING WEATHER WAS RECORDED YESTERDAY.
  HAZE


RELATIVE HUMIDITY (PERCENT)
 HIGHEST    60           700 AM
 LOWEST     23           500 PM
 AVERAGE    42

..........................................................


THE SALT LAKE CITY UT CLIMATE NORMALS FOR TODAY
                         NORMAL    RECORD    YEAR
 MAXIMUM TEMPERATURE (F)   86        98      1995
 MINIMUM TEMPERATURE (F)   59        43      1965
                                             1932


SUNRISE AND SUNSET
SEPTEMBER  1 2014.....SUNRISE   655 AM MDT   SUNSET   800 PM MDT
SEPTEMBER  2 2014.....SUNRISE   656 AM MDT   SUNSET   758 PM MDT


-  INDICATES NEGATIVE NUMBERS.
R  INDICATES RECORD WAS SET OR TIED.
MM INDICATES DATA IS MISSING.
T  INDICATES TRACE AMOUNT.




$$
