000
CDUS45 KSLC 221854
CLISLC


CLIMATE REPORT
NATIONAL WEATHER SERVICE SALT LAKE CITY UT
1244 PM MDT FRI AUG 22 2014


...................................

...THE SALT LAKE CITY UT CLIMATE SUMMARY FOR AUGUST 21 2014...

CLIMATE NORMAL PERIOD 1981 TO 2010
CLIMATE RECORD PERIOD 1874 TO 2014


WEATHER ITEM   OBSERVED TIME   RECORD YEAR NORMAL DEPARTURE LAST
                VALUE   (LST)  VALUE       VALUE  FROM      YEAR
                                                  NORMAL
..................................................................
TEMPERATURE (F)
 YESTERDAY
  MAXIMUM         82    257 PM 102    1960  90     -8       94
  MINIMUM         63   1153 PM  43    1964  63      0       71
  AVERAGE         73                        76     -3       83

PRECIPITATION (IN)
  YESTERDAY        T             1.05 1965   0.02  -0.02     0.00
  MONTH TO DATE    1.19                      0.43   0.76     0.03
  SINCE OCT 1     12.37                     14.63  -2.26    11.88
  SINCE JAN 1      9.36                     10.25  -0.89     7.31

SNOWFALL (IN)
  YESTERDAY        0.0          MM      MM   0.0    0.0      0.0
  MONTH TO DATE    0.0                       0.0    0.0      0.0
  SINCE OCT 1     35.5                      56.2  -20.7     69.9
  SINCE JUL 1      0.0                       0.0    0.0      0.0
  SNOW DEPTH       0

DEGREE DAYS
 HEATING
  YESTERDAY        0                         0      0        0
  MONTH TO DATE    0                         0      0        0
  SINCE JUN 1     39                        48     -9        4
  SINCE JUL 1      0                         2     -2        0

 COOLING
  YESTERDAY        8                        11     -3       18
  MONTH TO DATE  244                       278    -34      402
  SINCE JUN 1    939                       890     49     1324
  SINCE JAN 1   1001                       940     61     1394
..................................................................


WIND (MPH)
  RESULTANT WIND SPEED   7   RESULTANT WIND DIRECTION  SE (150)
  HIGHEST WIND SPEED    24   HIGHEST WIND DIRECTION     S (170)
  HIGHEST GUST SPEED    30   HIGHEST GUST DIRECTION     S (170)
  AVERAGE WIND SPEED     8.5


SKY COVER
  POSSIBLE SUNSHINE  MM
  AVERAGE SKY COVER 0.4


WEATHER CONDITIONS
 THE FOLLOWING WEATHER WAS RECORDED YESTERDAY.
  LIGHT RAIN


RELATIVE HUMIDITY (PERCENT)
 HIGHEST    67           200 AM
 LOWEST     26           500 PM
 AVERAGE    47

..........................................................


THE SALT LAKE CITY UT CLIMATE NORMALS FOR TODAY
                         NORMAL    RECORD    YEAR
 MAXIMUM TEMPERATURE (F)   89       101      2009
 MINIMUM TEMPERATURE (F)   62        45      1933


SUNRISE AND SUNSET
AUGUST 22 2014........SUNRISE   645 AM MDT   SUNSET   816 PM MDT
AUGUST 23 2014........SUNRISE   646 AM MDT   SUNSET   814 PM MDT


-  INDICATES NEGATIVE NUMBERS.
R  INDICATES RECORD WAS SET OR TIED.
MM INDICATES DATA IS MISSING.
T  INDICATES TRACE AMOUNT.




$$
