000
CDUS45 KSLC 020025
CLISLC


CLIMATE REPORT
NATIONAL WEATHER SERVICE SALT LAKE CITY UT
624 PM MDT SAT AUG 1 2015


...................................

...THE SALT LAKE CITY UT CLIMATE SUMMARY FOR AUGUST 1 2015...
VALID TODAY AS OF 0500 PM LOCAL TIME.

CLIMATE NORMAL PERIOD 1981 TO 2010
CLIMATE RECORD PERIOD 1874 TO 2015


WEATHER ITEM   OBSERVED TIME   RECORD YEAR NORMAL DEPARTURE LAST
                VALUE   (LST)  VALUE       VALUE  FROM      YEAR
                                                  NORMAL
..................................................................
TEMPERATURE (F)
 TODAY
  MAXIMUM         95    359 PM 103    2008  94      1       91
                                      2000
  MINIMUM         65    459 AM  49    1932  66     -1       66
  AVERAGE         80                        80      0       79

PRECIPITATION (IN)
  TODAY            0.00          0.49 1874   0.02  -0.02     0.00
  MONTH TO DATE    0.00                      0.02  -0.02     0.00
  SINCE OCT 1     12.27                     14.22  -1.95    11.18
  SINCE JAN 1     10.26                      9.84   0.42     8.17

SNOWFALL (IN)
  TODAY            0.0          MM      MM   0.0    0.0      0.0
  MONTH TO DATE    0.0                       0.0    0.0      0.0
  SINCE OCT 1     15.4                      56.2  -40.8     35.5
  SINCE JUL 1      0.0                       0.0    0.0      0.0
  SNOW DEPTH       0

DEGREE DAYS
 HEATING
  TODAY            0                         0      0        0
  MONTH TO DATE    0                         0      0        0
  SINCE JUN 1      0                        48    -48       39
  SINCE JUL 1      0                         2     -2        0

 COOLING
  TODAY           15                        15      0       14
  MONTH TO DATE   15                        15      0       14
  SINCE JUN 1    788                       627    161      709
  SINCE JAN 1    819                       677    142      771
..................................................................


WIND (MPH)
  RESULTANT WIND SPEED   3   RESULTANT WIND DIRECTION  SE (140)
  HIGHEST WIND SPEED    13   HIGHEST WIND DIRECTION    NW (310)
  HIGHEST GUST SPEED    19   HIGHEST GUST DIRECTION    NW (310)
  AVERAGE WIND SPEED     5.6


SKY COVER
  POSSIBLE SUNSHINE  MM
  AVERAGE SKY COVER 0.0


WEATHER CONDITIONS
 THE FOLLOWING WEATHER WAS RECORDED TODAY.
  NO SIGNIFICANT WEATHER WAS OBSERVED.


RELATIVE HUMIDITY (PERCENT)
 HIGHEST    35           200 AM
 LOWEST     11           300 PM
 AVERAGE    23

..........................................................


THE SALT LAKE CITY UT CLIMATE NORMALS FOR TOMORROW
                         NORMAL    RECORD    YEAR
 MAXIMUM TEMPERATURE (F)   94       103      1992
 MINIMUM TEMPERATURE (F)   66        45      1928


SUNRISE AND SUNSET
AUGUST  1 2015........SUNRISE   624 AM MDT   SUNSET   844 PM MDT
AUGUST  2 2015........SUNRISE   625 AM MDT   SUNSET   842 PM MDT


-  INDICATES NEGATIVE NUMBERS.
R  INDICATES RECORD WAS SET OR TIED.
MM INDICATES DATA IS MISSING.
T  INDICATES TRACE AMOUNT.




$$
