000
CDUS45 KSLC 300021
CLISLC


CLIMATE REPORT
NATIONAL WEATHER SERVICE SALT LAKE CITY UT
621 PM MDT MON JUN 29 2015


...................................

...THE SALT LAKE CITY UT CLIMATE SUMMARY FOR JUNE 29 2015...
VALID TODAY AS OF 0500 PM LOCAL TIME.

CLIMATE NORMAL PERIOD 1981 TO 2010
CLIMATE RECORD PERIOD 1874 TO 2015


WEATHER ITEM   OBSERVED TIME   RECORD YEAR NORMAL DEPARTURE LAST
                VALUE   (LST)  VALUE       VALUE  FROM      YEAR
                                                  NORMAL
..................................................................
TEMPERATURE (F)
 TODAY
  MAXIMUM        104    349 PM 105    2013  89     15       88
  MINIMUM         78    556 AM  42    1968  61     17       58
  AVERAGE         91                        75     16       73

PRECIPITATION (IN)
  TODAY            0.00          0.22 1971   0.01  -0.01     0.00
  MONTH TO DATE    0.65                      0.96  -0.31     1.20
  SINCE OCT 1     11.05                     13.57  -2.52    10.68
  SINCE JAN 1      9.04                      9.19  -0.15     7.67

SNOWFALL (IN)
  TODAY            0.0           T    1968   0.0    0.0      0.0
  MONTH TO DATE    0.0                       0.0    0.0      0.0
  SINCE OCT 1     15.4                      56.2  -40.8     35.5
  SINCE JUL 1     15.4                      56.2  -40.8     35.5
  SNOW DEPTH       0

DEGREE DAYS
 HEATING
  TODAY            0                         0      0        0
  MONTH TO DATE    0                        44    -44       39
  SINCE JUN 1      0                        44    -44       39
  SINCE JUL 1   4363                      5605  -1242     5057

 COOLING
  TODAY           26                        10     16        8
  MONTH TO DATE  356                       177    179      173
  SINCE JUN 1    356                       177    179      173
  SINCE JAN 1    387                       227    160      235
..................................................................


WIND (MPH)
  RESULTANT WIND SPEED   6   RESULTANT WIND DIRECTION   S (160)
  HIGHEST WIND SPEED    15   HIGHEST WIND DIRECTION     S (170)
  HIGHEST GUST SPEED    19   HIGHEST GUST DIRECTION     S (170)
  AVERAGE WIND SPEED     8.3


SKY COVER
  POSSIBLE SUNSHINE  MM
  AVERAGE SKY COVER 0.0


WEATHER CONDITIONS
 THE FOLLOWING WEATHER WAS RECORDED TODAY.
  NO SIGNIFICANT WEATHER WAS OBSERVED.


RELATIVE HUMIDITY (PERCENT)
 HIGHEST    45           600 AM
 LOWEST     15           400 PM
 AVERAGE    30

..........................................................


THE SALT LAKE CITY UT CLIMATE NORMALS FOR TOMORROW
                         NORMAL    RECORD    YEAR
 MAXIMUM TEMPERATURE (F)   89       103      2013
                                             1990
 MINIMUM TEMPERATURE (F)   61        40      1968


SUNRISE AND SUNSET
JUNE 29 2015..........SUNRISE   559 AM MDT   SUNSET   903 PM MDT
JUNE 30 2015..........SUNRISE   600 AM MDT   SUNSET   903 PM MDT


-  INDICATES NEGATIVE NUMBERS.
R  INDICATES RECORD WAS SET OR TIED.
MM INDICATES DATA IS MISSING.
T  INDICATES TRACE AMOUNT.




$$
