963
CDUS45 KSLC 221216
CLISLC


CLIMATE REPORT
NATIONAL WEATHER SERVICE SALT LAKE CITY UT
616 AM MDT FRI MAY 22 2015


...................................

...THE SALT LAKE CITY UT CLIMATE SUMMARY FOR MAY 21 2015...

CLIMATE NORMAL PERIOD 1981 TO 2010
CLIMATE RECORD PERIOD 1874 TO 2015


WEATHER ITEM   OBSERVED TIME   RECORD YEAR NORMAL DEPARTURE LAST
                VALUE   (LST)  VALUE       VALUE  FROM      YEAR
                                                  NORMAL
..................................................................
TEMPERATURE (F)
 YESTERDAY
  MAXIMUM         68    101 PM  94    2012  74     -6       80
  MINIMUM         48    551 AM  33    1876  49     -1       50
  AVERAGE         58                        61     -3       65

PRECIPITATION (IN)
  YESTERDAY        T             1.01 1903   0.06  -0.06     0.00
  MONTH TO DATE    3.53                      1.39   2.14     0.97
  SINCE OCT 1      9.74                     12.05  -2.31     9.41
  SINCE JAN 1      7.73                      7.67   0.06     6.40

SNOWFALL (IN)
  YESTERDAY        0.0           T    1975   0.0    0.0      0.0
  MONTH TO DATE    0.0                       0.3   -0.3      0.0
  SINCE OCT 1     15.4                      56.2  -40.8     35.5
  SINCE JUL 1     15.4                      56.2  -40.8     35.5
  SNOW DEPTH       0

DEGREE DAYS
 HEATING
  YESTERDAY        7                         5      2        0
  MONTH TO DATE  136                       163    -27      157
  SINCE MAR 1    973                      1263   -290     1029
  SINCE JUL 1   4320                      5519  -1199     5016

 COOLING
  YESTERDAY        0                         2     -2        0
  MONTH TO DATE   14                        24    -10        9
  SINCE MAR 1     14                        28    -14        9
  SINCE JAN 1     14                        28    -14        9
..................................................................


WIND (MPH)
  RESULTANT WIND SPEED   2   RESULTANT WIND DIRECTION  NW (320)
  HIGHEST WIND SPEED    21   HIGHEST WIND DIRECTION    SE (130)
  HIGHEST GUST SPEED    25   HIGHEST GUST DIRECTION    SE (130)
  AVERAGE WIND SPEED     5.8


SKY COVER
  POSSIBLE SUNSHINE  MM
  AVERAGE SKY COVER 0.4


WEATHER CONDITIONS
 THE FOLLOWING WEATHER WAS RECORDED YESTERDAY.
  THUNDERSTORM
  LIGHT RAIN


RELATIVE HUMIDITY (PERCENT)
 HIGHEST    93           400 AM
 LOWEST     45           100 PM
 AVERAGE    69

..........................................................


THE SALT LAKE CITY UT CLIMATE NORMALS FOR TODAY
                         NORMAL    RECORD    YEAR
 MAXIMUM TEMPERATURE (F)   74        89      1989
                                             1967
                                             1934
 MINIMUM TEMPERATURE (F)   50        33      1960


SUNRISE AND SUNSET
MAY 22 2015...........SUNRISE   605 AM MDT   SUNSET   845 PM MDT
MAY 23 2015...........SUNRISE   604 AM MDT   SUNSET   846 PM MDT


-  INDICATES NEGATIVE NUMBERS.
R  INDICATES RECORD WAS SET OR TIED.
MM INDICATES DATA IS MISSING.
T  INDICATES TRACE AMOUNT.




$$
