000
CDUS45 KSLC 130027
CLISLC


CLIMATE REPORT
NATIONAL WEATHER SERVICE SALT LAKE CITY UT
527 PM MST TUE DEC 12 2017


...................................

...THE SALT LAKE CITY UT CLIMATE SUMMARY FOR DECEMBER 12 2017...
VALID TODAY AS OF 0500 PM LOCAL TIME.

CLIMATE NORMAL PERIOD 1981 TO 2010
CLIMATE RECORD PERIOD 1874 TO 2017


WEATHER ITEM   OBSERVED TIME   RECORD YEAR NORMAL DEPARTURE LAST
                VALUE   (LST)  VALUE       VALUE  FROM      YEAR
                                                  NORMAL
..................................................................
TEMPERATURE (F)
 TODAY
  MAXIMUM         27    359 PM  63    2014  38    -11       43
  MINIMUM         24   1256 PM -20    1932  23      1       28
  AVERAGE         26                        30     -4       36

PRECIPITATION (IN)
  TODAY            0.05          0.89 1937   0.05   0.00     0.00
  MONTH TO DATE    0.18                      0.56  -0.38     0.75
  SINCE OCT 1      1.53                      3.53  -2.00     3.41
  SINCE JAN 1     15.40                     15.25   0.15    13.61

SNOWFALL (IN)
  TODAY            0.4           8.1  1919   0.5   -0.1      0.0
  MONTH TO DATE    1.6                       4.9   -3.3      0.4
  SINCE OCT 1      1.6                      13.9  -12.3      6.1
  SINCE JUL 1      1.6                      13.9  -12.3      6.1
  SNOW DEPTH       0

DEGREE DAYS
 HEATING
  TODAY           39                        35      4       29
  MONTH TO DATE  377                       400    -23      382
  SINCE DEC 1    377                       400    -23      382
  SINCE JUL 1   1399                      1618   -219     1181

 COOLING
  TODAY            0                         0      0        0
  MONTH TO DATE    0                         0      0        0
  SINCE DEC 1      0                         0      0        0
  SINCE JAN 1   1758                      1160    598     1619
..................................................................


WIND (MPH)
  RESULTANT WIND SPEED   2   RESULTANT WIND DIRECTION  NW (330)
  HIGHEST WIND SPEED    10   HIGHEST WIND DIRECTION     N (360)
  HIGHEST GUST SPEED    13   HIGHEST GUST DIRECTION     N (350)
  AVERAGE WIND SPEED     2.6


SKY COVER
  POSSIBLE SUNSHINE  MM
  AVERAGE SKY COVER 0.9


WEATHER CONDITIONS
 THE FOLLOWING WEATHER WAS RECORDED TODAY.
  LIGHT SNOW
  FOG
  FOG W/VISIBILITY <= 1/4 MILE


RELATIVE HUMIDITY (PERCENT)
 HIGHEST   100           100 AM
 LOWEST     84           200 PM
 AVERAGE    92

..........................................................


THE SALT LAKE CITY UT CLIMATE NORMALS FOR TOMORROW
                         NORMAL    RECORD    YEAR
 MAXIMUM TEMPERATURE (F)   38        60      1929
                                             1882
 MINIMUM TEMPERATURE (F)   23       -21      1932


SUNRISE AND SUNSET
DECEMBER 12 2017......SUNRISE   743 AM MST   SUNSET   501 PM MST
DECEMBER 13 2017......SUNRISE   744 AM MST   SUNSET   501 PM MST


-  INDICATES NEGATIVE NUMBERS.
R  INDICATES RECORD WAS SET OR TIED.
MM INDICATES DATA IS MISSING.
T  INDICATES TRACE AMOUNT.




$$
