000
CDUS45 KSLC 071227
CLISLC


CLIMATE REPORT
NATIONAL WEATHER SERVICE SALT LAKE CITY UT
526 AM MST WED DEC 7 2016


...................................

...THE SALT LAKE CITY UT CLIMATE SUMMARY FOR DECEMBER 6 2016...

CLIMATE NORMAL PERIOD 1981 TO 2010
CLIMATE RECORD PERIOD 1874 TO 2016


WEATHER ITEM   OBSERVED TIME   RECORD YEAR NORMAL DEPARTURE LAST
                VALUE   (LST)  VALUE       VALUE  FROM      YEAR
                                                  NORMAL
..................................................................
TEMPERATURE (F)
 YESTERDAY
  MAXIMUM         32   1154 AM  58    2014  40     -8       49
                                      1987
  MINIMUM         22    610 AM   9    1992  24     -2       27
                                      1931
  AVERAGE         27                        32     -5       38

PRECIPITATION (IN)
  YESTERDAY        T             0.51 1927   0.05  -0.05     0.00
  MONTH TO DATE    0.04                      0.29  -0.25     0.00
  SINCE OCT 1      2.70                      3.26  -0.56     1.02
  SINCE JAN 1     12.90                     14.98  -2.08    13.91

SNOWFALL (IN)
  YESTERDAY        T             6.1  1956   0.4   -0.4      0.0
  MONTH TO DATE    0.2                       2.4   -2.2      0.0
  SINCE OCT 1      5.9                      11.4   -5.5      1.4
  SINCE JUL 1      5.9                      11.4   -5.5      1.4
  SNOW DEPTH       0

DEGREE DAYS
 HEATING
  YESTERDAY       38                        33      5       27
  MONTH TO DATE  195                       195      0      191
  SINCE DEC 1    195                       195      0      191
  SINCE JUL 1    994                      1413   -419     1133

 COOLING
  YESTERDAY        0                         0      0        0
  MONTH TO DATE    0                         0      0        0
  SINCE DEC 1      0                         0      0        0
  SINCE JAN 1   1619                      1160    459     1444
..................................................................


WIND (MPH)
  RESULTANT WIND SPEED   0   RESULTANT WIND DIRECTION   E (110)
  HIGHEST WIND SPEED    15   HIGHEST WIND DIRECTION    NW (310)
  HIGHEST GUST SPEED    17   HIGHEST GUST DIRECTION    NW (300)
  AVERAGE WIND SPEED     6.0


SKY COVER
  POSSIBLE SUNSHINE  MM
  AVERAGE SKY COVER 0.6


WEATHER CONDITIONS
 THE FOLLOWING WEATHER WAS RECORDED YESTERDAY.
  LIGHT SNOW
  HAZE


RELATIVE HUMIDITY (PERCENT)
 HIGHEST    81           600 PM
 LOWEST     42           200 AM
 AVERAGE    62

..........................................................


THE SALT LAKE CITY UT CLIMATE NORMALS FOR TODAY
                         NORMAL    RECORD    YEAR
 MAXIMUM TEMPERATURE (F)   39        60      1939
 MINIMUM TEMPERATURE (F)   24         1      1951


SUNRISE AND SUNSET
DECEMBER  7 2016......SUNRISE   739 AM MST   SUNSET   500 PM MST
DECEMBER  8 2016......SUNRISE   740 AM MST   SUNSET   500 PM MST


-  INDICATES NEGATIVE NUMBERS.
R  INDICATES RECORD WAS SET OR TIED.
MM INDICATES DATA IS MISSING.
T  INDICATES TRACE AMOUNT.




$$
