000
CDUS45 KSLC 011227
CLISLC


CLIMATE REPORT
NATIONAL WEATHER SERVICE SALT LAKE CITY UT
527 AM MST WED MAR 1 2017


...................................

...THE SALT LAKE CITY UT CLIMATE SUMMARY FOR FEBRUARY 28 2017...

CLIMATE NORMAL PERIOD 1981 TO 2010
CLIMATE RECORD PERIOD 1874 TO 2017


WEATHER ITEM   OBSERVED TIME   RECORD YEAR NORMAL DEPARTURE LAST
                VALUE   (LST)  VALUE       VALUE  FROM      YEAR
                                                  NORMAL
..................................................................
TEMPERATURE (F)
 YESTERDAY
  MAXIMUM         38    325 PM  69    1972  48    -10       59
  MINIMUM         22    621 AM  -5    1890  29     -7       32
  AVERAGE         30                        39     -9       46

PRECIPITATION (IN)
  YESTERDAY        0.01          0.95 2004   0.05  -0.04     0.00
  MONTH TO DATE    1.69                      1.25   0.44     0.52
  SINCE OCT 1      8.30                      6.88   1.42     5.71
  SINCE JAN 1      3.66                      2.50   1.16     2.46

SNOWFALL (IN)
  YESTERDAY        0.3           8.5  1904   0.3    0.0      0.0
  MONTH TO DATE    6.7                      10.7   -4.0      3.8
  SINCE OCT 1     46.7                      45.4    1.3     31.6
  SINCE JUL 1     46.7                      45.4    1.3     31.6
  SNOW DEPTH       1

DEGREE DAYS
 HEATING
  YESTERDAY       35                        26      9       19
  MONTH TO DATE  694                       862   -168      784
  SINCE DEC 1   2954                      3038    -84     2884
  SINCE JUL 1   3753                      4256   -503     3826

 COOLING
  YESTERDAY        0                         0      0        0
  MONTH TO DATE    0                         0      0        0
  SINCE DEC 1      0                         0      0        0
  SINCE JAN 1      0                         0      0        0
..................................................................


WIND (MPH)
  RESULTANT WIND SPEED   4   RESULTANT WIND DIRECTION   S (160)
  HIGHEST WIND SPEED    28   HIGHEST WIND DIRECTION    NW (320)
  HIGHEST GUST SPEED    36   HIGHEST GUST DIRECTION    NW (300)
  AVERAGE WIND SPEED     7.8


SKY COVER
  POSSIBLE SUNSHINE  MM
  AVERAGE SKY COVER 0.7


WEATHER CONDITIONS
 THE FOLLOWING WEATHER WAS RECORDED YESTERDAY.
  HAIL
  LIGHT SNOW
  FOG


RELATIVE HUMIDITY (PERCENT)
 HIGHEST    92           700 PM
 LOWEST     47           400 PM
 AVERAGE    70

..........................................................


THE SALT LAKE CITY UT CLIMATE NORMALS FOR TODAY
                         NORMAL    RECORD    YEAR
 MAXIMUM TEMPERATURE (F)   49        67      1967
 MINIMUM TEMPERATURE (F)   30         0      1890


SUNRISE AND SUNSET
MARCH  1 2017.........SUNRISE   701 AM MST   SUNSET   619 PM MST
MARCH  2 2017.........SUNRISE   700 AM MST   SUNSET   621 PM MST


-  INDICATES NEGATIVE NUMBERS.
R  INDICATES RECORD WAS SET OR TIED.
MM INDICATES DATA IS MISSING.
T  INDICATES TRACE AMOUNT.




$$
