000
CDUS45 KSLC 271233
CLISLC


CLIMATE REPORT
NATIONAL WEATHER SERVICE SALT LAKE CITY UT
532 AM MST FRI FEB 27 2015


...................................

...THE SALT LAKE CITY UT CLIMATE SUMMARY FOR FEBRUARY 26 2015...

CLIMATE NORMAL PERIOD 1981 TO 2010
CLIMATE RECORD PERIOD 1874 TO 2015


WEATHER ITEM   OBSERVED TIME   RECORD YEAR NORMAL DEPARTURE LAST
                VALUE   (LST)  VALUE       VALUE  FROM      YEAR
                                                  NORMAL
..................................................................
TEMPERATURE (F)
 YESTERDAY
  MAXIMUM         39    338 PM  67    1950  48     -9       65
  MINIMUM         31   1152 PM   3    1962  29      2       40
  AVERAGE         35                        38     -3       53

PRECIPITATION (IN)
  YESTERDAY        0.10          0.56 1907   0.05   0.05     0.00
  MONTH TO DATE    0.30                      1.15  -0.85     0.91
  SINCE OCT 1      3.17                      6.78  -3.61     5.12
  SINCE JAN 1      1.16                      2.40  -1.24     2.11

SNOWFALL (IN)
  YESTERDAY        T             6.0  1996   0.3   -0.3      0.0
  MONTH TO DATE    T                        10.0  -10.0      2.2
  SINCE OCT 1      6.8                      44.7  -37.9     35.0
  SINCE JUL 1      6.8                      44.7  -37.9     35.0
  SNOW DEPTH       0

DEGREE DAYS
 HEATING
  YESTERDAY       30                        27      3       12
  MONTH TO DATE  526                       809   -283      603
  SINCE DEC 1   2320                      2985   -665     2910
  SINCE JUL 1   3290                      4203   -913     3957

 COOLING
  YESTERDAY        0                         0      0        0
  MONTH TO DATE    0                         0      0        0
  SINCE DEC 1      0                         0      0        0
  SINCE JAN 1      0                         0      0        0
..................................................................


WIND (MPH)
  RESULTANT WIND SPEED   1   RESULTANT WIND DIRECTION   W (260)
  HIGHEST WIND SPEED    16   HIGHEST WIND DIRECTION     W (260)
  HIGHEST GUST SPEED    20   HIGHEST GUST DIRECTION     W (250)
  AVERAGE WIND SPEED     5.8


SKY COVER
  POSSIBLE SUNSHINE  MM
  AVERAGE SKY COVER 0.6


WEATHER CONDITIONS
 THE FOLLOWING WEATHER WAS RECORDED YESTERDAY.
  LIGHT RAIN
  SNOW
  LIGHT SNOW
  FOG


RELATIVE HUMIDITY (PERCENT)
 HIGHEST   100          1200 PM
 LOWEST     48           300 AM
 AVERAGE    74

..........................................................


THE SALT LAKE CITY UT CLIMATE NORMALS FOR TODAY
                         NORMAL    RECORD    YEAR
 MAXIMUM TEMPERATURE (F)   48        68      1879
 MINIMUM TEMPERATURE (F)   29        -6      1890


SUNRISE AND SUNSET
FEBRUARY 27 2015......SUNRISE   705 AM MST   SUNSET   617 PM MST
FEBRUARY 28 2015......SUNRISE   704 AM MST   SUNSET   618 PM MST


-  INDICATES NEGATIVE NUMBERS.
R  INDICATES RECORD WAS SET OR TIED.
MM INDICATES DATA IS MISSING.
T  INDICATES TRACE AMOUNT.




$$
