000
CDUS46 KPQR 191147
CLISLE


CLIMATE REPORT
NATIONAL WEATHER SERVICE PORTLAND OREGON
346 AM PST SUN FEB 19 2017


...................................

...THE SALEM OR CLIMATE SUMMARY FOR FEBRUARY 18 2017...

CLIMATE NORMAL PERIOD 1981 TO 2010
CLIMATE RECORD PERIOD 1892 TO 2017


WEATHER ITEM   OBSERVED TIME   RECORD YEAR NORMAL DEPARTURE LAST
                VALUE   (LST)  VALUE       VALUE  FROM      YEAR
                                                  NORMAL
..................................................................
TEMPERATURE (F)
 YESTERDAY
  MAXIMUM         55    213 PM  67    1977  52      3       50
  MINIMUM         43   1159 PM  19    1955  35      8       43
  AVERAGE         49                        43      6       47

PRECIPITATION (IN)
  YESTERDAY        0.19          1.84 1949   0.16   0.03     0.40
  MONTH TO DATE   10.54                      3.00   7.54     1.80
  SINCE OCT 1     39.24                     25.35  13.89    33.17
  SINCE JAN 1     15.94                      8.96   6.98     9.62

DEGREE DAYS
 HEATING
  YESTERDAY       16                        22     -6       18
  MONTH TO DATE  370                       403    -33      283
  SINCE DEC 1   2116                      1913    203     1585
  SINCE JUL 1   2920                      3030   -110     2465

 COOLING
  YESTERDAY        0                         0      0        0
  MONTH TO DATE    0                         0      0        0
  SINCE DEC 1      0                         0      0        0
  SINCE JAN 1      0                         0      0        0
..................................................................


WIND (MPH)
  HIGHEST WIND SPEED    17   HIGHEST WIND DIRECTION    SW (230)
  HIGHEST GUST SPEED    23   HIGHEST GUST DIRECTION    SW (220)
  AVERAGE WIND SPEED     6.5


SKY COVER
  POSSIBLE SUNSHINE  MM
  AVERAGE SKY COVER 0.9


WEATHER CONDITIONS
 THE FOLLOWING WEATHER WAS RECORDED YESTERDAY.
  LIGHT RAIN


RELATIVE HUMIDITY (PERCENT)
 HIGHEST    93          1100 AM
 LOWEST     63           300 PM
 AVERAGE    78

..........................................................


THE SALEM OR CLIMATE NORMALS FOR TODAY
                         NORMAL    RECORD    YEAR
 MAXIMUM TEMPERATURE (F)   52        67      1995
 MINIMUM TEMPERATURE (F)   35        18      2006


SUNRISE AND SUNSET
FEBRUARY 19 2017......SUNRISE   706 AM PST   SUNSET   546 PM PST
FEBRUARY 20 2017......SUNRISE   704 AM PST   SUNSET   548 PM PST


-  INDICATES NEGATIVE NUMBERS.
R  INDICATES RECORD WAS SET OR TIED.
MM INDICATES DATA IS MISSING.
T  INDICATES TRACE AMOUNT.




$$
