000
CDUS46 KPQR 091324
CLISLE


CLIMATE REPORT
NATIONAL WEATHER SERVICE PORTLAND OREGON
524 AM PST FRI DEC 9 2016


...................................

...THE SALEM OR CLIMATE SUMMARY FOR DECEMBER 8 2016...

CLIMATE NORMAL PERIOD 1981 TO 2010
CLIMATE RECORD PERIOD 1892 TO 2016


WEATHER ITEM   OBSERVED TIME   RECORD YEAR NORMAL DEPARTURE LAST
                VALUE   (LST)  VALUE       VALUE  FROM      YEAR
                                                  NORMAL
..................................................................
TEMPERATURE (F)
 YESTERDAY
  MAXIMUM         34    942 AM  68    1929  47    -13       62
  MINIMUM         30    254 AM   8    2013  34     -4       58
  AVERAGE         32                        41     -9       60

PRECIPITATION (IN)
  YESTERDAY        0.47          1.18 2010   0.23   0.24     0.68
  MONTH TO DATE    1.46                      1.93  -0.47     6.40
  SINCE OCT 1     19.61                     11.46   8.15    14.71
  SINCE JAN 1     43.31                     34.74   8.57    31.83

DEGREE DAYS
 HEATING
  YESTERDAY       33                        24      9        5
  MONTH TO DATE  205                       189     16      129
  SINCE DEC 1    205                       189     16      129
  SINCE JUL 1   1009                      1306   -297     1009

 COOLING
  YESTERDAY        0                         0      0        0
  MONTH TO DATE    0                         0      0        0
  SINCE DEC 1      0                         0      0        0
  SINCE JAN 1    465                       290    175      682
..................................................................


WIND (MPH)
  HIGHEST WIND SPEED    12   HIGHEST WIND DIRECTION     N (340)
  HIGHEST GUST SPEED    15   HIGHEST GUST DIRECTION     N (10)
  AVERAGE WIND SPEED     5.8


SKY COVER
  POSSIBLE SUNSHINE  MM
  AVERAGE SKY COVER 0.7


WEATHER CONDITIONS
 THE FOLLOWING WEATHER WAS RECORDED YESTERDAY.
  LIGHT RAIN
  FREEZING RAIN
  LT FREEZING RAIN
  LIGHT SNOW
  FOG


RELATIVE HUMIDITY (PERCENT)
 HIGHEST    92           500 PM
 LOWEST     59           400 AM
 AVERAGE    76

..........................................................


THE SALEM OR CLIMATE NORMALS FOR TODAY
                         NORMAL    RECORD    YEAR
 MAXIMUM TEMPERATURE (F)   47        72      1929
 MINIMUM TEMPERATURE (F)   34        -5      1972


SUNRISE AND SUNSET
DECEMBER  9 2016......SUNRISE   739 AM PST   SUNSET   431 PM PST
DECEMBER 10 2016......SUNRISE   739 AM PST   SUNSET   431 PM PST


-  INDICATES NEGATIVE NUMBERS.
R  INDICATES RECORD WAS SET OR TIED.
MM INDICATES DATA IS MISSING.
T  INDICATES TRACE AMOUNT.




$$
