000
CDUS46 KPQR 061141
CLISLE


CLIMATE REPORT
NATIONAL WEATHER SERVICE PORTLAND OREGON
340 AM PST FRI MAR 6 2015


...................................

...THE SALEM OR CLIMATE SUMMARY FOR MARCH 5 2015...

CLIMATE NORMAL PERIOD 1981 TO 2010
CLIMATE RECORD PERIOD 1892 TO 2015


WEATHER ITEM   OBSERVED TIME   RECORD YEAR NORMAL DEPARTURE LAST
                VALUE   (LST)  VALUE       VALUE  FROM      YEAR
                                                  NORMAL
..................................................................
TEMPERATURE (F)
 YESTERDAY
  MAXIMUM         61    353 PM  68    1965  55      6       60
  MINIMUM         30    628 AM  22    1976  36     -6       52
                                      1955
  AVERAGE         46                        45      1       56

PRECIPITATION (IN)
  YESTERDAY        0.00          1.46 2014   0.14  -0.14     1.46
  MONTH TO DATE    0.02                      0.75  -0.73     2.28
  SINCE OCT 1     25.10                     27.66  -2.56    16.13
  SINCE JAN 1      7.56                     11.27  -3.71    11.55

DEGREE DAYS
 HEATING
  YESTERDAY       19                        20     -1        9
  MONTH TO DATE  105                       100      5       70
  SINCE MAR 1    105                       100      5       70
  SINCE JUL 1   2575                      3340   -765     3356

 COOLING
  YESTERDAY        0                         0      0        0
  MONTH TO DATE    0                         0      0        0
  SINCE MAR 1      0                         0      0        0
  SINCE JAN 1      0                         0      0        0
..................................................................


WIND (MPH)
  HIGHEST WIND SPEED     7   HIGHEST WIND DIRECTION     N (20)
  HIGHEST GUST SPEED     9   HIGHEST GUST DIRECTION     N (20)
  AVERAGE WIND SPEED     0.5


SKY COVER
  POSSIBLE SUNSHINE  MM
  AVERAGE SKY COVER 0.0


WEATHER CONDITIONS
 THE FOLLOWING WEATHER WAS RECORDED YESTERDAY.
  NO SIGNIFICANT WEATHER WAS OBSERVED.


RELATIVE HUMIDITY (PERCENT)
 HIGHEST    92           500 AM
 LOWEST     35           400 PM
 AVERAGE    64

..........................................................


THE SALEM OR CLIMATE NORMALS FOR TODAY
                         NORMAL    RECORD    YEAR
 MAXIMUM TEMPERATURE (F)   55        72      2001
 MINIMUM TEMPERATURE (F)   36        23      1956


SUNRISE AND SUNSET
MARCH  6 2015.........SUNRISE   641 AM PST   SUNSET   606 PM PST
MARCH  7 2015.........SUNRISE   639 AM PST   SUNSET   607 PM PST


-  INDICATES NEGATIVE NUMBERS.
R  INDICATES RECORD WAS SET OR TIED.
MM INDICATES DATA IS MISSING.
T  INDICATES TRACE AMOUNT.




$$
