000
CDUS46 KPQR 191232
CLISLE


CLIMATE REPORT
NATIONAL WEATHER SERVICE PORTLAND OREGON
432 AM PST SUN NOV 19 2017


...................................

...THE SALEM OR CLIMATE SUMMARY FOR NOVEMBER 18 2017...

CLIMATE NORMAL PERIOD 1981 TO 2010
CLIMATE RECORD PERIOD 1892 TO 2017


WEATHER ITEM   OBSERVED TIME   RECORD YEAR NORMAL DEPARTURE LAST
                VALUE   (LST)  VALUE       VALUE  FROM      YEAR
                                                  NORMAL
..................................................................
TEMPERATURE (F)
 YESTERDAY
  MAXIMUM         46    347 PM  65    1897  52     -6       50
  MINIMUM         33    524 AM  20    2000  38     -5       37
  AVERAGE         40                        45     -5       44

PRECIPITATION (IN)
  YESTERDAY        0.00          2.26 1996   0.23  -0.23      T
  MONTH TO DATE    4.13                      3.61   0.52     2.51
  SINCE OCT 1      9.58                      6.64   2.94    13.76
  SINCE JAN 1     45.39                     29.92  15.47    37.47

DEGREE DAYS
 HEATING
  YESTERDAY       25                        20      5       21
  MONTH TO DATE  311                       326    -15      213
  SINCE SEP 1    728                       802    -74      592
  SINCE JUL 1    730                       858   -128      607

 COOLING
  YESTERDAY        0                         0      0        0
  MONTH TO DATE    0                         0      0        0
  SINCE SEP 1    127                        38     89       19
  SINCE JAN 1    647                       290    357      465
..................................................................


WIND (MPH)
  HIGHEST WIND SPEED    10   HIGHEST WIND DIRECTION    SE (150)
  HIGHEST GUST SPEED    12   HIGHEST GUST DIRECTION     S (170)
  AVERAGE WIND SPEED     2.1


SKY COVER
  POSSIBLE SUNSHINE  MM
  AVERAGE SKY COVER 0.7


WEATHER CONDITIONS
 THE FOLLOWING WEATHER WAS RECORDED YESTERDAY.
  FOG
  FOG W/VISIBILITY <= 1/4 MILE


RELATIVE HUMIDITY (PERCENT)
 HIGHEST   100           700 AM
 LOWEST     83           200 PM
 AVERAGE    92

..........................................................


THE SALEM OR CLIMATE NORMALS FOR TODAY
                         NORMAL    RECORD    YEAR
 MAXIMUM TEMPERATURE (F)   52        63      2002
 MINIMUM TEMPERATURE (F)   38        19      1977


SUNRISE AND SUNSET
NOVEMBER 19 2017......SUNRISE   715 AM PST   SUNSET   439 PM PST
NOVEMBER 20 2017......SUNRISE   717 AM PST   SUNSET   438 PM PST


-  INDICATES NEGATIVE NUMBERS.
R  INDICATES RECORD WAS SET OR TIED.
MM INDICATES DATA IS MISSING.
T  INDICATES TRACE AMOUNT.




$$
