000
CDUS46 KPQR 240233
CLISLE


CLIMATE REPORT
NATIONAL WEATHER SERVICE PORTLAND OREGON
733 PM PDT FRI JUN 23 2017


...................................

...THE SALEM OR CLIMATE SUMMARY FOR JUNE 23 2017...
VALID TODAY AS OF 0700 PM LOCAL TIME.

CLIMATE NORMAL PERIOD 1981 TO 2010
CLIMATE RECORD PERIOD 1892 TO 2017


WEATHER ITEM   OBSERVED TIME   RECORD YEAR NORMAL DEPARTURE LAST
                VALUE   (LST)  VALUE       VALUE  FROM      YEAR
                                                  NORMAL
..................................................................
TEMPERATURE (F)
 TODAY
  MAXIMUM         93    446 PM  99    1992  76     17       65
  MINIMUM         55    401 AM  37    1935  50      5       54
  AVERAGE         74                        63     11       60

PRECIPITATION (IN)
  TODAY            0.00          0.87 1969   0.04  -0.04     0.37
  MONTH TO DATE    0.74                      1.34  -0.60     0.98
  SINCE OCT 1     56.60                     37.27  19.33    44.84
  SINCE JAN 1     33.30                     20.88  12.42    21.29

DEGREE DAYS
 HEATING
  TODAY            0                         3     -3        5
  MONTH TO DATE   81                       110    -29       74
  SINCE JUN 1     81                       110    -29       74
  SINCE JUL 1   4417                      4633   -216     3600

 COOLING
  TODAY            9                         1      8        0
  MONTH TO DATE   34                        17     17       66
  SINCE JUN 1     34                        17     17       66
  SINCE JAN 1     61                        26     35       87
..................................................................


WIND (MPH)
  HIGHEST WIND SPEED    21   HIGHEST WIND DIRECTION     N (20)
  HIGHEST GUST SPEED    25   HIGHEST GUST DIRECTION     N (20)
  AVERAGE WIND SPEED    10.3


SKY COVER
  POSSIBLE SUNSHINE  MM
  AVERAGE SKY COVER 0.0


WEATHER CONDITIONS
 THE FOLLOWING WEATHER WAS RECORDED TODAY.
  NO SIGNIFICANT WEATHER WAS OBSERVED.


RELATIVE HUMIDITY (PERCENT)
 HIGHEST    57           300 AM
 LOWEST     20           200 PM
 AVERAGE    39

..........................................................


THE SALEM OR CLIMATE NORMALS FOR TOMORROW
                         NORMAL    RECORD    YEAR
 MAXIMUM TEMPERATURE (F)   76       100      1926
                                             1925
 MINIMUM TEMPERATURE (F)   50        36      1935


SUNRISE AND SUNSET
JUNE 23 2017..........SUNRISE   526 AM PDT   SUNSET   902 PM PDT
JUNE 24 2017..........SUNRISE   527 AM PDT   SUNSET   902 PM PDT


-  INDICATES NEGATIVE NUMBERS.
R  INDICATES RECORD WAS SET OR TIED.
MM INDICATES DATA IS MISSING.
T  INDICATES TRACE AMOUNT.




$$
