000
CDUS46 KPQR 181143
CLISLE


CLIMATE REPORT
NATIONAL WEATHER SERVICE PORTLAND OREGON
442 AM PDT THU SEP 18 2014


...................................

...THE SALEM OR CLIMATE SUMMARY FOR SEPTEMBER 17 2014...

CLIMATE NORMAL PERIOD 1981 TO 2010
CLIMATE RECORD PERIOD 1892 TO 2014


WEATHER ITEM   OBSERVED TIME   RECORD YEAR NORMAL DEPARTURE LAST
                VALUE   (LST)  VALUE       VALUE  FROM      YEAR
                                                  NORMAL
..................................................................
TEMPERATURE (F)
 YESTERDAY
  MAXIMUM         75    205 PM  95    1991  77     -2       72
                                      1962
  MINIMUM         61    617 AM  28    1965  48     13       56
  AVERAGE         68                        62      6       64

PRECIPITATION (IN)
  YESTERDAY        T             1.76 1969   0.05  -0.05      T
  MONTH TO DATE    T                         0.60  -0.60     2.34
  SINCE OCT 1     27.40                     38.99 -11.59    36.56
  SINCE JAN 1     22.82                     22.60   0.22    14.30

DEGREE DAYS
 HEATING
  YESTERDAY        0                         4     -4        1
  MONTH TO DATE    3                        42    -39        2
  SINCE SEP 1      3                        42    -39        2
  SINCE JUL 1      7                        98    -91        7

 COOLING
  YESTERDAY        3                         1      2        0
  MONTH TO DATE   51                        28     23       75
  SINCE SEP 1     51                        28     23       75
  SINCE JAN 1    569                       280    289      502
..................................................................


WIND (MPH)
  HIGHEST WIND SPEED    13   HIGHEST WIND DIRECTION    NW (330)
  HIGHEST GUST SPEED    13   HIGHEST GUST DIRECTION    NW (320)
  AVERAGE WIND SPEED     2.4


SKY COVER
  POSSIBLE SUNSHINE  MM
  AVERAGE SKY COVER 0.2


WEATHER CONDITIONS
 THE FOLLOWING WEATHER WAS RECORDED YESTERDAY.
  LIGHT RAIN


RELATIVE HUMIDITY (PERCENT)
 HIGHEST    78           700 AM
 LOWEST     46           100 PM
 AVERAGE    62

..........................................................


THE SALEM OR CLIMATE NORMALS FOR TODAY
                         NORMAL    RECORD    YEAR
 MAXIMUM TEMPERATURE (F)   77        93      1991
 MINIMUM TEMPERATURE (F)   48        32      1965


SUNRISE AND SUNSET
SEPTEMBER 18 2014.....SUNRISE   654 AM PDT   SUNSET   717 PM PDT
SEPTEMBER 19 2014.....SUNRISE   656 AM PDT   SUNSET   715 PM PDT


-  INDICATES NEGATIVE NUMBERS.
R  INDICATES RECORD WAS SET OR TIED.
MM INDICATES DATA IS MISSING.
T  INDICATES TRACE AMOUNT.




$$
