000
CDUS46 KPQR 301142
CLISLE


CLIMATE REPORT
NATIONAL WEATHER SERVICE PORTLAND OREGON
441 AM PDT WED JUL 30 2014


...................................

...THE SALEM OR CLIMATE SUMMARY FOR JULY 29 2014...

CLIMATE NORMAL PERIOD 1981 TO 2010
CLIMATE RECORD PERIOD 1892 TO 2014


WEATHER ITEM   OBSERVED TIME   RECORD YEAR NORMAL DEPARTURE LAST
                VALUE   (LST)  VALUE       VALUE  FROM      YEAR
                                                  NORMAL
..................................................................
TEMPERATURE (F)
 YESTERDAY
  MAXIMUM         94    427 PM 106    2009  84     10       81
  MINIMUM         59    531 AM  42    1956  54      5       53
                                      1929
  AVERAGE         77                        69      8       67

PRECIPITATION (IN)
  YESTERDAY        0.00          0.17 2001   0.01  -0.01     0.00
  MONTH TO DATE    0.46                      0.44   0.02     0.00
  SINCE OCT 1     27.05                     37.92 -10.87    33.87
  SINCE JAN 1     22.47                     21.53   0.94    11.61

DEGREE DAYS
 HEATING
  YESTERDAY        0                         0      0        0
  MONTH TO DATE    3                        30    -27        2
  SINCE JUN 1     69                       160    -91       81
  SINCE JUL 1      3                        30    -27        2

 COOLING
  YESTERDAY       12                         4      8        2
  MONTH TO DATE  220                        97    123      170
  SINCE JUN 1    239                       125    114      223
  SINCE JAN 1    255                       134    121      233
..................................................................


WIND (MPH)
  HIGHEST WIND SPEED    15   HIGHEST WIND DIRECTION     W (260)
  HIGHEST GUST SPEED    24   HIGHEST GUST DIRECTION     N (350)
  AVERAGE WIND SPEED     5.6


SKY COVER
  POSSIBLE SUNSHINE  MM
  AVERAGE SKY COVER 0.0


WEATHER CONDITIONS
 THE FOLLOWING WEATHER WAS RECORDED YESTERDAY.
  NO SIGNIFICANT WEATHER WAS OBSERVED.


RELATIVE HUMIDITY (PERCENT)
 HIGHEST    84           400 AM
 LOWEST     23           300 PM
 AVERAGE    54

..........................................................


THE SALEM OR CLIMATE NORMALS FOR TODAY
                         NORMAL    RECORD    YEAR
 MAXIMUM TEMPERATURE (F)   84       103      1965
 MINIMUM TEMPERATURE (F)   54        36      1920


SUNRISE AND SUNSET
JULY 30 2014..........SUNRISE   555 AM PDT   SUNSET   841 PM PDT
JULY 31 2014..........SUNRISE   557 AM PDT   SUNSET   839 PM PDT


-  INDICATES NEGATIVE NUMBERS.
R  INDICATES RECORD WAS SET OR TIED.
MM INDICATES DATA IS MISSING.
T  INDICATES TRACE AMOUNT.




$$
