000
CDUS46 KPQR 261141
CLISLE


CLIMATE REPORT
NATIONAL WEATHER SERVICE PORTLAND OREGON
441 AM PDT MON SEP 26 2016


...................................

...THE SALEM OR CLIMATE SUMMARY FOR SEPTEMBER 25 2016...

CLIMATE NORMAL PERIOD 1981 TO 2010
CLIMATE RECORD PERIOD 1892 TO 2016


WEATHER ITEM   OBSERVED TIME   RECORD YEAR NORMAL DEPARTURE LAST
                VALUE   (LST)  VALUE       VALUE  FROM      YEAR
                                                  NORMAL
..................................................................
TEMPERATURE (F)
 YESTERDAY
  MAXIMUM         84    359 PM  94    1991  74     10       68
  MINIMUM         47    617 AM  26    1934  46      1       54
  AVERAGE         66                        60      6       61

PRECIPITATION (IN)
  YESTERDAY        0.00          0.55 1901   0.06  -0.06     0.13
  MONTH TO DATE    1.54                      0.99   0.55     1.12
  SINCE OCT 1     47.25                     39.38   7.87    34.65
  SINCE JAN 1     23.70                     22.99   0.71    17.11

DEGREE DAYS
 HEATING
  YESTERDAY        0                         5     -5        4
  MONTH TO DATE   71                        78     -7       70
  SINCE SEP 1     71                        78     -7       70
  SINCE JUL 1     86                       134    -48       72

 COOLING
  YESTERDAY        1                         1      0        0
  MONTH TO DATE   12                        36    -24       43
  SINCE SEP 1     12                        36    -24       43
  SINCE JAN 1    458                       288    170      680
..................................................................


WIND (MPH)
  HIGHEST WIND SPEED    16   HIGHEST WIND DIRECTION     N (10)
  HIGHEST GUST SPEED    21   HIGHEST GUST DIRECTION     N (10)
  AVERAGE WIND SPEED     4.1


SKY COVER
  POSSIBLE SUNSHINE  MM
  AVERAGE SKY COVER 0.0


WEATHER CONDITIONS
 THE FOLLOWING WEATHER WAS RECORDED YESTERDAY.
  NO SIGNIFICANT WEATHER WAS OBSERVED.


RELATIVE HUMIDITY (PERCENT)
 HIGHEST    86           300 AM
 LOWEST     30           100 PM
 AVERAGE    58

..........................................................


THE SALEM OR CLIMATE NORMALS FOR TODAY
                         NORMAL    RECORD    YEAR
 MAXIMUM TEMPERATURE (F)   74        96      1967
 MINIMUM TEMPERATURE (F)   46        29      1934


SUNRISE AND SUNSET
SEPTEMBER 26 2016.....SUNRISE   705 AM PDT   SUNSET   701 PM PDT
SEPTEMBER 27 2016.....SUNRISE   706 AM PDT   SUNSET   659 PM PDT


-  INDICATES NEGATIVE NUMBERS.
R  INDICATES RECORD WAS SET OR TIED.
MM INDICATES DATA IS MISSING.
T  INDICATES TRACE AMOUNT.




$$
