000
CDUS41 KBTV 040635
CLISLK


CLIMATE REPORT
NATIONAL WEATHER SERVICE BURLINGTON VT
234 AM EDT FRI SEP 4 2015


...................................

...THE SARANAC LAKE NY CLIMATE SUMMARY FOR SEPTEMBER 3 2015...

CLIMATE NORMAL PERIOD 1981 TO 2010
CLIMATE RECORD PERIOD 9999 TO 9999


WEATHER ITEM   OBSERVED TIME   NORMAL DEPARTURE LAST
                VALUE   (LST)  VALUE  FROM      YEAR
                                      NORMAL
......................................................
TEMPERATURE (F)
 YESTERDAY
  MAXIMUM         82    246 PM  71     11       73
  MINIMUM         48   1159 PM  46      2       47
  AVERAGE         65            58      7       60

PRECIPITATION (IN)
  YESTERDAY        0.00          0.11  -0.11     0.00
  MONTH TO DATE    0.00          0.35  -0.35     0.70
  SINCE SEP 1      0.00          0.35  -0.35     0.70
  SINCE JAN 1     24.05         24.89  -0.84    26.66

DEGREE DAYS
 HEATING
  YESTERDAY        0             7     -7        5
  MONTH TO DATE    0            21    -21        5
  SINCE SEP 1      0            21    -21        5
  SINCE JUL 1    193           261    -68      284

 COOLING
  YESTERDAY        0             1     -1        0
  MONTH TO DATE    5             3      2        8
  SINCE SEP 1      5             3      2        8
  SINCE JAN 1    108           110     -2       76
......................................................


WIND (MPH)
  HIGHEST WIND SPEED    14   HIGHEST WIND DIRECTION    NE (30)
  HIGHEST GUST SPEED    18   HIGHEST GUST DIRECTION    NE (30)
  AVERAGE WIND SPEED     4.1


SKY COVER
  AVERAGE SKY COVER 0.5


WEATHER CONDITIONS
 THE FOLLOWING WEATHER WAS RECORDED YESTERDAY.
  FOG
  FOG W/VISIBILITY <= 1/4 MILE
  HAZE


RELATIVE HUMIDITY (PERCENT)
 HIGHEST   100           500 AM
 LOWEST     50           500 PM
 AVERAGE    75

..........................................................


THE SARANAC LAKE NY CLIMATE NORMALS FOR TODAY
                         NORMAL    RECORD    YEAR
 MAXIMUM TEMPERATURE (F)   71        91      1999
 MINIMUM TEMPERATURE (F)   45        33      2000


SUNRISE AND SUNSET
SEPTEMBER  4 2015.....SUNRISE   623 AM EDT   SUNSET   728 PM EDT
SEPTEMBER  5 2015.....SUNRISE   624 AM EDT   SUNSET   726 PM EDT


-  INDICATES NEGATIVE NUMBERS.
R  INDICATES RECORD WAS SET OR TIED.
MM INDICATES DATA IS MISSING.
T  INDICATES TRACE AMOUNT.




$$
