000
CDUS41 KBTV 280606
CLISLK


CLIMATE REPORT
NATIONAL WEATHER SERVICE BURLINGTON VT
104 AM EST FRI NOV 28 2014


...................................

...THE SARANAC LAKE NY CLIMATE SUMMARY FOR NOVEMBER 27 2014...

CLIMATE NORMAL PERIOD 1981 TO 2010
CLIMATE RECORD PERIOD 9999 TO 9999


WEATHER ITEM   OBSERVED TIME   NORMAL DEPARTURE LAST
                VALUE   (LST)  VALUE  FROM      YEAR
                                      NORMAL
......................................................
TEMPERATURE (F)
 YESTERDAY
  MAXIMUM         24    442 PM  37    -13       35
  MINIMUM         21   1158 PM  18      3       17
  AVERAGE         23            27     -4       26

PRECIPITATION (IN)
  YESTERDAY        0.01          0.11  -0.10     0.85
  MONTH TO DATE    1.97          3.03  -1.06     3.94
  SINCE SEP 1      7.20         10.37  -3.17     9.97
  SINCE JAN 1     33.16         34.91  -1.75    38.85

DEGREE DAYS
 HEATING
  YESTERDAY       42            38      4       39
  MONTH TO DATE  829           866    -37      962
  SINCE SEP 1   1753          1918   -165     1996
  SINCE JUL 1   2032          2158   -126     2209

 COOLING
  YESTERDAY        0             0      0        0
  MONTH TO DATE    0             0      0        0
  SINCE SEP 1     15             7      8       16
  SINCE JAN 1     83           114    -31      187
......................................................


WIND (MPH)
  HIGHEST WIND SPEED    10   HIGHEST WIND DIRECTION    NE (50)
  HIGHEST GUST SPEED    12   HIGHEST GUST DIRECTION    NE (60)
  AVERAGE WIND SPEED     2.4


SKY COVER
  AVERAGE SKY COVER 1.0


WEATHER CONDITIONS
 THE FOLLOWING WEATHER WAS RECORDED YESTERDAY.
  LIGHT SNOW
  FOG
  HAZE


RELATIVE HUMIDITY (PERCENT)
 HIGHEST    88           500 PM
 LOWEST     74           100 PM
 AVERAGE    81

..........................................................


THE SARANAC LAKE NY CLIMATE NORMALS FOR TODAY
                         NORMAL    RECORD    YEAR
 MAXIMUM TEMPERATURE (F)   36        MM        MM
 MINIMUM TEMPERATURE (F)   17        MM        MM


SUNRISE AND SUNSET
NOVEMBER 28 2014......SUNRISE   709 AM EST   SUNSET   420 PM EST
NOVEMBER 29 2014......SUNRISE   710 AM EST   SUNSET   420 PM EST


-  INDICATES NEGATIVE NUMBERS.
R  INDICATES RECORD WAS SET OR TIED.
MM INDICATES DATA IS MISSING.
T  INDICATES TRACE AMOUNT.




$$
