000
CDUS41 KBTV 251226
CLISLK


CLIMATE REPORT
NATIONAL WEATHER SERVICE BURLINGTON VT
826 AM EDT SAT OCT 25 2014


...................................

...THE SARANAC LAKE NY CLIMATE SUMMARY FOR OCTOBER 24 2014...

CLIMATE NORMAL PERIOD 1981 TO 2010
CLIMATE RECORD PERIOD 9999 TO 9999


WEATHER ITEM   OBSERVED TIME   NORMAL DEPARTURE LAST
                VALUE   (LST)  VALUE  FROM      YEAR
                                      NORMAL
......................................................
TEMPERATURE (F)
 YESTERDAY
  MAXIMUM         47    103 PM  51     -4       39
  MINIMUM         33   1159 PM  29      4       25
  AVERAGE         40            40      0       32

PRECIPITATION (IN)
  YESTERDAY        0.07          0.13  -0.06     0.03
  MONTH TO DATE    2.31          3.11  -0.80     1.95
  SINCE SEP 1      4.31          6.40  -2.09     5.52
  SINCE JAN 1     30.27         30.94  -0.67    34.40

DEGREE DAYS
 HEATING
  YESTERDAY       25            25      0       33
  MONTH TO DATE  423           522    -99      412
  SINCE SEP 1    758           867   -109      797
  SINCE JUL 1   1037          1107    -70     1010

 COOLING
  YESTERDAY        0             0      0        0
  MONTH TO DATE    2             0      2        0
  SINCE SEP 1     15             7      8       16
  SINCE JAN 1     83           114    -31      187
......................................................


WIND (MPH)
  HIGHEST WIND SPEED     9   HIGHEST WIND DIRECTION     N (340)
  HIGHEST GUST SPEED    14   HIGHEST GUST DIRECTION    NW (330)
  AVERAGE WIND SPEED     3.6


SKY COVER
  AVERAGE SKY COVER 1.0


WEATHER CONDITIONS
 THE FOLLOWING WEATHER WAS RECORDED YESTERDAY.
  LIGHT RAIN
  FOG
  FOG W/VISIBILITY <= 1/4 MILE


RELATIVE HUMIDITY (PERCENT)
 HIGHEST   100           100 AM
 LOWEST     76           100 PM
 AVERAGE    88

..........................................................


THE SARANAC LAKE NY CLIMATE NORMALS FOR TODAY
                         NORMAL    RECORD    YEAR
 MAXIMUM TEMPERATURE (F)   50        MM        MM
 MINIMUM TEMPERATURE (F)   29        MM        MM


SUNRISE AND SUNSET
OCTOBER 25 2014.......SUNRISE   725 AM EDT   SUNSET   556 PM EDT
OCTOBER 26 2014.......SUNRISE   726 AM EDT   SUNSET   555 PM EDT


-  INDICATES NEGATIVE NUMBERS.
R  INDICATES RECORD WAS SET OR TIED.
MM INDICATES DATA IS MISSING.
T  INDICATES TRACE AMOUNT.




$$
