000
CDUS41 KBTV 230524
CLISLK


CLIMATE REPORT
NATIONAL WEATHER SERVICE BURLINGTON VT
121 AM EDT WED AUG 23 2017


...................................

...THE SARANAC LAKE NY CLIMATE SUMMARY FOR AUGUST 22 2017...

CLIMATE NORMAL PERIOD 1981 TO 2010
CLIMATE RECORD PERIOD 9999 TO 9999


WEATHER ITEM   OBSERVED TIME   NORMAL DEPARTURE LAST
                VALUE   (LST)  VALUE  FROM      YEAR
                                      NORMAL
......................................................
TEMPERATURE (F)
 YESTERDAY
  MAXIMUM         82    141 PM  74      8       64
  MINIMUM         51    525 AM  48      3       48
  AVERAGE         67            61      6       56

PRECIPITATION (IN)
  YESTERDAY        1.04          0.13   0.91     0.00
  MONTH TO DATE    3.51          2.92   0.59     2.96
  SINCE JUN 1     15.40         10.96   4.44     9.03
  SINCE JAN 1     31.49         23.31   8.18    21.54

DEGREE DAYS
 HEATING
  YESTERDAY        0             5     -5        9
  MONTH TO DATE   68            94    -26       26
  SINCE JUN 1    378           372      6      314
  SINCE JUL 1    160           188    -28       99

 COOLING
  YESTERDAY        2             1      1        0
  MONTH TO DATE   14            22     -8       54
  SINCE JUN 1     47            94    -47      118
  SINCE JAN 1     53            97    -44      136
......................................................


WIND (MPH)
  HIGHEST WIND SPEED    31   HIGHEST WIND DIRECTION     S (200)
  HIGHEST GUST SPEED    40   HIGHEST GUST DIRECTION     S (190)
  AVERAGE WIND SPEED     9.2


SKY COVER
  AVERAGE SKY COVER 0.6


WEATHER CONDITIONS
 THE FOLLOWING WEATHER WAS RECORDED YESTERDAY.
  THUNDERSTORM
  HEAVY RAIN
  RAIN
  LIGHT RAIN
  FOG
  FOG W/VISIBILITY <= 1/4 MILE
  HAZE


RELATIVE HUMIDITY (PERCENT)
 HIGHEST   100          1200 AM
 LOWEST     62           100 PM
 AVERAGE    81

..........................................................


THE SARANAC LAKE NY CLIMATE NORMALS FOR TODAY
                         NORMAL    RECORD    YEAR
 MAXIMUM TEMPERATURE (F)   73        81      2008
 MINIMUM TEMPERATURE (F)   48        37      2016


SUNRISE AND SUNSET
AUGUST 23 2017........SUNRISE   609 AM EDT   SUNSET   748 PM EDT
AUGUST 24 2017........SUNRISE   611 AM EDT   SUNSET   747 PM EDT


-  INDICATES NEGATIVE NUMBERS.
R  INDICATES RECORD WAS SET OR TIED.
MM INDICATES DATA IS MISSING.
T  INDICATES TRACE AMOUNT.




$$
