000
CDUS41 KBTV 180542
CLISLK


CLIMATE REPORT
NATIONAL WEATHER SERVICE BURLINGTON VT
1240 AM EST THU DEC 18 2014


...................................

...THE SARANAC LAKE NY CLIMATE SUMMARY FOR DECEMBER 17 2014...

CLIMATE NORMAL PERIOD 1981 TO 2010
CLIMATE RECORD PERIOD 9999 TO 9999


WEATHER ITEM   OBSERVED TIME   NORMAL DEPARTURE LAST
                VALUE   (LST)  VALUE  FROM      YEAR
                                      NORMAL
......................................................
TEMPERATURE (F)
 YESTERDAY
  MAXIMUM         36    226 PM  28      8       17
  MINIMUM         32   1159 PM   8     24      -28
  AVERAGE         34            18     16       -5

PRECIPITATION (IN)
  YESTERDAY        0.08          0.07   0.01      T
  MONTH TO DATE    0.83          1.39  -0.56     0.53
  SINCE DEC 1      0.83          1.39  -0.56     0.53
  SINCE JAN 1     34.05         36.62  -2.57    39.38

DEGREE DAYS
 HEATING
  YESTERDAY       31            47    -16       70
  MONTH TO DATE  692           739    -47      837
  SINCE DEC 1    692           739    -47      837
  SINCE JUL 1   2856          3014   -158     3223

 COOLING
  YESTERDAY        0             0      0        0
  MONTH TO DATE    0             0      0        0
  SINCE DEC 1      0             0      0        0
  SINCE JAN 1     83           114    -31      187
......................................................


WIND (MPH)
  HIGHEST WIND SPEED    12   HIGHEST WIND DIRECTION    SW (240)
  HIGHEST GUST SPEED    18   HIGHEST GUST DIRECTION    SW (240)
  AVERAGE WIND SPEED     3.8


SKY COVER
  AVERAGE SKY COVER 1.0


WEATHER CONDITIONS
 THE FOLLOWING WEATHER WAS RECORDED YESTERDAY.
  LIGHT SNOW
  FOG
  HAZE


RELATIVE HUMIDITY (PERCENT)
 HIGHEST   100          1000 AM
 LOWEST     89           300 PM
 AVERAGE    95

..........................................................


THE SARANAC LAKE NY CLIMATE NORMALS FOR TODAY
                         NORMAL    RECORD    YEAR
 MAXIMUM TEMPERATURE (F)   28        MM        MM
 MINIMUM TEMPERATURE (F)    8        MM        MM


SUNRISE AND SUNSET
DECEMBER 18 2014......SUNRISE   728 AM EST   SUNSET   419 PM EST
DECEMBER 19 2014......SUNRISE   729 AM EST   SUNSET   419 PM EST


-  INDICATES NEGATIVE NUMBERS.
R  INDICATES RECORD WAS SET OR TIED.
MM INDICATES DATA IS MISSING.
T  INDICATES TRACE AMOUNT.




$$
