000
CDUS41 KBTV 220527
CLISLK


CLIMATE REPORT
NATIONAL WEATHER SERVICE BURLINGTON VT
121 AM EDT WED MAR 22 2017


...................................

...THE SARANAC LAKE NY CLIMATE SUMMARY FOR MARCH 21 2017...

CLIMATE NORMAL PERIOD 1981 TO 2010
CLIMATE RECORD PERIOD 9999 TO 9999


WEATHER ITEM   OBSERVED TIME   NORMAL DEPARTURE LAST
                VALUE   (LST)  VALUE  FROM      YEAR
                                      NORMAL
......................................................
TEMPERATURE (F)
 YESTERDAY
  MAXIMUM         36    206 PM  38     -2       37
  MINIMUM         27    823 PM  15     12       12
  AVERAGE         32            26      6       25

PRECIPITATION (IN)
  YESTERDAY        0.05          0.08  -0.03      T
  MONTH TO DATE    1.05          1.41  -0.36     1.53
  SINCE MAR 1      1.05          1.41  -0.36     1.53
  SINCE JAN 1      5.59          5.15   0.44     5.41

DEGREE DAYS
 HEATING
  YESTERDAY       33            38     -5       40
  MONTH TO DATE 1002           897    105      735
  SINCE MAR 1   1002           897    105      735
  SINCE JUL 1   6698          7602   -904     6330

 COOLING
  YESTERDAY        0             0      0        0
  MONTH TO DATE    0             0      0        0
  SINCE MAR 1      0             0      0        0
  SINCE JAN 1      0             0      0        0
......................................................


WIND (MPH)
  HIGHEST WIND SPEED    13   HIGHEST WIND DIRECTION    SW (240)
  HIGHEST GUST SPEED    25   HIGHEST GUST DIRECTION     W (290)
  AVERAGE WIND SPEED     4.5


SKY COVER
  AVERAGE SKY COVER 1.0


WEATHER CONDITIONS
 THE FOLLOWING WEATHER WAS RECORDED YESTERDAY.
  LIGHT SNOW
  FOG


RELATIVE HUMIDITY (PERCENT)
 HIGHEST   100           900 AM
 LOWEST     78          1200 AM
 AVERAGE    89

..........................................................


THE SARANAC LAKE NY CLIMATE NORMALS FOR TODAY
                         NORMAL    RECORD    YEAR
 MAXIMUM TEMPERATURE (F)   39        75      2012
 MINIMUM TEMPERATURE (F)   15        -8      2004


SUNRISE AND SUNSET
MARCH 22 2017.........SUNRISE   656 AM EDT   SUNSET   712 PM EDT
MARCH 23 2017.........SUNRISE   654 AM EDT   SUNSET   713 PM EDT


-  INDICATES NEGATIVE NUMBERS.
R  INDICATES RECORD WAS SET OR TIED.
MM INDICATES DATA IS MISSING.
T  INDICATES TRACE AMOUNT.




$$
