000
CDUS41 KBTV 210520
CLISLK


CLIMATE REPORT
NATIONAL WEATHER SERVICE BURLINGTON VT
119 AM EDT SAT OCT 21 2017


...................................

...THE SARANAC LAKE NY CLIMATE SUMMARY FOR OCTOBER 20 2017...

CLIMATE NORMAL PERIOD 1981 TO 2010
CLIMATE RECORD PERIOD 9999 TO 9999


WEATHER ITEM   OBSERVED TIME   NORMAL DEPARTURE LAST
                VALUE   (LST)  VALUE  FROM      YEAR
                                      NORMAL
......................................................
TEMPERATURE (F)
 YESTERDAY
  MAXIMUM         62    326 PM  52     10       51
  MINIMUM         35   1147 PM  30      5       33
  AVERAGE         49            41      8       42

PRECIPITATION (IN)
  YESTERDAY        0.00          0.13  -0.13     0.83
  MONTH TO DATE    3.63          2.57   1.06     1.91
  SINCE SEP 1      5.71          5.86  -0.15     4.21
  SINCE JAN 1     37.37         30.40   6.97    26.13

DEGREE DAYS
 HEATING
  YESTERDAY       16            24     -8       23
  MONTH TO DATE  283           423   -140      290
  SINCE SEP 1    534           768   -234      557
  SINCE JUL 1    806          1008   -202      678

 COOLING
  YESTERDAY        0             0      0        0
  MONTH TO DATE    0             0      0        0
  SINCE SEP 1     16             7      9       15
  SINCE JAN 1     69           114    -45      166
......................................................


WIND (MPH)
  HIGHEST WIND SPEED    14   HIGHEST WIND DIRECTION     W (270)
  HIGHEST GUST SPEED    22   HIGHEST GUST DIRECTION     W (280)
  AVERAGE WIND SPEED     5.5


SKY COVER
  AVERAGE SKY COVER 0.0


WEATHER CONDITIONS
 THE FOLLOWING WEATHER WAS RECORDED YESTERDAY.
  NO SIGNIFICANT WEATHER WAS OBSERVED.


RELATIVE HUMIDITY (PERCENT)
 HIGHEST    92          1000 PM
 LOWEST     29           100 PM
 AVERAGE    61

..........................................................


THE SARANAC LAKE NY CLIMATE NORMALS FOR TODAY
                         NORMAL    RECORD    YEAR
 MAXIMUM TEMPERATURE (F)   52        74      2007
 MINIMUM TEMPERATURE (F)   30        19      2002


SUNRISE AND SUNSET
OCTOBER 21 2017.......SUNRISE   720 AM EDT   SUNSET   602 PM EDT
OCTOBER 22 2017.......SUNRISE   721 AM EDT   SUNSET   601 PM EDT


-  INDICATES NEGATIVE NUMBERS.
R  INDICATES RECORD WAS SET OR TIED.
MM INDICATES DATA IS MISSING.
T  INDICATES TRACE AMOUNT.




$$
