000
CDUS43 KICT 270706
CLISLN


CLIMATE REPORT
NATIONAL WEATHER SERVICE WICHITA KS
105 AM CST THU NOV 27 2014


...................................

...THE SALINA KS CLIMATE SUMMARY FOR NOVEMBER 26 2014...

CLIMATE NORMAL PERIOD 1981 TO 2010
CLIMATE RECORD PERIOD 1894 TO 2014


WEATHER ITEM   OBSERVED TIME   RECORD YEAR NORMAL DEPARTURE LAST
                VALUE   (LST)  VALUE       VALUE  FROM      YEAR
                                                  NORMAL
..................................................................
TEMPERATURE (F)
 YESTERDAY
  MAXIMUM         46    252 AM  76    1910  49     -3       40
  MINIMUM         24    934 PM  -2    1975  28     -4       16
  AVERAGE         35                        38     -3       28

PRECIPITATION (IN)
  YESTERDAY        0.00          0.65 1962   0.03  -0.03     0.00
  MONTH TO DATE    0.13                      1.10  -0.97     0.35
  SINCE SEP 1      5.83                      6.07  -0.24     3.17
  SINCE JAN 1     27.11                     30.41  -3.30    29.41

DEGREE DAYS
 HEATING
  YESTERDAY       30                        27      3       37
  MONTH TO DATE  674                       524    150      560
  SINCE SEP 1    908                       841     67      862
  SINCE JUL 1    908                       842     66      865

 COOLING
  YESTERDAY        0                         0      0        0
  MONTH TO DATE    0                         0      0        0
  SINCE SEP 1    243                       239      4      356
  SINCE JAN 1   1801                      1646    155     1750
..................................................................


WIND (MPH)
  HIGHEST WIND SPEED    38   HIGHEST WIND DIRECTION    NW (330)
  HIGHEST GUST SPEED    45   HIGHEST GUST DIRECTION    NW (320)
  AVERAGE WIND SPEED    16.3


SKY COVER
  POSSIBLE SUNSHINE  MM
  AVERAGE SKY COVER 0.4


WEATHER CONDITIONS
 THE FOLLOWING WEATHER WAS RECORDED YESTERDAY.
  NO SIGNIFICANT WEATHER WAS OBSERVED.


RELATIVE HUMIDITY (PERCENT)
 HIGHEST    75           900 PM
 LOWEST     40          1100 AM
 AVERAGE    58

..........................................................


THE SALINA KS CLIMATE NORMALS FOR TODAY
                         NORMAL    RECORD    YEAR
 MAXIMUM TEMPERATURE (F)   48        73      1933
 MINIMUM TEMPERATURE (F)   27        -2      1975


SUNRISE AND SUNSET
NOVEMBER 27 2014......SUNRISE   726 AM CST   SUNSET   510 PM CST
NOVEMBER 28 2014......SUNRISE   727 AM CST   SUNSET   510 PM CST


-  INDICATES NEGATIVE NUMBERS.
R  INDICATES RECORD WAS SET OR TIED.
MM INDICATES DATA IS MISSING.
T  INDICATES TRACE AMOUNT.




$$
