000
CDUS43 KICT 070657
CLISLN


CLIMATE REPORT
NATIONAL WEATHER SERVICE WICHITA KS
1256 AM CST WED DEC 7 2016


...................................

...THE SALINA KS CLIMATE SUMMARY FOR DECEMBER 6 2016...

CLIMATE NORMAL PERIOD 1981 TO 2010
CLIMATE RECORD PERIOD 1894 TO 2016


WEATHER ITEM   OBSERVED TIME   RECORD YEAR NORMAL DEPARTURE LAST
                VALUE   (LST)  VALUE       VALUE  FROM      YEAR
                                                  NORMAL
..................................................................
TEMPERATURE (F)
 YESTERDAY
  MAXIMUM         42    229 PM  81    1939  44     -2       59
  MINIMUM         24    725 PM  -5    1950  24      0       31
  AVERAGE         33                        34     -1       45

PRECIPITATION (IN)
  YESTERDAY        0.00          0.98 1994   0.03  -0.03     0.00
  MONTH TO DATE    0.53                      0.22   0.31      T
  SINCE DEC 1      0.53                      0.22   0.31      T
  SINCE JAN 1     27.05                     30.78  -3.73    28.35

DEGREE DAYS
 HEATING
  YESTERDAY       32                        31      1       20
  MONTH TO DATE  163                       179    -16      140
  SINCE DEC 1    163                       179    -16      140
  SINCE JUL 1    706                      1131   -425      772

 COOLING
  YESTERDAY        0                         0      0        0
  MONTH TO DATE    0                         0      0        0
  SINCE DEC 1      0                         0      0        0
  SINCE JAN 1   2009                      1647    362     1869
..................................................................


WIND (MPH)
  HIGHEST WIND SPEED    33   HIGHEST WIND DIRECTION     N (350)
  HIGHEST GUST SPEED    39   HIGHEST GUST DIRECTION     N (350)
  AVERAGE WIND SPEED     8.8


SKY COVER
  POSSIBLE SUNSHINE  MM
  AVERAGE SKY COVER 0.2


WEATHER CONDITIONS
 THE FOLLOWING WEATHER WAS RECORDED YESTERDAY.
  NO SIGNIFICANT WEATHER WAS OBSERVED.


RELATIVE HUMIDITY (PERCENT)
 HIGHEST    75           700 AM
 LOWEST     28           400 PM
 AVERAGE    52

..........................................................


THE SALINA KS CLIMATE NORMALS FOR TODAY
                         NORMAL    RECORD    YEAR
 MAXIMUM TEMPERATURE (F)   44        68      1933
 MINIMUM TEMPERATURE (F)   24        -4      1908


SUNRISE AND SUNSET
DECEMBER  7 2016......SUNRISE   736 AM CST   SUNSET   509 PM CST
DECEMBER  8 2016......SUNRISE   737 AM CST   SUNSET   509 PM CST


-  INDICATES NEGATIVE NUMBERS.
R  INDICATES RECORD WAS SET OR TIED.
MM INDICATES DATA IS MISSING.
T  INDICATES TRACE AMOUNT.




$$
