000
CDUS46 KLOX 270114
CLISMX


CLIMATE REPORT
NATIONAL WEATHER SERVICE LOS ANGELES/OXNARD CA
614 PM PDT WED APR 26 2017


...................................

...THE SANTA MARIA AIRPORT CA CLIMATE SUMMARY FOR APRIL 26 2017...
VALID TODAY AS OF 0600 PM LOCAL TIME.

CLIMATE NORMAL PERIOD 1981 TO 2010
CLIMATE RECORD PERIOD 1906 TO 2017


WEATHER ITEM   OBSERVED TIME   RECORD YEAR NORMAL DEPARTURE LAST
                VALUE   (LST)  VALUE       VALUE  FROM      YEAR
                                                  NORMAL
..................................................................
TEMPERATURE (F)
 TODAY
  MAXIMUM         69   1127 AM 100    2004  68      1       67
  MINIMUM         50    104 AM  33    1984  45      5       42
                                      1975
  AVERAGE         60                        56      4       55

PRECIPITATION (IN)
  TODAY            0.00          1.28 1960   0.02  -0.02     0.00
  MONTH TO DATE    1.18                      0.90   0.28     0.52
  SINCE OCT 1     18.10                     13.33   4.77     8.76
  SINCE JAN 1     13.30                      9.28   4.02     6.88

SNOWFALL (IN)
  TODAY            0.0
  MONTH TO DATE    0.0
  SINCE MAR 1      0.0
  SINCE JUL 1      0.0

DEGREE DAYS
 HEATING
  TODAY            5                         9     -4
  MONTH TO DATE  179                       250    -71
  SINCE MAR 1    415                       590   -175
  SINCE JUL 1   2139                      2423   -284

 COOLING
  TODAY            0                         0      0
  MONTH TO DATE    4                         0      4
  SINCE MAR 1     10                         1      9
  SINCE JAN 1     10                         2      8
..................................................................


WIND (MPH)
  HIGHEST WIND SPEED    31   HIGHEST WIND DIRECTION    NW (300)
  HIGHEST GUST SPEED    38   HIGHEST GUST DIRECTION     W (290)
  AVERAGE WIND SPEED    17.5


SKY COVER
  POSSIBLE SUNSHINE  MM
  AVERAGE SKY COVER 0.3


WEATHER CONDITIONS
 THE FOLLOWING WEATHER WAS RECORDED TODAY.
  NO SIGNIFICANT WEATHER WAS OBSERVED.


RELATIVE HUMIDITY (PERCENT)
 HIGHEST    96          1200 AM
 LOWEST     59          1100 AM
 AVERAGE    78

..........................................................


THE SANTA MARIA AIRPORT CA CLIMATE NORMALS FOR TOMORROW
                         NORMAL    RECORD    YEAR
 MAXIMUM TEMPERATURE (F)   68       101      2004
 MINIMUM TEMPERATURE (F)   45        31      1984


SUNRISE AND SUNSET
APRIL 26 2017.........SUNRISE   616 AM PDT   SUNSET   743 PM PDT
APRIL 27 2017.........SUNRISE   615 AM PDT   SUNSET   744 PM PDT


-  INDICATES NEGATIVE NUMBERS.
R  INDICATES RECORD WAS SET OR TIED.
MM INDICATES DATA IS MISSING.
T  INDICATES TRACE AMOUNT.




$$
