000
CDUS46 KLOX 220902
CLISMX


CLIMATE REPORT
NATIONAL WEATHER SERVICE LOS ANGELES/OXNARD CA
202 AM PDT MON SEP 22 2014


...................................

...THE SANTA MARIA AIRPORT CA CLIMATE SUMMARY FOR SEPTEMBER 21 2014...

CLIMATE NORMAL PERIOD 1981 TO 2010
CLIMATE RECORD PERIOD 1906 TO 2014


WEATHER ITEM   OBSERVED TIME   RECORD YEAR NORMAL DEPARTURE LAST
                VALUE   (LST)  VALUE       VALUE  FROM      YEAR
                                                  NORMAL
..................................................................
TEMPERATURE (F)
 YESTERDAY
  MAXIMUM         74    216 PM  98    1939  74      0       76
  MINIMUM         62    937 PM  38    1926  52     10       57
  AVERAGE         68                        63      5       67

PRECIPITATION (IN)
  YESTERDAY        0.00          0.32 1990   0.01  -0.01      T
  MONTH TO DATE    0.00                      0.08  -0.08      T
  SINCE JUL 1      T                         0.13  -0.13     0.01
  SINCE JAN 1      4.01                      9.84  -5.83     2.50

SNOWFALL (IN)
  YESTERDAY        0.0
  MONTH TO DATE    0.0
  SINCE SEP 1      0.0
  SINCE JUL 1      0.0

DEGREE DAYS
 HEATING
  YESTERDAY        0                         3     -3
  MONTH TO DATE    0                        53    -53
  SINCE SEP 1      0                        53    -53
  SINCE JUL 1      0                       189   -189

 COOLING
  YESTERDAY        3                         1      2
  MONTH TO DATE   69                        21     48
  SINCE SEP 1     69                        21     48
  SINCE JAN 1    414                        76    338
..................................................................


WIND (MPH)
  HIGHEST WIND SPEED    18   HIGHEST WIND DIRECTION     W (290)
  HIGHEST GUST SPEED    25   HIGHEST GUST DIRECTION    NW (300)
  AVERAGE WIND SPEED     7.9


SKY COVER
  POSSIBLE SUNSHINE  MM
  AVERAGE SKY COVER 0.7


WEATHER CONDITIONS
 THE FOLLOWING WEATHER WAS RECORDED YESTERDAY.
  FOG
  HAZE


RELATIVE HUMIDITY (PERCENT)
 HIGHEST    84           500 AM
 LOWEST     57          1200 PM
 AVERAGE    71

..........................................................


THE SANTA MARIA AIRPORT CA CLIMATE NORMALS FOR TODAY
                         NORMAL    RECORD    YEAR
 MAXIMUM TEMPERATURE (F)   74       106      1939
 MINIMUM TEMPERATURE (F)   52        42      1948


SUNRISE AND SUNSET
SEPTEMBER 22 2014.....SUNRISE   650 AM PDT   SUNSET   658 PM PDT
SEPTEMBER 23 2014.....SUNRISE   651 AM PDT   SUNSET   657 PM PDT


-  INDICATES NEGATIVE NUMBERS.
R  INDICATES RECORD WAS SET OR TIED.
MM INDICATES DATA IS MISSING.
T  INDICATES TRACE AMOUNT.




$$
