000
CDUS46 KLOX 240113
CLISMX


CLIMATE REPORT
NATIONAL WEATHER SERVICE LOS ANGELES/OXNARD CA
512 PM PST FRI FEB 23 2018


...................................

...THE SANTA MARIA AIRPORT CA CLIMATE SUMMARY FOR FEBRUARY 23 2018...
VALID TODAY AS OF 0500 PM LOCAL TIME.

CLIMATE NORMAL PERIOD 1981 TO 2010
CLIMATE RECORD PERIOD 1906 TO 2018


WEATHER ITEM   OBSERVED TIME   RECORD YEAR NORMAL DEPARTURE LAST
                VALUE   (LST)  VALUE       VALUE  FROM      YEAR
                                                  NORMAL
..................................................................
TEMPERATURE (F)
 TODAY
  MAXIMUM         60    215 PM  85    1954  64     -4       56
  MINIMUM         31    608 AM  29    1975  42    -11       34
  AVERAGE         46                        53     -7       45

PRECIPITATION (IN)
  TODAY            0.00          0.95 2000   0.11  -0.11     0.00
  MONTH TO DATE    T                         2.46  -2.46     5.31
  SINCE OCT 1      2.02                      9.26  -7.24    15.95
  SINCE JAN 1      1.90                      5.21  -3.31    11.15

SNOWFALL (IN)
  TODAY            0.0
  MONTH TO DATE    0.0
  SINCE DEC 1      0.0
  SINCE JUL 1      0.0

DEGREE DAYS
 HEATING
  TODAY           19                        12      7
  MONTH TO DATE  227                       284    -57
  SINCE DEC 1    755                      1130   -375
  SINCE JUL 1   1028                      1776   -748

 COOLING
  TODAY            0                         0      0
  MONTH TO DATE    0                         0      0
  SINCE DEC 1      0                         0      0
  SINCE JAN 1      0                         0      0
..................................................................


WIND (MPH)
  HIGHEST WIND SPEED    28   HIGHEST WIND DIRECTION    NW (300)
  HIGHEST GUST SPEED    32   HIGHEST GUST DIRECTION    NW (300)
  AVERAGE WIND SPEED     8.3


SKY COVER
  POSSIBLE SUNSHINE  MM
  AVERAGE SKY COVER 0.1


WEATHER CONDITIONS
 THE FOLLOWING WEATHER WAS RECORDED TODAY.
  NO SIGNIFICANT WEATHER WAS OBSERVED.


RELATIVE HUMIDITY (PERCENT)
 HIGHEST    89           500 AM
 LOWEST     24           200 PM
 AVERAGE    57

..........................................................


THE SANTA MARIA AIRPORT CA CLIMATE NORMALS FOR TOMORROW
                         NORMAL    RECORD    YEAR
 MAXIMUM TEMPERATURE (F)   64        83      1947
 MINIMUM TEMPERATURE (F)   43        30      1964
                                             1953


SUNRISE AND SUNSET
FEBRUARY 23 2018......SUNRISE   638 AM PST   SUNSET   552 PM PST
FEBRUARY 24 2018......SUNRISE   637 AM PST   SUNSET   553 PM PST


-  INDICATES NEGATIVE NUMBERS.
R  INDICATES RECORD WAS SET OR TIED.
MM INDICATES DATA IS MISSING.
T  INDICATES TRACE AMOUNT.




$$
