000
CDUS46 KLOX 010128
CLISMX


CLIMATE REPORT
NATIONAL WEATHER SERVICE LOS ANGELES/OXNARD CA
628 PM PDT WED AUG 31 2016


...................................

...THE SANTA MARIA AIRPORT CA CLIMATE SUMMARY FOR AUGUST 31 2016...
VALID TODAY AS OF 0600 PM LOCAL TIME.

CLIMATE NORMAL PERIOD 1981 TO 2010
CLIMATE RECORD PERIOD 1906 TO 2016


WEATHER ITEM   OBSERVED TIME   RECORD YEAR NORMAL DEPARTURE LAST
                VALUE   (LST)  VALUE       VALUE  FROM      YEAR
                                                  NORMAL
..................................................................
TEMPERATURE (F)
 TODAY
  MAXIMUM         70    128 PM  94    1947  74     -4       76
  MINIMUM         51    447 AM  44    1925  54     -3       55
                                      1919
                                      1917
  AVERAGE         61                        64     -3       66

PRECIPITATION (IN)
  TODAY            0.00          0.10 1964   0.00   0.00     0.00
  MONTH TO DATE    T                         0.02  -0.02      T
  SINCE OCT 1      9.00                     13.81  -4.81     7.78
  SINCE JAN 1      7.12                      9.76  -2.64     2.22

SNOWFALL (IN)
  TODAY            0.0
  MONTH TO DATE    0.0
  SINCE JUN 1      0.0
  SINCE JUL 1      0.0

DEGREE DAYS
 HEATING
  TODAY            4                         2      2
  MONTH TO DATE   75                        62     13
  SINCE JUN 1    214                       277    -63
  SINCE JUL 1    136                       136      0

 COOLING
  TODAY            0                         1     -1
  MONTH TO DATE    3                        20    -17
  SINCE JUN 1     14                        45    -31
  SINCE JAN 1     52                        55     -3
..................................................................


WIND (MPH)
  HIGHEST WIND SPEED    21   HIGHEST WIND DIRECTION    NW (300)
  HIGHEST GUST SPEED    24   HIGHEST GUST DIRECTION    NW (300)
  AVERAGE WIND SPEED    10.4


SKY COVER
  POSSIBLE SUNSHINE  MM
  AVERAGE SKY COVER 0.1


WEATHER CONDITIONS
 THE FOLLOWING WEATHER WAS RECORDED TODAY.
  NO SIGNIFICANT WEATHER WAS OBSERVED.


RELATIVE HUMIDITY (PERCENT)
 HIGHEST    93           100 AM
 LOWEST     63           200 PM
 AVERAGE    78

..........................................................


THE SANTA MARIA AIRPORT CA CLIMATE NORMALS FOR TOMORROW
                         NORMAL    RECORD    YEAR
 MAXIMUM TEMPERATURE (F)   74        92      1984
 MINIMUM TEMPERATURE (F)   54        43      1919
                                             1917


SUNRISE AND SUNSET
AUGUST 31 2016........SUNRISE   634 AM PDT   SUNSET   729 PM PDT
SEPTEMBER  1 2016.....SUNRISE   635 AM PDT   SUNSET   727 PM PDT


-  INDICATES NEGATIVE NUMBERS.
R  INDICATES RECORD WAS SET OR TIED.
MM INDICATES DATA IS MISSING.
T  INDICATES TRACE AMOUNT.




$$
