000
CDUS46 KLOX 240902
CLISMX


CLIMATE REPORT
NATIONAL WEATHER SERVICE LOS ANGELES/OXNARD CA
202 AM PDT THU JUL 24 2014


...................................

...THE SANTA MARIA AIRPORT CA CLIMATE SUMMARY FOR JULY 23 2014...

CLIMATE NORMAL PERIOD 1981 TO 2010
CLIMATE RECORD PERIOD 1906 TO 2014


WEATHER ITEM   OBSERVED TIME   RECORD YEAR NORMAL DEPARTURE LAST
                VALUE   (LST)  VALUE       VALUE  FROM      YEAR
                                                  NORMAL
..................................................................
TEMPERATURE (F)
 YESTERDAY
  MAXIMUM         82   1240 PM  90    2006  73      9       79
  MINIMUM         58    539 AM  44    1926  54      4       58
  AVERAGE         70                        64      6       69

PRECIPITATION (IN)
  YESTERDAY        0.00          T    1984   0.00   0.00     0.00
  MONTH TO DATE    T                         0.02  -0.02     0.01
  SINCE JUL 1      T                         0.02  -0.02     0.01
  SINCE JAN 1      4.01                      9.73  -5.72     2.50

SNOWFALL (IN)
  YESTERDAY        0.0
  MONTH TO DATE    0.0
  SINCE JUN 1      0.0
  SINCE JUL 1      0.0

DEGREE DAYS
 HEATING
  YESTERDAY        0                         2     -2
  MONTH TO DATE    0                        57    -57
  SINCE JUN 1     60                       198   -138
  SINCE JUL 1      0                        57    -57

 COOLING
  YESTERDAY        5                         1      4
  MONTH TO DATE   77                        18     59
  SINCE JUN 1     85                        24     61
  SINCE JAN 1    191                        34    157
..................................................................


WIND (MPH)
  HIGHEST WIND SPEED    28   HIGHEST WIND DIRECTION    NW (300)
  HIGHEST GUST SPEED    33   HIGHEST GUST DIRECTION     W (290)
  AVERAGE WIND SPEED    10.8


SKY COVER
  POSSIBLE SUNSHINE  MM
  AVERAGE SKY COVER 0.0


WEATHER CONDITIONS
 THE FOLLOWING WEATHER WAS RECORDED YESTERDAY.
  FOG
  HAZE


RELATIVE HUMIDITY (PERCENT)
 HIGHEST    90          1000 PM
 LOWEST     42          1100 AM
 AVERAGE    66

..........................................................


THE SANTA MARIA AIRPORT CA CLIMATE NORMALS FOR TODAY
                         NORMAL    RECORD    YEAR
 MAXIMUM TEMPERATURE (F)   73        84      2006
 MINIMUM TEMPERATURE (F)   54        43      1923


SUNRISE AND SUNSET
JULY 24 2014..........SUNRISE   606 AM PDT   SUNSET   811 PM PDT
JULY 25 2014..........SUNRISE   606 AM PDT   SUNSET   810 PM PDT


-  INDICATES NEGATIVE NUMBERS.
R  INDICATES RECORD WAS SET OR TIED.
MM INDICATES DATA IS MISSING.
T  INDICATES TRACE AMOUNT.




$$
