537
CDUS46 KLOX 220901
CLISMX


CLIMATE REPORT
NATIONAL WEATHER SERVICE LOS ANGELES/OXNARD CA
101 AM PST WED NOV 22 2017


...................................

...THE SANTA MARIA AIRPORT CA CLIMATE SUMMARY FOR NOVEMBER 21 2017...

CLIMATE NORMAL PERIOD 1981 TO 2010
CLIMATE RECORD PERIOD 1906 TO 2017


WEATHER ITEM   OBSERVED TIME   RECORD YEAR NORMAL DEPARTURE LAST
                VALUE   (LST)  VALUE       VALUE  FROM      YEAR
                                                  NORMAL
..................................................................
TEMPERATURE (F)
 YESTERDAY
  MAXIMUM         87R   157 PM  87    1917  67     20       62
  MINIMUM         54    628 AM  25    1931  42     12       47
  AVERAGE         71                        55     16       55

PRECIPITATION (IN)
  YESTERDAY        0.00          0.88 1996   0.05  -0.05     0.04
  MONTH TO DATE    0.02                      0.89  -0.87     0.73
  SINCE OCT 1      0.05                      1.49  -1.44     2.01
  SINCE JAN 1     14.16                     11.39   2.77     9.13

SNOWFALL (IN)
  YESTERDAY        0.0
  MONTH TO DATE    0.0
  SINCE SEP 1      0.0
  SINCE JUL 1      0.0

DEGREE DAYS
 HEATING
  YESTERDAY        0                        10    -10
  MONTH TO DATE   99                       178    -79
  SINCE SEP 1    195                       406   -211
  SINCE JUL 1    236                       542   -306

 COOLING
  YESTERDAY        6                         0      6
  MONTH TO DATE    6                         0      6
  SINCE SEP 1    219                        45    174
  SINCE JAN 1    319                       100    219
..................................................................


WIND (MPH)
  HIGHEST WIND SPEED    12   HIGHEST WIND DIRECTION    NW (310)
  HIGHEST GUST SPEED    14   HIGHEST GUST DIRECTION     W (290)
  AVERAGE WIND SPEED     3.9


SKY COVER
  POSSIBLE SUNSHINE  MM
  AVERAGE SKY COVER 0.1


WEATHER CONDITIONS
 THE FOLLOWING WEATHER WAS RECORDED YESTERDAY.
  NO SIGNIFICANT WEATHER WAS OBSERVED.


RELATIVE HUMIDITY (PERCENT)
 HIGHEST    83          1200 AM
 LOWEST     29           200 PM
 AVERAGE    56

..........................................................


THE SANTA MARIA AIRPORT CA CLIMATE NORMALS FOR TODAY
                         NORMAL    RECORD    YEAR
 MAXIMUM TEMPERATURE (F)   67        89      1933
 MINIMUM TEMPERATURE (F)   42        27      1931


SUNRISE AND SUNSET
NOVEMBER 22 2017......SUNRISE   643 AM PST   SUNSET   453 PM PST
NOVEMBER 23 2017......SUNRISE   644 AM PST   SUNSET   452 PM PST


-  INDICATES NEGATIVE NUMBERS.
R  INDICATES RECORD WAS SET OR TIED.
MM INDICATES DATA IS MISSING.
T  INDICATES TRACE AMOUNT.




$$
