000
CDUS46 KSGX 300016
CLISNA


CLIMATE REPORT
NATIONAL WEATHER SERVICE SAN DIEGO, CA
516 PM PDT SUN MAY 29 2016


...................................

...THE JOHN WAYNE AIRPORT CA CLIMATE SUMMARY FOR MAY 29 2016...
VALID TODAY AS OF 0500 PM LOCAL TIME.

CLIMATE NORMAL PERIOD 1981 TO 2010
CLIMATE RECORD PERIOD 1999 TO 2016


WEATHER ITEM   OBSERVED TIME   RECORD YEAR NORMAL DEPARTURE LAST
                VALUE   (LST)  VALUE       VALUE  FROM      YEAR
                                                  NORMAL
..................................................................
TEMPERATURE (F)
 TODAY
  MAXIMUM         70    252 PM  84    2010  72     -2       73
  MINIMUM         61    513 AM  56    2011  60      1       60
                                      2010
                                      2008
  AVERAGE         66                        66      0       67

PRECIPITATION (IN)
  TODAY            0.00          T    2009   0.00   0.00     0.00
                                      2009
                                      2011
  MONTH TO DATE    0.09                      0.23  -0.14     1.07
  SINCE OCT 1      4.97                     12.96  -7.99     6.85
  SINCE JAN 1      3.75                      8.88  -5.13     3.05

DEGREE DAYS
 HEATING
  TODAY            0                         1     -1        0
  MONTH TO DATE   27                        40    -13       47
  SINCE MAR 1    197                       341   -144      122
  SINCE JUL 1    969                      1247   -278      347

 COOLING
  TODAY            1                         1      0        2
  MONTH TO DATE   10                        29    -19       15
  SINCE MAR 1     57                        50      7      167
  SINCE JAN 1     95                        58     37      239
..................................................................


WIND (MPH)
  RESULTANT WIND SPEED   4   RESULTANT WIND DIRECTION  SW (240)
  HIGHEST WIND SPEED    12   HIGHEST WIND DIRECTION    SW (220)
  HIGHEST GUST SPEED    21   HIGHEST GUST DIRECTION     N (10)
  AVERAGE WIND SPEED     4.0


SKY COVER
  POSSIBLE SUNSHINE  MM
  AVERAGE SKY COVER 0.9


WEATHER CONDITIONS
 THE FOLLOWING WEATHER WAS RECORDED TODAY.
  NO SIGNIFICANT WEATHER WAS OBSERVED.


RELATIVE HUMIDITY (PERCENT)
 HIGHEST    78           200 AM
 LOWEST     57           300 PM
 AVERAGE    68

..........................................................


THE JOHN WAYNE AIRPORT CA CLIMATE NORMALS FOR TOMORROW
                         NORMAL    RECORD    YEAR
 MAXIMUM TEMPERATURE (F)   72        80      2006
 MINIMUM TEMPERATURE (F)   60        51      2011


SUNRISE AND SUNSET
MAY 29 2016...........SUNRISE   543 AM PDT   SUNSET   755 PM PDT
MAY 30 2016...........SUNRISE   543 AM PDT   SUNSET   756 PM PDT


-  INDICATES NEGATIVE NUMBERS.
R  INDICATES RECORD WAS SET OR TIED.
MM INDICATES DATA IS MISSING.
T  INDICATES TRACE AMOUNT.




$$
