000
CDUS46 KSGX 251426
CLISNA


CLIMATE REPORT
NATIONAL WEATHER SERVICE SAN DIEGO, CA
726 AM PDT SAT OCT 25 2014


...................................

...THE JOHN WAYNE AIRPORT CA CLIMATE SUMMARY FOR OCTOBER 24 2014...

CLIMATE NORMAL PERIOD 1981 TO 2010
CLIMATE RECORD PERIOD 1999 TO 2014


WEATHER ITEM   OBSERVED TIME   RECORD YEAR NORMAL DEPARTURE LAST
                VALUE   (LST)  VALUE       VALUE  FROM      YEAR
                                                  NORMAL
..................................................................
TEMPERATURE (F)
 YESTERDAY
  MAXIMUM         86   1228 PM  92    2007  74     12       70
  MINIMUM         62    543 AM  55    2004  57      5       63
  AVERAGE         74                        66      8       67

PRECIPITATION (IN)
  YESTERDAY        0.00          0.11 2010   0.03  -0.03     0.00
  MONTH TO DATE    0.00                      0.51  -0.51     0.20
  SINCE JUL 1      0.03                      0.80  -0.77     0.32
  SINCE JAN 1      2.62                      9.76  -7.14     2.29

SNOWFALL (IN)
  YESTERDAY        0.0
  MONTH TO DATE    0.0
  SINCE JAN 1      0.0
  SINCE JUL 1      0.0
  SNOW DEPTH       0

DEGREE DAYS
 HEATING
  YESTERDAY        0                         1     -1        0
  MONTH TO DATE    0                        11    -11        9
  SINCE SEP 1      0                        12    -12        9
  SINCE JUL 1      0                        12    -12        9

 COOLING
  YESTERDAY        9                         2      7        2
  MONTH TO DATE  242                        72    170       93
  SINCE SEP 1    658                       269    389      424
  SINCE JAN 1   1902                       840   1062     1128
..................................................................


WIND (MPH)
  RESULTANT WIND SPEED   2   RESULTANT WIND DIRECTION  SW (210)
  HIGHEST WIND SPEED    12   HIGHEST WIND DIRECTION     S (200)
  HIGHEST GUST SPEED    16   HIGHEST GUST DIRECTION    SW (210)
  AVERAGE WIND SPEED     2.7


SKY COVER
  POSSIBLE SUNSHINE  MM
  AVERAGE SKY COVER 0.0


WEATHER CONDITIONS
 THE FOLLOWING WEATHER WAS RECORDED YESTERDAY.
  NO SIGNIFICANT WEATHER WAS OBSERVED.


RELATIVE HUMIDITY (PERCENT)
 HIGHEST    79           900 PM
 LOWEST     23          1200 PM
 AVERAGE    51

..........................................................


THE JOHN WAYNE AIRPORT CA CLIMATE NORMALS FOR TODAY
                         NORMAL    RECORD    YEAR
 MAXIMUM TEMPERATURE (F)   74        84      2007
                                             2003
                                             1999
 MINIMUM TEMPERATURE (F)   57        54      2008


SUNRISE AND SUNSET
OCTOBER 25 2014.......SUNRISE   705 AM PDT   SUNSET   606 PM PDT
OCTOBER 26 2014.......SUNRISE   705 AM PDT   SUNSET   605 PM PDT


-  INDICATES NEGATIVE NUMBERS.
R  INDICATES RECORD WAS SET OR TIED.
MM INDICATES DATA IS MISSING.
T  INDICATES TRACE AMOUNT.




$$
