000
CDUS46 KSGX 251150
CLISNA


CLIMATE REPORT
NATIONAL WEATHER SERVICE SAN DIEGO, CA
450 AM PDT TUE APR 25 2017


...................................

...THE JOHN WAYNE AIRPORT CA CLIMATE SUMMARY FOR APRIL 24 2017...

CLIMATE NORMAL PERIOD 1981 TO 2010
CLIMATE RECORD PERIOD 1999 TO 2017


WEATHER ITEM   OBSERVED TIME   RECORD YEAR NORMAL DEPARTURE LAST
                VALUE   (LST)  VALUE       VALUE  FROM      YEAR
                                                  NORMAL
..................................................................
TEMPERATURE (F)
 YESTERDAY
  MAXIMUM         70    258 PM  91    2001  70      0       72
  MINIMUM         61   1159 PM  51    2008  55      6       55
                                      2006
  AVERAGE         66                        62      4       64

PRECIPITATION (IN)
  YESTERDAY        0.00          0.31 2005   0.04  -0.04     0.00
  MONTH TO DATE    0.04                      0.72  -0.68     0.18
  SINCE OCT 1     15.80                     12.56   3.24     4.87
  SINCE JAN 1      9.61                      8.48   1.13     3.65

DEGREE DAYS
 HEATING
  YESTERDAY        0                         3     -3        1
  MONTH TO DATE   30                       103    -73       27
  SINCE MAR 1    114                       284   -170      147
  SINCE JUL 1    855                      1190   -335      919

 COOLING
  YESTERDAY        1                         1      0        0
  MONTH TO DATE   29                         6     23       44
  SINCE MAR 1     37                        13     24       47
  SINCE JAN 1     37                        21     16       85
..................................................................


WIND (MPH)
  RESULTANT WIND SPEED   6   RESULTANT WIND DIRECTION   S (190)
  HIGHEST WIND SPEED    15   HIGHEST WIND DIRECTION     S (190)
  HIGHEST GUST SPEED    21   HIGHEST GUST DIRECTION     S (200)
  AVERAGE WIND SPEED     7.5


SKY COVER
  POSSIBLE SUNSHINE  MM
  AVERAGE SKY COVER 0.7


WEATHER CONDITIONS
 THE FOLLOWING WEATHER WAS RECORDED YESTERDAY.
  NO SIGNIFICANT WEATHER WAS OBSERVED.


RELATIVE HUMIDITY (PERCENT)
 HIGHEST    78          1200 AM
 LOWEST     57          1200 PM
 AVERAGE    68

..........................................................


THE JOHN WAYNE AIRPORT CA CLIMATE NORMALS FOR TODAY
                         NORMAL    RECORD    YEAR
 MAXIMUM TEMPERATURE (F)   70        84      2008
                                             2004
 MINIMUM TEMPERATURE (F)   55        53      2010
                                             2008


SUNRISE AND SUNSET
APRIL 25 2017.........SUNRISE   609 AM PDT   SUNSET   730 PM PDT
APRIL 26 2017.........SUNRISE   608 AM PDT   SUNSET   731 PM PDT


-  INDICATES NEGATIVE NUMBERS.
R  INDICATES RECORD WAS SET OR TIED.
MM INDICATES DATA IS MISSING.
T  INDICATES TRACE AMOUNT.




$$
