000
CDUS46 KSGX 291419
CLISNA


CLIMATE REPORT
NATIONAL WEATHER SERVICE SAN DIEGO, CA
719 AM PDT THU SEP 29 2016


...................................

...THE JOHN WAYNE AIRPORT CA CLIMATE SUMMARY FOR SEPTEMBER 28 2016...

CLIMATE NORMAL PERIOD 1981 TO 2010
CLIMATE RECORD PERIOD 1999 TO 2016


WEATHER ITEM   OBSERVED TIME   RECORD YEAR NORMAL DEPARTURE LAST
                VALUE   (LST)  VALUE       VALUE  FROM      YEAR
                                                  NORMAL
..................................................................
TEMPERATURE (F)
 YESTERDAY
  MAXIMUM         90   1215 PM 102    2005  78     12       84
  MINIMUM         71    605 AM  57    2013  62      9       69
  AVERAGE         81                        70     11       77

PRECIPITATION (IN)
  YESTERDAY        0.00          0.01 2001   0.01  -0.01     0.00
  MONTH TO DATE    T                         0.20  -0.20     1.78
  SINCE OCT 1      4.98                     13.31  -8.33     9.08
  SINCE JAN 1      3.76                      9.23  -5.47     5.28

DEGREE DAYS
 HEATING
  YESTERDAY        0                         0      0        0
  MONTH TO DATE    0                         0      0        0
  SINCE SEP 1      0                         0      0        0
  SINCE JUL 1      0                         0      0        0

 COOLING
  YESTERDAY       16                         5     11       12
  MONTH TO DATE  217                       189     28      334
  SINCE SEP 1    217                       189     28      334
  SINCE JAN 1    995                       760    235     1295
..................................................................


WIND (MPH)
  RESULTANT WIND SPEED   3   RESULTANT WIND DIRECTION  SW (220)
  HIGHEST WIND SPEED    12   HIGHEST WIND DIRECTION     W (270)
  HIGHEST GUST SPEED    16   HIGHEST GUST DIRECTION    SW (210)
  AVERAGE WIND SPEED     3.8


SKY COVER
  POSSIBLE SUNSHINE  MM
  AVERAGE SKY COVER 0.2


WEATHER CONDITIONS
 THE FOLLOWING WEATHER WAS RECORDED YESTERDAY.
  NO SIGNIFICANT WEATHER WAS OBSERVED.


RELATIVE HUMIDITY (PERCENT)
 HIGHEST    61           600 AM
 LOWEST     27          1200 PM
 AVERAGE    44

..........................................................


THE JOHN WAYNE AIRPORT CA CLIMATE NORMALS FOR TODAY
                         NORMAL    RECORD    YEAR
 MAXIMUM TEMPERATURE (F)   77        97      1999
 MINIMUM TEMPERATURE (F)   62        57      1999


SUNRISE AND SUNSET
SEPTEMBER 29 2016.....SUNRISE   645 AM PDT   SUNSET   638 PM PDT
SEPTEMBER 30 2016.....SUNRISE   646 AM PDT   SUNSET   636 PM PDT


-  INDICATES NEGATIVE NUMBERS.
R  INDICATES RECORD WAS SET OR TIED.
MM INDICATES DATA IS MISSING.
T  INDICATES TRACE AMOUNT.




$$
