000
CDUS46 KSGX 240017
CLISNA


CLIMATE REPORT
NATIONAL WEATHER SERVICE SAN DIEGO, CA
417 PM PST THU FEB 23 2017


...................................

...THE JOHN WAYNE AIRPORT CA CLIMATE SUMMARY FOR FEBRUARY 23 2017...
VALID TODAY AS OF 0400 PM LOCAL TIME.

CLIMATE NORMAL PERIOD 1981 TO 2010
CLIMATE RECORD PERIOD 1999 TO 2017


WEATHER ITEM   OBSERVED TIME   RECORD YEAR NORMAL DEPARTURE LAST
                VALUE   (LST)  VALUE       VALUE  FROM      YEAR
                                                  NORMAL
..................................................................
TEMPERATURE (F)
 TODAY
  MAXIMUM         61    101 PM  79    2016  66     -5       79
  MINIMUM         48    645 AM  43    2013  49     -1       51
                                      2006
  AVERAGE         55                        58     -3       65

PRECIPITATION (IN)
  TODAY            0.00          0.71 2005   0.13  -0.13     0.00
  MONTH TO DATE    3.49                      2.37   1.12     0.32
  SINCE OCT 1     15.42                      9.36   6.06     3.58
  SINCE JAN 1      9.23                      5.28   3.95     2.36

DEGREE DAYS
 HEATING
  TODAY           10                         7      3        0
  MONTH TO DATE  128                       180    -52       85
  SINCE DEC 1    606                       719   -113      634
  SINCE JUL 1    684                       872   -188      764

 COOLING
  TODAY            0                         0      0        0
  MONTH TO DATE    0                         0      0       37
  SINCE DEC 1      0                         6     -6       37
  SINCE JAN 1      0                         5     -5       37
..................................................................


WIND (MPH)
  RESULTANT WIND SPEED   4   RESULTANT WIND DIRECTION   W (280)
  HIGHEST WIND SPEED    17   HIGHEST WIND DIRECTION     W (250)
  HIGHEST GUST SPEED    27   HIGHEST GUST DIRECTION    SW (240)
  AVERAGE WIND SPEED     5.5


SKY COVER
  POSSIBLE SUNSHINE  MM
  AVERAGE SKY COVER 0.1


WEATHER CONDITIONS
 THE FOLLOWING WEATHER WAS RECORDED TODAY.
  NO SIGNIFICANT WEATHER WAS OBSERVED.


RELATIVE HUMIDITY (PERCENT)
 HIGHEST    59          1200 AM
 LOWEST     22           100 PM
 AVERAGE    41

..........................................................


THE JOHN WAYNE AIRPORT CA CLIMATE NORMALS FOR TOMORROW
                         NORMAL    RECORD    YEAR
 MAXIMUM TEMPERATURE (F)   66        80      2016
 MINIMUM TEMPERATURE (F)   49        42      2007


SUNRISE AND SUNSET
FEBRUARY 23 2017......SUNRISE   627 AM PST   SUNSET   543 PM PST
FEBRUARY 24 2017......SUNRISE   626 AM PST   SUNSET   544 PM PST


-  INDICATES NEGATIVE NUMBERS.
R  INDICATES RECORD WAS SET OR TIED.
MM INDICATES DATA IS MISSING.
T  INDICATES TRACE AMOUNT.




$$
