000
CDAK48 PASN 221130
CLISNP

CLIMATE REPORT
NATIONAL WEATHER SERVICE ST PAUL, AK
330 AM AKDT TUE JUL 22 2014

...................................
...THE ST PAUL AIRPORT CLIMATE SUMMARY FOR JULY 21 2014...

CLIMATE NORMAL PERIOD  1981 TO  2010
CLIMATE RECORD PERIOD  1949 TO  2014

WEATHER ITEM   OBSERVED TIME    RECORD YEAR NORMAL DEPARTURE LAST
               VALUE    (LST)   VALUE       VALUE  FROM      YEAR
                                                   NORMAL
...................................................................
TEMPERATURE
YESTERDAY
 MAXIMUM            55  0236 PM    59  1993     51       4     57
 MINIMUM            47  0734 AM    36  1984     44       3     45
 AVERAGE            51                          48       3     51

PRECIPITATION
(INCHES)
 YESTERDAY        0.01           1.06  1963   0.07   -0.06      T
 MONTH TO DATE    0.73                        1.15   -0.42   1.37
 SINCE JUN 1      1.75                        2.50   -0.75   2.92
 SINCE JAN 1      8.89                        8.66    0.23  10.10

SNOWFALL
(INCHES)
 YESTERDAY         0.0            0.0  2014    0.0     0.0    0.0
 MONTH TO DATE     0.0                         0.0     0.0    0.0
 SINCE JUN 1       0.0                         0.0     0.0    0.0
 SINCE JUL 1       0.0                         0.0     0.0    0.0
 SNOW DEPTH (IN)     0                                          0

DEGREE DAYS
 HEATING
  YESTERDAY         14                          17      -3     14
  MONTH TO DATE    319                         383     -64    415
  SINCE JUN 1      947                        1062    -115   1125
  SINCE JUL 1      319                         383     -64    415

 COOLING
  YESTERDAY          0                           0       0      0
  MONTH TO DATE      0                           0       0      0
  SINCE JUN 1        0                           0       0      0
  SINCE JAN 1        0                           0       0      0
...................................................................

WIND (MPH)
 HIGHEST WIND SPEED    14     HIGHEST WIND DIRECTION    220
 HIGHEST GUST SPEED    17     HIGHEST GUST DIRECTION    220
 AVERAGE WIND SPEED   8.3

SKY COVER
  POSSIBLE SUNSHINE    MM          AVERAGE SKY COVER     MM

WEATHER CONDITIONS
 THE FOLLOWING WEATHER WAS RECORDED YESTERDAY.
FOG
RAIN


RELATIVE HUMIDITY
 HIGHEST RH     MM PERCENT       MM
 LOWEST  RH     MM PERCENT       MM
 AVERAGE RH     MM PERCENT       MM
...................................................................

THE ST PAUL CLIMATE NORMALS FOR TODAY
                           NORMAL    RECORD   YEAR
 MAXIMUM TEMPERATURE (F)     51        64     2013
 MINIMUM TEMPERATURE (F)     44        33     1965

SUNRISE AND SUNSET
 JUL 22 2014..........SUNRISE  7:01 AM      SUNSET 11:54 PM
 JUL 23 2014..........SUNRISE  7:03 AM      SUNSET 11:52 PM

-  INDICATES NEGATIVE NUMBERS.
R  INDICATES RECORD HAS BEEN SET OR TIED.
MM INDICATES DATA IS MISSING.
T  INDICATES TRACE OF PRECIPITATION.

&&
-------------------------------------------------------------------

AMOUNT OF DAYLIGHT TODAY  (HOUR:MIN)........16 HOURS 53 MINUTES
GAIN/LOSS SINCE YESTERDAY (HOUR:MIN:SEC)....-0:03:32

$$
WIW JUL 14
