791
CDAK48 PAFC 291235
CLISNP


CLIMATE REPORT
NATIONAL WEATHER SERVICE ANCHORAGE, AK
435 AM AKDT SAT APR 29 2017


...................................

...THE SAINT PAUL ISLAND CLIMATE SUMMARY FOR APRIL 28 2017...

CLIMATE NORMAL PERIOD 1981 TO 2010
CLIMATE RECORD PERIOD 1892 TO 2017


WEATHER ITEM   OBSERVED TIME   RECORD YEAR NORMAL DEPARTURE LAST
                VALUE   (LST)  VALUE       VALUE  FROM      YEAR
                                                  NORMAL
..................................................................
TEMPERATURE (F)
 YESTERDAY
  MAXIMUM         40    556 PM  49    1993  36      4       47
  MINIMUM         33    804 AM  14    1982  29      4       38
  AVERAGE         37                        32      5       43

PRECIPITATION (IN)
  YESTERDAY        0.00          1.12 1995   0.04  -0.04      T
  MONTH TO DATE    0.99                      1.01  -0.02     1.13
  SINCE MAR 1      1.09                      2.08  -0.99     2.15
  SINCE JAN 1      4.18                      4.96  -0.78     4.91

SNOWFALL (IN)
  YESTERDAY        0.0          MM      MM   0.1   -0.1     MM
  MONTH TO DATE    0.2                       5.5   -5.3      0.0
  SINCE MAR 1      0.6                      13.5  -12.9      0.0
  SINCE JUL 1     48.8                      58.5   -9.7     23.7
  SNOW DEPTH       0

DEGREE DAYS
 HEATING
  YESTERDAY       28                        33     -5       22
  MONTH TO DATE  921                      1007    -86      664
  SINCE MAR 1   2130                      2252   -122     1616
  SINCE JUL 1   8005                      9169  -1164     6801

 COOLING
  YESTERDAY        0                         0      0        0
  MONTH TO DATE    0                         0      0        0
  SINCE MAR 1      0                         0      0        0
  SINCE JAN 1      0                         0      0        0
..................................................................


WIND (MPH)
  RESULTANT WIND SPEED   9   RESULTANT WIND DIRECTION  SE (120)
  HIGHEST WIND SPEED    21   HIGHEST WIND DIRECTION     E (110)
  HIGHEST GUST SPEED    25   HIGHEST GUST DIRECTION     E (110)
  AVERAGE WIND SPEED    10.0



WEATHER CONDITIONS
 THE FOLLOWING WEATHER WAS RECORDED YESTERDAY.
  FOG
  FOG W/VISIBILITY <= 1/4 MILE


..........................................................


THE SAINT PAUL ISLAND CLIMATE NORMALS FOR TODAY
                         NORMAL    RECORD    YEAR
 MAXIMUM TEMPERATURE (F)   37        46      1989
 MINIMUM TEMPERATURE (F)   29        12      1982


SUNRISE AND SUNSET
APRIL 29 2017.........SUNRISE   736 AM AKDT  SUNSET  1102 PM AKDT
APRIL 30 2017.........SUNRISE   733 AM AKDT  SUNSET  1104 PM AKDT


-  INDICATES NEGATIVE NUMBERS.
R  INDICATES RECORD WAS SET OR TIED.
MM INDICATES DATA IS MISSING.
T  INDICATES TRACE AMOUNT.




$$
