000
CDAK48 PASN 121114
CLISNP

CLIMATE REPORT
NATIONAL WEATHER SERVICE ST PAUL, AK
314 AM AKDT SAT JUL 12 2014

...................................
...THE ST PAUL AIRPORT CLIMATE SUMMARY FOR JULY 11 2014...

CLIMATE NORMAL PERIOD  1981 TO  2010
CLIMATE RECORD PERIOD  1949 TO  2014

WEATHER ITEM   OBSERVED TIME    RECORD YEAR NORMAL DEPARTURE LAST
               VALUE    (LST)   VALUE       VALUE  FROM      YEAR
                                                   NORMAL
...................................................................
TEMPERATURE
YESTERDAY
 MAXIMUM            53  0418 PM    56  1987     51       2     52
 MINIMUM            46  0134 AM    35  2010     43       3     42
 AVERAGE            50                          47       3     47

PRECIPITATION
(INCHES)
 YESTERDAY           T           0.43  2008   0.06   -0.06   0.03
 MONTH TO DATE    0.68                        0.58    0.10   0.68
 SINCE JUN 1      1.70                        1.93   -0.23   2.23
 SINCE JAN 1      8.84                        8.09    0.75   9.41

SNOWFALL
(INCHES)
 YESTERDAY         0.0            0.0  2014    0.0     0.0    0.0
 MONTH TO DATE     0.0                         0.0     0.0    0.0
 SINCE JUN 1       0.0                         0.0     0.0    0.0
 SINCE JUL 1       0.0                         0.0     0.0    0.0
 SNOW DEPTH (IN)     0                                          0

DEGREE DAYS
 HEATING
  YESTERDAY         15                          18      -3     18
  MONTH TO DATE    176                         207     -31    233
  SINCE JUN 1      804                         886     -82    943
  SINCE JUL 1      176                         207     -31    233

 COOLING
  YESTERDAY          0                           0       0      0
  MONTH TO DATE      0                           0       0      0
  SINCE JUN 1        0                           0       0      0
  SINCE JAN 1        0                           0       0      0
...................................................................

WIND (MPH)
 HIGHEST WIND SPEED    25     HIGHEST WIND DIRECTION    310
 HIGHEST GUST SPEED    30     HIGHEST GUST DIRECTION    320
 AVERAGE WIND SPEED  14.9

SKY COVER
  POSSIBLE SUNSHINE    MM          AVERAGE SKY COVER     MM

WEATHER CONDITIONS
 THE FOLLOWING WEATHER WAS RECORDED YESTERDAY.
  FOG
DRIZZLE
RAIN


RELATIVE HUMIDITY
 HIGHEST RH     MM PERCENT       MM
 LOWEST  RH     MM PERCENT       MM
 AVERAGE RH     MM PERCENT       MM
...................................................................

THE ST PAUL CLIMATE NORMALS FOR TODAY
                           NORMAL    RECORD   YEAR
 MAXIMUM TEMPERATURE (F)     51        62     2010
 MINIMUM TEMPERATURE (F)     43        33     1961

SUNRISE AND SUNSET
 JUL 12 2014..........SUNRISE  6:44 AM      SUNSET 12:09 AM
 JUL 13 2014..........SUNRISE  6:46 AM      SUNSET 12:08 AM

-  INDICATES NEGATIVE NUMBERS.
R  INDICATES RECORD HAS BEEN SET OR TIED.
MM INDICATES DATA IS MISSING.
T  INDICATES TRACE OF PRECIPITATION.

&&
-------------------------------------------------------------------

AMOUNT OF DAYLIGHT TODAY  (HOUR:MIN)........17 HOURS 25 MINUTES
GAIN/LOSS SINCE YESTERDAY (HOUR:MIN:SEC)....-0:02:37

$$
HLC JUL 14
