000
CDAK48 PASN 251256
CLISNP


CLIMATE REPORT
NATIONAL WEATHER SERVICE ANCHORAGE, AK
455 AM AKDT SUN JUN 25 2017


...................................

...THE SAINT PAUL ISLAND CLIMATE SUMMARY FOR JUNE 24 2017...

CLIMATE NORMAL PERIOD 1981 TO 2010
CLIMATE RECORD PERIOD 1892 TO 2017


WEATHER ITEM   OBSERVED TIME   RECORD YEAR NORMAL DEPARTURE LAST
                VALUE   (LST)  VALUE       VALUE  FROM      YEAR
                                                  NORMAL
..................................................................
TEMPERATURE (F)
 YESTERDAY
  MAXIMUM         48        MM  57    1951  48      0       MM
  MINIMUM         45        MM  30    1977  40      5       MM
  AVERAGE         47                        44      3       MM

PRECIPITATION (IN)
  YESTERDAY        0.30          0.62 1996   0.05   0.25     0.00
  MONTH TO DATE    0.46                      1.05  -0.59     1.47
  SINCE JUN 1      0.46                      1.05  -0.59     1.47
  SINCE JAN 1      6.27                      7.21  -0.94     7.16

SNOWFALL (IN)
  YESTERDAY        0.0          MM      MM   0.0    0.0      0.0
  MONTH TO DATE    0.0                       0.0    0.0      0.0
  SINCE JUN 1      0.0                       0.0    0.0      0.0
  SINCE JUL 1     48.8                      59.8  -11.0     23.7
  SNOW DEPTH       0

DEGREE DAYS
 HEATING
  YESTERDAY       18                        21     -3       MM
  MONTH TO DATE  442                       558   -116      376
  SINCE JUN 1    442                       558   -116      376
  SINCE JUL 1   9310                     10687  -1377     7896

 COOLING
  YESTERDAY        0                         0      0       MM
  MONTH TO DATE    0                         0      0        0
  SINCE JUN 1      0                         0      0        0
  SINCE JAN 1      0                         0      0        0
..................................................................


WIND (MPH)
  RESULTANT WIND SPEED  18   RESULTANT WIND DIRECTION  SE (140)
  HIGHEST WIND SPEED    21   HIGHEST WIND DIRECTION    SE (140)
  HIGHEST GUST SPEED    MM   HIGHEST GUST DIRECTION    MM
  AVERAGE WIND SPEED    17.8



WEATHER CONDITIONS
 THE FOLLOWING WEATHER WAS RECORDED YESTERDAY.
  RAIN
  LIGHT RAIN
  FOG


..........................................................


THE SAINT PAUL ISLAND CLIMATE NORMALS FOR TODAY
                         NORMAL    RECORD    YEAR
 MAXIMUM TEMPERATURE (F)   49        62      2000
 MINIMUM TEMPERATURE (F)   40        30      1977


SUNRISE AND SUNSET
JUNE 25 2017..........SUNRISE   626 AM AKDT  SUNSET  1221 AM AKDT
JUNE 26 2017..........SUNRISE   627 AM AKDT  SUNSET  1221 AM AKDT


-  INDICATES NEGATIVE NUMBERS.
R  INDICATES RECORD WAS SET OR TIED.
MM INDICATES DATA IS MISSING.
T  INDICATES TRACE AMOUNT.




$$
