000
CDAK48 PASN 011122
CLISNP

CLIMATE REPORT
NATIONAL WEATHER SERVICE ST PAUL, AK
322 AM AKDT MON SEP 1 2014

...................................
...THE ST PAUL AIRPORT CLIMATE SUMMARY FOR AUGUST 31 2014...

CLIMATE NORMAL PERIOD  1981 TO  2010
CLIMATE RECORD PERIOD  1892 TO  2014

WEATHER ITEM   OBSERVED TIME    RECORD YEAR NORMAL DEPARTURE LAST
               VALUE    (LST)   VALUE       VALUE  FROM      YEAR
                                                   NORMAL
...................................................................
TEMPERATURE
YESTERDAY
 MAXIMUM            59R 0443 PM    56  2005     52       7     52
 MINIMUM            36  0605 AM    37  1958     45      -9     46
 AVERAGE            48                          48       0     49

PRECIPITATION
(INCHES)
 YESTERDAY        0.00           1.02  1999   0.11   -0.11   0.16
 MONTH TO DATE    4.00                        3.07    0.93   3.68
 SINCE JUN 1      6.09                        6.27   -0.18   6.85
 SINCE JAN 1     13.23                       12.43    0.80  14.03

SNOWFALL
(INCHES)
 YESTERDAY         0.0            0.0  2014    0.0     0.0    0.0
 MONTH TO DATE     0.0                         0.0     0.0    0.0
 SINCE JUN 1       0.0                         0.0     0.0    0.0
 SINCE JUL 1       0.0                         0.0     0.0    0.0
 SNOW DEPTH (IN)     0                                          0

DEGREE DAYS
 HEATING
  YESTERDAY         17                          17       0     16
  MONTH TO DATE    371                         499    -128    492
  SINCE JUN 1     1445                        1731    -286   1753
  SINCE JUL 1      817                        1052    -235   1043

 COOLING
  YESTERDAY          0                           0       0      0
  MONTH TO DATE      0                           0       0      0
  SINCE JUN 1        0                           0       0      0
  SINCE JAN 1        0                           0       0      0
...................................................................

WIND (MPH)
 HIGHEST WIND SPEED    21     HIGHEST WIND DIRECTION    260
 HIGHEST GUST SPEED    25     HIGHEST GUST DIRECTION    270
 AVERAGE WIND SPEED  11.5

SKY COVER
  POSSIBLE SUNSHINE    MM          AVERAGE SKY COVER     MM

WEATHER CONDITIONS
 THE FOLLOWING WEATHER WAS RECORDED YESTERDAY.
  NO SIGNIFICANT WEATHER WAS OBSERVED.

RELATIVE HUMIDITY
 HIGHEST RH     MM PERCENT       MM
 LOWEST  RH     MM PERCENT       MM
 AVERAGE RH     MM PERCENT       MM
...................................................................

THE ST PAUL CLIMATE NORMALS FOR TODAY
                           NORMAL    RECORD   YEAR
 MAXIMUM TEMPERATURE (F)     52        56     1989
 MINIMUM TEMPERATURE (F)     45        32     1963

SUNRISE AND SUNSET
 SEP 1 2014..........SUNRISE  8:24 AM      SUNSET 10:17 PM
 SEP 2 2014..........SUNRISE  8:26 AM      SUNSET 10:15 PM

-  INDICATES NEGATIVE NUMBERS.
R  INDICATES RECORD HAS BEEN SET OR TIED.
MM INDICATES DATA IS MISSING.
T  INDICATES TRACE OF PRECIPITATION.

&&
-------------------------------------------------------------------

AMOUNT OF DAYLIGHT TODAY  (HOUR:MIN)........13 HOURS 53 MINUTES
GAIN/LOSS SINCE YESTERDAY (HOUR:MIN:SEC)....-0:04:45

$$
HCH SEP 14
