000
CDAK48 PASN 041212 CCA
CLISNP

CLIMATE REPORT CORRECTED
NATIONAL WEATHER SERVICE ST PAUL, AK
412 AM AKDT TUE AUG 4 2015

...................................
...THE ST PAUL AIRPORT CLIMATE SUMMARY FOR AUGUST 3 2015...

CLIMATE NORMAL PERIOD  1981 TO  2010
CLIMATE RECORD PERIOD  1892 TO  2015

WEATHER ITEM   OBSERVED TIME    RECORD YEAR NORMAL DEPARTURE LAST
               VALUE    (LST)   VALUE       VALUE  FROM      YEAR
                                                   NORMAL
...................................................................
TEMPERATURE
YESTERDAY
 MAXIMUM            52  0511 PM    58  1993     52       0     57
 MINIMUM            48  1159 PM    39  1971     45       3     52
 AVERAGE            50                          49       1     55

PRECIPITATION
(INCHES)
 YESTERDAY        0.00           0.80  1968   0.08   -0.08      T
 MONTH TO DATE    0.01                        0.25   -0.24   0.01
 SINCE JUN 1      2.77                        3.45   -0.68   2.10
 SINCE JAN 1      9.05                        9.61   -0.56   9.24

SNOWFALL
(INCHES)
 YESTERDAY         0.0            0.0  2015    0.0     0.0    0.0
 MONTH TO DATE     0.0                         0.0     0.0    0.0
 SINCE JUN 1       0.0                         0.0     0.0    0.0
 SINCE JUL 1       0.0                         0.0     0.0    0.0
 SNOW DEPTH (IN)     0                                          0

DEGREE DAYS
 HEATING
  YESTERDAY         15                          16      -1     10
  MONTH TO DATE     40                          49      -9     30
  SINCE JUN 1     1138                        1281    -143   1104
  SINCE JUL 1      518                         602     -84    476

 COOLING
  YESTERDAY          0                           0       0      0
  MONTH TO DATE      0                           0       0      0
  SINCE JUN 1        0                           0       0      0
  SINCE JAN 1        0                           0       0      0
...................................................................

WIND (MPH)
 HIGHEST WIND SPEED    25     HIGHEST WIND DIRECTION     10
 HIGHEST GUST SPEED    31     HIGHEST GUST DIRECTION     10
 AVERAGE WIND SPEED  18.1

SKY COVER
  POSSIBLE SUNSHINE    MM          AVERAGE SKY COVER     MM

WEATHER CONDITIONS
 THE FOLLOWING WEATHER WAS RECORDED YESTERDAY.
  HAZE
  FOG


RELATIVE HUMIDITY
 HIGHEST RH     MM PERCENT       MM
 LOWEST  RH     MM PERCENT       MM
 AVERAGE RH     MM PERCENT       MM
...................................................................

THE ST PAUL CLIMATE NORMALS FOR TODAY
                           NORMAL    RECORD   YEAR
 MAXIMUM TEMPERATURE (F)     52        59     2014
 MINIMUM TEMPERATURE (F)     45        36     2011

SUNRISE AND SUNSET
 AUG 4 2015..........SUNRISE  7:25 AM      SUNSET 11:28 PM
 AUG 5 2015..........SUNRISE  7:27 AM      SUNSET 11:26 PM

-  INDICATES NEGATIVE NUMBERS.
R  INDICATES RECORD HAS BEEN SET OR TIED.
MM INDICATES DATA IS MISSING.
T  INDICATES TRACE OF PRECIPITATION.

&&
-------------------------------------------------------------------

AMOUNT OF DAYLIGHT TODAY  (HOUR:MIN)........16 HOURS 3 MINUTES
GAIN/LOSS SINCE YESTERDAY (HOUR:MIN:SEC)....-0:04:13

$$
SAH AUG 15
