000
CDAK48 PASN 301117
CLISNP

CLIMATE REPORT
NATIONAL WEATHER SERVICE ST PAUL, AK
317 AM AKDT WED JUL 30 2014

...................................
...THE ST PAUL AIRPORT CLIMATE SUMMARY FOR JULY 29 2014...

CLIMATE NORMAL PERIOD  1981 TO  2010
CLIMATE RECORD PERIOD  1949 TO  2014

WEATHER ITEM   OBSERVED TIME    RECORD YEAR NORMAL DEPARTURE LAST
               VALUE    (LST)   VALUE       VALUE  FROM      YEAR
                                                   NORMAL
...................................................................
TEMPERATURE
YESTERDAY
 MAXIMUM            54  0243 PM    59  1992     52       2     57
 MINIMUM            39  0413 AM    38  2002     45      -6     46
 AVERAGE            47                          48      -1     52

PRECIPITATION
(INCHES)
 YESTERDAY        0.00           0.78  1962   0.07   -0.07      T
 MONTH TO DATE    1.07                        1.70   -0.63   1.41
 SINCE JUN 1      2.09                        3.05   -0.96   2.96
 SINCE JAN 1      9.23                        9.21    0.02  10.14

SNOWFALL
(INCHES)
 YESTERDAY         0.0            0.0  2014    0.0     0.0    0.0
 MONTH TO DATE     0.0                         0.0     0.0    0.0
 SINCE JUN 1       0.0                         0.0     0.0    0.0
 SINCE JUL 1       0.0                         0.0     0.0    0.0
 SNOW DEPTH (IN)     0                                          0

DEGREE DAYS
 HEATING
  YESTERDAY         18                          17       1     13
  MONTH TO DATE    423                         519     -96    523
  SINCE JUN 1     1051                        1198    -147   1233
  SINCE JUL 1      423                         519     -96    523

 COOLING
  YESTERDAY          0                           0       0      0
  MONTH TO DATE      0                           0       0      0
  SINCE JUN 1        0                           0       0      0
  SINCE JAN 1        0                           0       0      0
...................................................................

WIND (MPH)
 HIGHEST WIND SPEED    10     HIGHEST WIND DIRECTION    110
 HIGHEST GUST SPEED    14     HIGHEST GUST DIRECTION    100
 AVERAGE WIND SPEED   4.5

SKY COVER
  POSSIBLE SUNSHINE    MM          AVERAGE SKY COVER     MM

WEATHER CONDITIONS
 THE FOLLOWING WEATHER WAS RECORDED YESTERDAY.
 DENSE FOG

RELATIVE HUMIDITY
 HIGHEST RH     MM PERCENT       MM
 LOWEST  RH     MM PERCENT       MM
 AVERAGE RH     MM PERCENT       MM
...................................................................

THE ST PAUL CLIMATE NORMALS FOR TODAY
                           NORMAL    RECORD   YEAR
 MAXIMUM TEMPERATURE (F)     52        60     1958
 MINIMUM TEMPERATURE (F)     45        34     1996

SUNRISE AND SUNSET
 JUL 30 2014..........SUNRISE  7:16 AM      SUNSET 11:38 PM
 JUL 31 2014..........SUNRISE  7:18 AM      SUNSET 11:36 PM

-  INDICATES NEGATIVE NUMBERS.
R  INDICATES RECORD HAS BEEN SET OR TIED.
MM INDICATES DATA IS MISSING.
T  INDICATES TRACE OF PRECIPITATION.

&&
-------------------------------------------------------------------

AMOUNT OF DAYLIGHT TODAY  (HOUR:MIN)........16 HOURS 22 MINUTES
GAIN/LOSS SINCE YESTERDAY (HOUR:MIN:SEC)....-0:04:00

$$
HCH JUL 14
