000
CDAK48 PASN 241213
CLISNP

CLIMATE REPORT
NATIONAL WEATHER SERVICE ST PAUL, AK
413 AM AKDT SUN MAY 24 2015

...................................
...THE ST PAUL AIRPORT CLIMATE SUMMARY FOR MAY 23 2015...

CLIMATE NORMAL PERIOD  1981 TO  2010
CLIMATE RECORD PERIOD  1892 TO  2015

WEATHER ITEM   OBSERVED TIME    RECORD YEAR NORMAL DEPARTURE LAST
               VALUE    (LST)   VALUE       VALUE  FROM      YEAR
                                                   NORMAL
...................................................................
TEMPERATURE
YESTERDAY
 MAXIMUM            46  0523 PM    51  2009     42       4     41
 MINIMUM            40  1159 PM    24  1966     33       7     32
 AVERAGE            43                          38       5     37

PRECIPITATION
(INCHES)
 YESTERDAY        0.13           0.50  1964   0.03    0.10   0.00
 MONTH TO DATE    1.66                        0.83    0.83   0.15
 SINCE MAR 1      3.59                        2.98    0.61   2.25
 SINCE JAN 1      5.91                        5.86    0.05   6.58

SNOWFALL
(INCHES)
 YESTERDAY         0.0            1.9  1984    0.0     0.0    0.0
 MONTH TO DATE     0.3                         1.0    -0.7      T
 SINCE MAR 1      18.9                        14.7     4.2    9.4
 SINCE JUL 1      48.6                        59.7   -11.1   43.7
 SNOW DEPTH (IN)     0                                          0

DEGREE DAYS
 HEATING
  YESTERDAY         22                          27      -5     28
  MONTH TO DATE    599                         681     -82    605
  SINCE MAR 1     2828                        2989    -161   2777
  SINCE JUL 1     8785                        9908   -1123   9223

 COOLING
  YESTERDAY          0                           0       0      0
  MONTH TO DATE      0                           0       0      0
  SINCE MAR 1        0                           0       0      0
  SINCE JAN 1        0                           0       0      0
...................................................................

WIND (MPH)
 HIGHEST WIND SPEED    23     HIGHEST WIND DIRECTION    140
 HIGHEST GUST SPEED    27     HIGHEST GUST DIRECTION    140
 AVERAGE WIND SPEED  14.2

SKY COVER
  POSSIBLE SUNSHINE    MM          AVERAGE SKY COVER     MM

WEATHER CONDITIONS
 THE FOLLOWING WEATHER WAS RECORDED YESTERDAY.
  FOG
  DRIZZLE
  RAIN


RELATIVE HUMIDITY
 HIGHEST RH     MM PERCENT       MM
 LOWEST  RH     MM PERCENT       MM
 AVERAGE RH     MM PERCENT       MM
...................................................................

THE ST PAUL CLIMATE NORMALS FOR TODAY
                           NORMAL    RECORD   YEAR
 MAXIMUM TEMPERATURE (F)     42        54     2006
 MINIMUM TEMPERATURE (F)     33        21     1983

SUNRISE AND SUNSET
 MAY 24 2015..........SUNRISE  6:46 AM      SUNSET 11:52 PM
 MAY 25 2015..........SUNRISE  6:44 AM      SUNSET 11:53 PM

-  INDICATES NEGATIVE NUMBERS.
R  INDICATES RECORD HAS BEEN SET OR TIED.
MM INDICATES DATA IS MISSING.
T  INDICATES TRACE OF PRECIPITATION.

&&
-------------------------------------------------------------------

AMOUNT OF DAYLIGHT TODAY  (HOUR:MIN)........17 HOURS 6 MINUTES
GAIN/LOSS SINCE YESTERDAY (HOUR:MIN:SEC)....+0:03:21

$$
SAH MAY 15
