753
CDAK48 PASN 071125
CLISNP

CLIMATE REPORT
NATIONAL WEATHER SERVICE ST PAUL, AK
225 AM AKST SUN FEB 7 2016

...................................
...THE ST PAUL AIRPORT CLIMATE SUMMARY FOR FEBRUARY 6 2016...

CLIMATE NORMAL PERIOD  1981 TO  2010
CLIMATE RECORD PERIOD  1892 TO  2016

WEATHER ITEM   OBSERVED TIME    RECORD YEAR NORMAL DEPARTURE LAST
               VALUE    (LST)   VALUE       VALUE  FROM      YEAR
                                                   NORMAL
...................................................................
TEMPERATURE
YESTERDAY
 MAXIMUM            37  0307 PM    39  1994     28       9     30
 MINIMUM            28  1141 PM   -16  1991     20       8     23
 AVERAGE            33                          24       9     27

PRECIPITATION
(INCHES)
 YESTERDAY           T           0.47  1964   0.05   -0.05   0.00
 MONTH TO DATE    0.28                        0.30   -0.02   0.00
 SINCE DEC 1      6.52                        4.13    2.39   4.16
 SINCE JAN 1      1.89                        1.88    0.01   1.20

SNOWFALL
(INCHES)
 YESTERDAY           T            4.7  1964    0.4    -0.4    0.0
 MONTH TO DATE     2.6                         2.3     0.3    0.0
 SINCE DEC 1      26.7                        27.0    -0.3   18.5
 SINCE JUL 1      38.7                        37.3     1.4   19.2
 SNOW DEPTH (IN)     1                                          2

DEGREE DAYS
 HEATING
  YESTERDAY         32                          41      -9     38
  MONTH TO DATE    189                         246     -57    213
  SINCE DEC 1     2262                        2605    -343   2249
  SINCE JUL 1     5292                        6025    -733   5154

 COOLING
  YESTERDAY          0                           0       0      0
  MONTH TO DATE      0                           0       0      0
  SINCE DEC 1        0                           0       0      0
  SINCE JAN 1        0                           0       0      0
...................................................................

WIND (MPH)
 HIGHEST WIND SPEED    13     HIGHEST WIND DIRECTION    140
 HIGHEST GUST SPEED    16     HIGHEST GUST DIRECTION    130
 AVERAGE WIND SPEED   6.3

SKY COVER
  POSSIBLE SUNSHINE    MM          AVERAGE SKY COVER     MM

WEATHER CONDITIONS
 THE FOLLOWING WEATHER WAS RECORDED YESTERDAY.
  SMOKE OR HAZE
  FOG
  RAIN
  SNOW


RELATIVE HUMIDITY
 HIGHEST RH     MM PERCENT       MM
 LOWEST  RH     MM PERCENT       MM
 AVERAGE RH     MM PERCENT       MM
...................................................................

THE ST PAUL CLIMATE NORMALS FOR TODAY
                           NORMAL    RECORD   YEAR
 MAXIMUM TEMPERATURE (F)     28        41     1981
 MINIMUM TEMPERATURE (F)     20        -9     1976

SUNRISE AND SUNSET
 FEB 7 2016..........SUNRISE 10:09 AM      SUNSET  7:03 PM
 FEB 8 2016..........SUNRISE 10:07 AM      SUNSET  7:05 PM

-  INDICATES NEGATIVE NUMBERS.
R  INDICATES RECORD HAS BEEN SET OR TIED.
MM INDICATES DATA IS MISSING.
T  INDICATES TRACE OF PRECIPITATION.

&&
-------------------------------------------------------------------

AMOUNT OF DAYLIGHT TODAY  (HOUR:MIN)........8 HOURS 54 MINUTES
GAIN/LOSS SINCE YESTERDAY (HOUR:MIN:SEC)....+0:04:29

$$
HCH FEB 16
