000
CDAK48 PASN 231203
CLISNP

CLIMATE REPORT
NATIONAL WEATHER SERVICE ST PAUL, AK
403 AM AKDT SAT JUL 23 2016

...................................
...THE ST PAUL AIRPORT CLIMATE SUMMARY FOR JULY 22 2016...

CLIMATE NORMAL PERIOD  1981 TO  2010
CLIMATE RECORD PERIOD  1892 TO  2016

WEATHER ITEM   OBSERVED TIME    RECORD YEAR NORMAL DEPARTURE LAST
               VALUE    (LST)   VALUE       VALUE  FROM      YEAR
                                                   NORMAL
...................................................................
TEMPERATURE
YESTERDAY
 MAXIMUM            57  0428 PM    64  2013     51       6     54
 MINIMUM            48  0528 AM    33  1965     44       4     46
 AVERAGE            53                          48       5     50

PRECIPITATION
(INCHES)
 YESTERDAY        0.18           1.25  1991   0.06    0.12   0.09
 MONTH TO DATE    0.70                        1.21   -0.51   1.46
 SINCE JUN 1      2.39                        2.56   -0.17   2.38
 SINCE JAN 1      8.31                        8.72   -0.41   8.66

SNOWFALL
(INCHES)
 YESTERDAY         0.0            0.0  2016    0.0     0.0    0.0
 MONTH TO DATE     0.0                         0.0     0.0    0.0
 SINCE JUN 1       0.0                         0.0     0.0    0.0
 SINCE JUL 1       0.0                         0.0     0.0    0.0
 SNOW DEPTH (IN)     0                                          0

DEGREE DAYS
 HEATING
  YESTERDAY         12                          17      -5     15
  MONTH TO DATE    291                         400    -109    349
  SINCE JUN 1      823                        1079    -256    969
  SINCE JUL 1      291                         400    -109    349

 COOLING
  YESTERDAY          0                           0       0      0
  MONTH TO DATE      0                           0       0      0
  SINCE JUN 1        0                           0       0      0
  SINCE JAN 1        0                           0       0      0
...................................................................

WIND (MPH)
 HIGHEST WIND SPEED    17     HIGHEST WIND DIRECTION    250
 HIGHEST GUST SPEED    23     HIGHEST GUST DIRECTION    250
 AVERAGE WIND SPEED  11.7

SKY COVER
  POSSIBLE SUNSHINE    MM          AVERAGE SKY COVER     MM

WEATHER CONDITIONS
 THE FOLLOWING WEATHER WAS RECORDED YESTERDAY.
  FOG
  RAIN


RELATIVE HUMIDITY
 HIGHEST RH     MM PERCENT       MM
 LOWEST  RH     MM PERCENT       MM
 AVERAGE RH     MM PERCENT       MM
...................................................................

THE ST PAUL CLIMATE NORMALS FOR TODAY
                           NORMAL    RECORD   YEAR
 MAXIMUM TEMPERATURE (F)     51        60     1979
 MINIMUM TEMPERATURE (F)     44        33     1992

SUNRISE AND SUNSET
 JUL 23 2016..........SUNRISE  7:04 AM      SUNSET 11:51 PM
 JUL 24 2016..........SUNRISE  7:05 AM      SUNSET 11:49 PM

-  INDICATES NEGATIVE NUMBERS.
R  INDICATES RECORD HAS BEEN SET OR TIED.
MM INDICATES DATA IS MISSING.
T  INDICATES TRACE OF PRECIPITATION.

&&
-------------------------------------------------------------------

AMOUNT OF DAYLIGHT TODAY  (HOUR:MIN)........16 HOURS 47 MINUTES
GAIN/LOSS SINCE YESTERDAY (HOUR:MIN:SEC)....-0:03:38

$$
WIW JUL 16
