000
CDAK48 PAFC 191253
CLISNP


CLIMATE REPORT
NATIONAL WEATHER SERVICE ANCHORAGE, AK
353 AM AKST FRI JAN 19 2018


...................................

...THE SAINT PAUL ISLAND CLIMATE SUMMARY FOR JANUARY 18 2018...

CLIMATE NORMAL PERIOD 1981 TO 2010
CLIMATE RECORD PERIOD 1892 TO 2018


WEATHER ITEM   OBSERVED TIME   RECORD YEAR NORMAL DEPARTURE LAST
                VALUE   (LST)  VALUE       VALUE  FROM      YEAR
                                                  NORMAL
..................................................................
TEMPERATURE (F)
 YESTERDAY
  MAXIMUM         29    423 PM  39    2008  29      0       32
                                      2003
                                      1963
  MINIMUM         14    235 AM  -8    1893  21     -7       24
  AVERAGE         22                        25     -3       28

PRECIPITATION (IN)
  YESTERDAY        0.01          0.66 1964   0.05  -0.04     0.34
  MONTH TO DATE    0.85                      0.97  -0.12     0.88
  SINCE SEP 1     15.71                     12.21   3.50    17.41
  SINCE JAN 1      0.85                      0.97  -0.12     0.88

SNOWFALL (IN)
  YESTERDAY        0.1          MM      MM   0.4   -0.3      3.0
  MONTH TO DATE    0.8                       7.4   -6.6      9.6
  SINCE SEP 1      6.1                      29.8  -23.7     19.8
  SINCE JUL 1      6.1                      29.8  -23.7     19.8
  SNOW DEPTH       2

DEGREE DAYS
 HEATING
  YESTERDAY       43                        40      3       37
  MONTH TO DATE  576                       707   -131      675
  SINCE DEC 1   1600                      1828   -228     1631
  SINCE JUL 1   4678                      5249   -571     4200

 COOLING
  YESTERDAY        0                         0      0        0
  MONTH TO DATE    0                         0      0        0
  SINCE DEC 1      0                         0      0        0
  SINCE JAN 1      0                         0      0        0
..................................................................


WIND (MPH)
  RESULTANT WIND SPEED   8   RESULTANT WIND DIRECTION  NE (40)
  HIGHEST WIND SPEED    18   HIGHEST WIND DIRECTION     N (20)
  HIGHEST GUST SPEED    24   HIGHEST GUST DIRECTION     N (20)
  AVERAGE WIND SPEED     9.8



WEATHER CONDITIONS
 THE FOLLOWING WEATHER WAS RECORDED YESTERDAY.
  LIGHT SNOW
  FOG


..........................................................


THE SAINT PAUL ISLAND CLIMATE NORMALS FOR TODAY
                         NORMAL    RECORD    YEAR
 MAXIMUM TEMPERATURE (F)   29        39      1963
                                             1961
                                             1952
 MINIMUM TEMPERATURE (F)   21        -6      1893


SUNRISE AND SUNSET
JANUARY 19 2018.......SUNRISE  1043 AM AKST  SUNSET   621 PM AKST
JANUARY 20 2018.......SUNRISE  1041 AM AKST  SUNSET   623 PM AKST


-  INDICATES NEGATIVE NUMBERS.
R  INDICATES RECORD WAS SET OR TIED.
MM INDICATES DATA IS MISSING.
T  INDICATES TRACE AMOUNT.




$$
