402
CDAK48 PASN 311154
CLISNP

CLIMATE REPORT
NATIONAL WEATHER SERVICE ST PAUL, AK
354 AM AKDT TUE MAY 31 2016

...................................
...THE ST PAUL AIRPORT CLIMATE SUMMARY FOR MAY 30 2016...

CLIMATE NORMAL PERIOD  1981 TO  2010
CLIMATE RECORD PERIOD  1892 TO  2016

WEATHER ITEM   OBSERVED TIME    RECORD YEAR NORMAL DEPARTURE LAST
               VALUE    (LST)   VALUE       VALUE  FROM      YEAR
                                                   NORMAL
...................................................................
TEMPERATURE
YESTERDAY
 MAXIMUM            49  0117 PM    53  1979     44       5     47
 MINIMUM            43  0110 AM    29  1971     34       9     41
 AVERAGE            46                          39       7     44

PRECIPITATION
(INCHES)
 YESTERDAY        0.00           0.30  1966   0.03   -0.03   0.00
 MONTH TO DATE    0.79                        1.09   -0.30   2.03
 SINCE MAR 1      3.10                        3.24   -0.14   3.96
 SINCE JAN 1      5.91                        6.12   -0.21   6.28

SNOWFALL
(INCHES)
 YESTERDAY         0.0            0.8  1973    0.0     0.0    0.0
 MONTH TO DATE       T                         1.1    -1.1    0.3
 SINCE MAR 1      11.8                        14.8    -3.0   18.9
 SINCE JUL 1      52.6                        59.8    -7.2   48.6
 SNOW DEPTH (IN)     0                                          0

DEGREE DAYS
 HEATING
  YESTERDAY         19                          26      -7     21
  MONTH TO DATE    724                         868    -144    748
  SINCE MAR 1     2708                        3176    -468   2977
  SINCE JUL 1     8733                       10095   -1362   8934

 COOLING
  YESTERDAY          0                           0       0      0
  MONTH TO DATE      0                           0       0      0
  SINCE MAR 1        0                           0       0      0
  SINCE JAN 1        0                           0       0      0
...................................................................

WIND (MPH)
 HIGHEST WIND SPEED    22     HIGHEST WIND DIRECTION     70
 HIGHEST GUST SPEED    27     HIGHEST GUST DIRECTION     70
 AVERAGE WIND SPEED  16.4

SKY COVER
  POSSIBLE SUNSHINE    MM          AVERAGE SKY COVER     MM

WEATHER CONDITIONS
 THE FOLLOWING WEATHER WAS RECORDED YESTERDAY.
  NO SIGNIFICANT WEATHER WAS OBSERVED.

RELATIVE HUMIDITY
 HIGHEST RH     MM PERCENT       MM
 LOWEST  RH     MM PERCENT       MM
 AVERAGE RH     MM PERCENT       MM
...................................................................

THE ST PAUL CLIMATE NORMALS FOR TODAY
                           NORMAL    RECORD   YEAR
 MAXIMUM TEMPERATURE (F)     44        51     2005
 MINIMUM TEMPERATURE (F)     34        24     1985

SUNRISE AND SUNSET
 MAY 31 2016..........SUNRISE  6:35 AM      SUNSET 12:04 AM
 JUN  1 2016..........SUNRISE  6:34 AM      SUNSET 12:06 AM

-  INDICATES NEGATIVE NUMBERS.
R  INDICATES RECORD HAS BEEN SET OR TIED.
MM INDICATES DATA IS MISSING.
T  INDICATES TRACE OF PRECIPITATION.

&&
-------------------------------------------------------------------

AMOUNT OF DAYLIGHT TODAY  (HOUR:MIN)........17 HOURS 29 MINUTES
GAIN/LOSS SINCE YESTERDAY (HOUR:MIN:SEC)....+0:02:41

$$
WIW MAY 16
