000
CDUS46 KMTR 020045
CLISNS


CLIMATE REPORT
NATIONAL WEATHER SERVICE SAN FRANCISCO BAY AREA
545 PM PDT SAT AUG 1 2015


...................................

...THE SALINAS AIRPORT CLIMATE SUMMARY FOR AUGUST 1 2015...
VALID TODAY AS OF 0500 PM LOCAL TIME.

CLIMATE NORMAL PERIOD 1981 TO 2010
CLIMATE RECORD PERIOD 1930 TO 2015


WEATHER ITEM   OBSERVED TIME   RECORD YEAR NORMAL DEPARTURE LAST
                VALUE   (LST)  VALUE       VALUE  FROM      YEAR
                                                  NORMAL
..................................................................
TEMPERATURE (F)
 TODAY
  MAXIMUM         75    203 PM  97    1993  71      4       72
  MINIMUM         63    658 AM  47    1969  56      7       57
  AVERAGE         69                        63      6       65

PRECIPITATION (IN)
  TODAY            0.00          0.00 2006   0.00   0.00     0.00
  MONTH TO DATE    0.00                      0.00   0.00     0.00
  SINCE OCT 1      9.82                     12.63  -2.81     5.81
  SINCE JAN 1      1.83                      8.72  -6.89     4.98

DEGREE DAYS
 HEATING
  TODAY            0                         2     -2        0
  MONTH TO DATE    0                         2     -2        0
  SINCE JUN 1     83                       193   -110      152
  SINCE JUL 1      2                        80    -78       38

 COOLING
  TODAY            4                         0      4        0
  MONTH TO DATE    4                         0      4        0
  SINCE JUN 1     70                        30     40       43
  SINCE JAN 1    101                        46     55       93
..................................................................


WIND (MPH)
  RESULTANT WIND SPEED   8   RESULTANT WIND DIRECTION   W (270)
  HIGHEST WIND SPEED    16   HIGHEST WIND DIRECTION     W (280)
  HIGHEST GUST SPEED    21   HIGHEST GUST DIRECTION     W (270)
  AVERAGE WIND SPEED     8.0


SKY COVER
  POSSIBLE SUNSHINE  MM
  AVERAGE SKY COVER 0.6


WEATHER CONDITIONS
 THE FOLLOWING WEATHER WAS RECORDED TODAY.
  NO SIGNIFICANT WEATHER WAS OBSERVED.


RELATIVE HUMIDITY (PERCENT)
 HIGHEST    84           100 AM
 LOWEST     53           100 PM
 AVERAGE    69

..........................................................


THE SALINAS AIRPORT CLIMATE NORMALS FOR TOMORROW
                         NORMAL    RECORD    YEAR
 MAXIMUM TEMPERATURE (F)   71        88      1998
 MINIMUM TEMPERATURE (F)   56        48      1982


SUNRISE AND SUNSET
AUGUST  1 2015........SUNRISE   512 AM PST   SUNSET   713 PM PST
AUGUST  2 2015........SUNRISE   513 AM PST   SUNSET   712 PM PST


-  INDICATES NEGATIVE NUMBERS.
R  INDICATES RECORD WAS SET OR TIED.
MM INDICATES DATA IS MISSING.
T  INDICATES TRACE AMOUNT.




$$
