000
CDUS46 KMTR 250839
CLISNS


CLIMATE REPORT
NATIONAL WEATHER SERVICE SAN FRANCISCO BAY AREA
139 AM PDT THU MAY 25 2017


...................................

...THE SALINAS AIRPORT CLIMATE SUMMARY FOR MAY 24 2017...

CLIMATE NORMAL PERIOD 1981 TO 2010
CLIMATE RECORD PERIOD 1930 TO 2017


WEATHER ITEM   OBSERVED TIME   RECORD YEAR NORMAL DEPARTURE LAST
                VALUE   (LST)  VALUE       VALUE  FROM      YEAR
                                                  NORMAL
..................................................................
TEMPERATURE (F)
 YESTERDAY
  MAXIMUM         64   1209 PM  81    2002  69     -5       68
  MINIMUM         53    756 AM  39    1980  51      2       54
  AVERAGE         59                        60     -1       61

PRECIPITATION (IN)
  YESTERDAY        0.00          1.69 1931   0.00   0.00      T
  MONTH TO DATE    T                         0.29  -0.29     0.10
  SINCE OCT 1     16.36                     12.48   3.88    13.44
  SINCE JAN 1     12.36                      8.57   3.79     8.54

DEGREE DAYS
 HEATING
  YESTERDAY        6                         5      1        4
  MONTH TO DATE  119                       148    -29      123
  SINCE MAR 1    546                       723   -177      527
  SINCE JUL 1   2308                      2537   -229     1918

 COOLING
  YESTERDAY        0                         0      0        0
  MONTH TO DATE   14                         0     14        2
  SINCE MAR 1     18                         7     11       20
  SINCE JAN 1     18                         7     11       23
..................................................................


WIND (MPH)
  RESULTANT WIND SPEED   8   RESULTANT WIND DIRECTION   W (290)
  HIGHEST WIND SPEED    17   HIGHEST WIND DIRECTION    NW (310)
  HIGHEST GUST SPEED    21   HIGHEST GUST DIRECTION     W (270)
  AVERAGE WIND SPEED     9.0


SKY COVER
  POSSIBLE SUNSHINE  MM
  AVERAGE SKY COVER 0.8


WEATHER CONDITIONS
 THE FOLLOWING WEATHER WAS RECORDED YESTERDAY.
  FOG


RELATIVE HUMIDITY (PERCENT)
 HIGHEST    93          1200 AM
 LOWEST     65          1200 PM
 AVERAGE    79

..........................................................


THE SALINAS AIRPORT CLIMATE NORMALS FOR TODAY
                         NORMAL    RECORD    YEAR
 MAXIMUM TEMPERATURE (F)   69        96      1951
 MINIMUM TEMPERATURE (F)   51        37      1935


SUNRISE AND SUNSET
MAY 25 2017...........SUNRISE   552 AM PDT   SUNSET   815 PM PDT
MAY 26 2017...........SUNRISE   552 AM PDT   SUNSET   816 PM PDT


-  INDICATES NEGATIVE NUMBERS.
R  INDICATES RECORD WAS SET OR TIED.
MM INDICATES DATA IS MISSING.
T  INDICATES TRACE AMOUNT.




$$
