000
CDUS46 KMTR 240826
CLISNS


CLIMATE REPORT
NATIONAL WEATHER SERVICE SAN FRANCISCO BAY AREA
126 AM PDT SUN SEP 24 2017


...................................

...THE SALINAS AIRPORT CLIMATE SUMMARY FOR SEPTEMBER 23 2017...

CLIMATE NORMAL PERIOD 1981 TO 2010
CLIMATE RECORD PERIOD 1930 TO 2017


WEATHER ITEM   OBSERVED TIME   RECORD YEAR NORMAL DEPARTURE LAST
                VALUE   (LST)  VALUE       VALUE  FROM      YEAR
                                                  NORMAL
..................................................................
TEMPERATURE (F)
 YESTERDAY
  MAXIMUM         75    117 PM  99    1978  74      1       72
  MINIMUM         45    614 AM  40    1941  54     -9       50
  AVERAGE         60                        64     -4       61

PRECIPITATION (IN)
  YESTERDAY        0.00          0.51 1982   0.00   0.00     0.00
  MONTH TO DATE    0.04                      0.10  -0.06     0.00
  SINCE OCT 1     16.49                     12.76   3.73    13.47
  SINCE JAN 1     12.49                      8.85   3.64     8.57

DEGREE DAYS
 HEATING
  YESTERDAY        5                         2      3        4
  MONTH TO DATE   26                        46    -20       63
  SINCE SEP 1     26                        46    -20       63
  SINCE JUL 1    117                       181    -64      211

 COOLING
  YESTERDAY        0                         1     -1        0
  MONTH TO DATE  125                        23    102       16
  SINCE SEP 1    125                        23    102       16
  SINCE JAN 1    193                        92    101       49
..................................................................


WIND (MPH)
  RESULTANT WIND SPEED   3   RESULTANT WIND DIRECTION   W (260)
  HIGHEST WIND SPEED    18   HIGHEST WIND DIRECTION     W (270)
  HIGHEST GUST SPEED    23   HIGHEST GUST DIRECTION     W (270)
  AVERAGE WIND SPEED     5.3


SKY COVER
  POSSIBLE SUNSHINE  MM
  AVERAGE SKY COVER 0.0


WEATHER CONDITIONS
 THE FOLLOWING WEATHER WAS RECORDED YESTERDAY.
  NO SIGNIFICANT WEATHER WAS OBSERVED.


RELATIVE HUMIDITY (PERCENT)
 HIGHEST    93           200 AM
 LOWEST     29          1200 PM
 AVERAGE    61

..........................................................


THE SALINAS AIRPORT CLIMATE NORMALS FOR TODAY
                         NORMAL    RECORD    YEAR
 MAXIMUM TEMPERATURE (F)   74       101      1978
 MINIMUM TEMPERATURE (F)   53        41      1931


SUNRISE AND SUNSET
SEPTEMBER 24 2017.....SUNRISE   656 AM PDT   SUNSET   700 PM PDT
SEPTEMBER 25 2017.....SUNRISE   657 AM PDT   SUNSET   658 PM PDT


-  INDICATES NEGATIVE NUMBERS.
R  INDICATES RECORD WAS SET OR TIED.
MM INDICATES DATA IS MISSING.
T  INDICATES TRACE AMOUNT.




$$
