000
CDUS46 KMTR 180840
CLISNS


CLIMATE REPORT
NATIONAL WEATHER SERVICE SAN FRANCISCO BAY AREA
1239 AM PST SAT NOV 18 2017


...................................

...THE SALINAS AIRPORT CLIMATE SUMMARY FOR NOVEMBER 17 2017...

CLIMATE NORMAL PERIOD 1981 TO 2010
CLIMATE RECORD PERIOD 1930 TO 2017


WEATHER ITEM   OBSERVED TIME   RECORD YEAR NORMAL DEPARTURE LAST
                VALUE   (LST)  VALUE       VALUE  FROM      YEAR
                                                  NORMAL
..................................................................
TEMPERATURE (F)
 YESTERDAY
  MAXIMUM         66    301 PM  88    1932  66      0       66
  MINIMUM         43   1159 PM  31    1961  44     -1       38
  AVERAGE         55                        55      0       52

PRECIPITATION (IN)
  YESTERDAY        T             1.09 1996   0.05  -0.05     0.00
  MONTH TO DATE    0.27                      0.69  -0.42     0.08
  SINCE OCT 1      0.40                      1.27  -0.87     1.69
  SINCE JAN 1     12.89                     10.19   2.70    10.26

DEGREE DAYS
 HEATING
  YESTERDAY       10                        10      0       13
  MONTH TO DATE  117                       138    -21       77
  SINCE SEP 1    267                       337    -70      266
  SINCE JUL 1    358                       472   -114      414

 COOLING
  YESTERDAY        0                         0      0        0
  MONTH TO DATE    0                         0      0       11
  SINCE SEP 1    205                        58    147       80
  SINCE JAN 1    273                       127    146      113
..................................................................


WIND (MPH)
  RESULTANT WIND SPEED   3   RESULTANT WIND DIRECTION   W (290)
  HIGHEST WIND SPEED    16   HIGHEST WIND DIRECTION     W (270)
  HIGHEST GUST SPEED    20   HIGHEST GUST DIRECTION     W (260)
  AVERAGE WIND SPEED     6.3


SKY COVER
  POSSIBLE SUNSHINE  MM
  AVERAGE SKY COVER 0.3


WEATHER CONDITIONS
 THE FOLLOWING WEATHER WAS RECORDED YESTERDAY.
  LIGHT RAIN
  FOG


RELATIVE HUMIDITY (PERCENT)
 HIGHEST   100          1200 AM
 LOWEST     40           400 PM
 AVERAGE    70

..........................................................


THE SALINAS AIRPORT CLIMATE NORMALS FOR TODAY
                         NORMAL    RECORD    YEAR
 MAXIMUM TEMPERATURE (F)   66        88      1932
 MINIMUM TEMPERATURE (F)   44        31      1961


SUNRISE AND SUNSET
NOVEMBER 18 2017......SUNRISE   648 AM PST   SUNSET   455 PM PST
NOVEMBER 19 2017......SUNRISE   649 AM PST   SUNSET   455 PM PST


-  INDICATES NEGATIVE NUMBERS.
R  INDICATES RECORD WAS SET OR TIED.
MM INDICATES DATA IS MISSING.
T  INDICATES TRACE AMOUNT.




$$
