000
CDUS46 KMTR 230027
CLISNS


CLIMATE REPORT
NATIONAL WEATHER SERVICE SAN FRANCISCO BAY AREA
527 PM PDT SAT JUL 22 2017


...................................

...THE SALINAS AIRPORT CLIMATE SUMMARY FOR JULY 22 2017...
VALID TODAY AS OF 0500 PM LOCAL TIME.

CLIMATE NORMAL PERIOD 1981 TO 2010
CLIMATE RECORD PERIOD 1930 TO 2017


WEATHER ITEM   OBSERVED TIME   RECORD YEAR NORMAL DEPARTURE LAST
                VALUE   (LST)  VALUE       VALUE  FROM      YEAR
                                                  NORMAL
..................................................................
TEMPERATURE (F)
 TODAY
  MAXIMUM         75   1117 AM  91    2006  71      4       73
  MINIMUM         54    741 AM  47    1982  55     -1       51
  AVERAGE         65                        63      2       62

PRECIPITATION (IN)
  TODAY            0.00          T    2013   0.00   0.00     0.00
  MONTH TO DATE    0.00                      0.00   0.00      T
  SINCE OCT 1     16.45                     12.63   3.82    13.47
  SINCE JAN 1     12.45                      8.72   3.73     8.57

DEGREE DAYS
 HEATING
  TODAY            0                         2     -2        3
  MONTH TO DATE   54                        64    -10       69
  SINCE JUN 1    124                       177    -53      145
  SINCE JUL 1     54                        64    -10       69

 COOLING
  TODAY            0                         1     -1        0
  MONTH TO DATE    9                        22    -13        0
  SINCE JUN 1     18                        34    -16        8
  SINCE JAN 1     36                        50    -14       31
..................................................................


WIND (MPH)
  RESULTANT WIND SPEED   5   RESULTANT WIND DIRECTION   W (270)
  HIGHEST WIND SPEED    17   HIGHEST WIND DIRECTION    NW (300)
  HIGHEST GUST SPEED    22   HIGHEST GUST DIRECTION     W (290)
  AVERAGE WIND SPEED     6.9


SKY COVER
  POSSIBLE SUNSHINE  MM
  AVERAGE SKY COVER 0.4


WEATHER CONDITIONS
 THE FOLLOWING WEATHER WAS RECORDED TODAY.
  FOG


RELATIVE HUMIDITY (PERCENT)
 HIGHEST   100           700 AM
 LOWEST     49          1100 AM
 AVERAGE    75

..........................................................


THE SALINAS AIRPORT CLIMATE NORMALS FOR TOMORROW
                         NORMAL    RECORD    YEAR
 MAXIMUM TEMPERATURE (F)   71        92      2005
 MINIMUM TEMPERATURE (F)   55        47      1982


SUNRISE AND SUNSET
JULY 22 2017..........SUNRISE   605 AM PDT   SUNSET   821 PM PDT
JULY 23 2017..........SUNRISE   606 AM PDT   SUNSET   820 PM PDT


-  INDICATES NEGATIVE NUMBERS.
R  INDICATES RECORD WAS SET OR TIED.
MM INDICATES DATA IS MISSING.
T  INDICATES TRACE AMOUNT.




$$
