000
CDUS46 KMTR 270836
CLISNS


CLIMATE REPORT
NATIONAL WEATHER SERVICE SAN FRANCISCO BAY AREA
1235 AM PST TUE JAN 27 2015


...................................

...THE SALINAS AIRPORT CLIMATE SUMMARY FOR JANUARY 26 2015...

CLIMATE NORMAL PERIOD 1981 TO 2010
CLIMATE RECORD PERIOD 1930 TO 2015


WEATHER ITEM   OBSERVED TIME   RECORD YEAR NORMAL DEPARTURE LAST
                VALUE   (LST)  VALUE       VALUE  FROM      YEAR
                                                  NORMAL
..................................................................
TEMPERATURE (F)
 YESTERDAY
  MAXIMUM         72   1153 AM  76    2011  62     10       69
                                      1986
  MINIMUM         51    658 AM  28    1949  42      9       45
  AVERAGE         62                        52     10       57

PRECIPITATION (IN)
  YESTERDAY        0.00          0.97 1997   0.09  -0.09     0.00
  MONTH TO DATE    0.01                      2.16  -2.15     0.01
  SINCE JUL 1      8.11                      6.27   1.84     0.95
  SINCE JAN 1      0.01                      2.16  -2.15     0.01

DEGREE DAYS
 HEATING
  YESTERDAY        3                        13    -10        8
  MONTH TO DATE  201                       358   -157      206
  SINCE DEC 1    457                       793   -336      609
  SINCE JUL 1    671                      1411   -740     1135

 COOLING
  YESTERDAY        0                         0      0        0
  MONTH TO DATE    1                         0      1        2
  SINCE DEC 1      2                         0      2        2
  SINCE JAN 1      1                         0      1        2
..................................................................


WIND (MPH)
  RESULTANT WIND SPEED   8   RESULTANT WIND DIRECTION   E (110)
  HIGHEST WIND SPEED    20   HIGHEST WIND DIRECTION     E (110)
  HIGHEST GUST SPEED    24   HIGHEST GUST DIRECTION     E (100)
  AVERAGE WIND SPEED     7.9


SKY COVER
  POSSIBLE SUNSHINE  MM
  AVERAGE SKY COVER 0.0


WEATHER CONDITIONS
 THE FOLLOWING WEATHER WAS RECORDED YESTERDAY.
  NO SIGNIFICANT WEATHER WAS OBSERVED.


RELATIVE HUMIDITY (PERCENT)
 HIGHEST    61          1000 PM
 LOWEST     31          1200 PM
 AVERAGE    46

..........................................................


THE SALINAS AIRPORT CLIMATE NORMALS FOR TODAY
                         NORMAL    RECORD    YEAR
 MAXIMUM TEMPERATURE (F)   62        77      1986
 MINIMUM TEMPERATURE (F)   42        29      1949


SUNRISE AND SUNSET
JANUARY 27 2015.......SUNRISE   712 AM PST   SUNSET   527 PM PST
JANUARY 28 2015.......SUNRISE   711 AM PST   SUNSET   528 PM PST


-  INDICATES NEGATIVE NUMBERS.
R  INDICATES RECORD WAS SET OR TIED.
MM INDICATES DATA IS MISSING.
T  INDICATES TRACE AMOUNT.




$$
