000
CDUS46 KMTR 210826
CLISNS


CLIMATE REPORT
NATIONAL WEATHER SERVICE SAN FRANCISCO BAY AREA
126 AM PDT THU AUG 21 2014


...................................

...THE SALINAS AIRPORT CLIMATE SUMMARY FOR AUGUST 20 2014...

CLIMATE NORMAL PERIOD 1981 TO 2010
CLIMATE RECORD PERIOD 1930 TO 2014


WEATHER ITEM   OBSERVED TIME   RECORD YEAR NORMAL DEPARTURE LAST
                VALUE   (LST)  VALUE       VALUE  FROM      YEAR
                                                  NORMAL
..................................................................
TEMPERATURE (F)
 YESTERDAY
  MAXIMUM         73    133 PM  85    1948  72      1       69
  MINIMUM         63   1159 PM  47    1949  56      7       57
  AVERAGE         68                        64      4       63

PRECIPITATION (IN)
  YESTERDAY        0.00          0.02 1939   0.00   0.00     0.00
  MONTH TO DATE    T                         0.02  -0.02     0.02
  SINCE JUL 1      0.01                      0.02  -0.01     0.02
  SINCE JAN 1      4.98                      8.74  -3.76     2.35

DEGREE DAYS
 HEATING
  YESTERDAY        0                         2     -2        2
  MONTH TO DATE    3                        40    -37       33
  SINCE JUN 1    155                       231    -76      201
  SINCE JUL 1     41                       118    -77      103

 COOLING
  YESTERDAY        3                         1      2        0
  MONTH TO DATE   13                        17     -4       13
  SINCE JUN 1     56                        47      9       50
  SINCE JAN 1    106                        63     43       60
..................................................................


WIND (MPH)
  RESULTANT WIND SPEED   5   RESULTANT WIND DIRECTION   W (290)
  HIGHEST WIND SPEED    20   HIGHEST WIND DIRECTION    NW (300)
  HIGHEST GUST SPEED    24   HIGHEST GUST DIRECTION     W (290)
  AVERAGE WIND SPEED     5.9


SKY COVER
  POSSIBLE SUNSHINE  MM
  AVERAGE SKY COVER 0.7


WEATHER CONDITIONS
 THE FOLLOWING WEATHER WAS RECORDED YESTERDAY.
  NO SIGNIFICANT WEATHER WAS OBSERVED.


RELATIVE HUMIDITY (PERCENT)
 HIGHEST    84          1100 PM
 LOWEST     57          1100 AM
 AVERAGE    71

..........................................................


THE SALINAS AIRPORT CLIMATE NORMALS FOR TODAY
                         NORMAL    RECORD    YEAR
 MAXIMUM TEMPERATURE (F)   73        84      1972
 MINIMUM TEMPERATURE (F)   56        49      1994


SUNRISE AND SUNSET
AUGUST 21 2014........SUNRISE   529 AM PST   SUNSET   650 PM PST
AUGUST 22 2014........SUNRISE   530 AM PST   SUNSET   648 PM PST


-  INDICATES NEGATIVE NUMBERS.
R  INDICATES RECORD WAS SET OR TIED.
MM INDICATES DATA IS MISSING.
T  INDICATES TRACE AMOUNT.




$$
