000
CDUS45 KPIH 250735
CLISNT


CLIMATE REPORT
NATIONAL WEATHER SERVICE POCATELLO ID
132 AM MDT WED MAY 25 2016


...................................

...THE STANLEY ID CLIMATE SUMMARY FOR MAY 24 2016...

CLIMATE NORMAL PERIOD 1981 TO 2010
CLIMATE RECORD PERIOD 1916 TO 2016


WEATHER ITEM   OBSERVED TIME   RECORD YEAR NORMAL DEPARTURE LAST
                VALUE   (LST)  VALUE       VALUE  FROM      YEAR
                                                  NORMAL
..................................................................
TEMPERATURE (F)
 YESTERDAY
  MAXIMUM         58    346 PM  81    2003  60     -2       65
  MINIMUM         24    458 AM  19    1964  30     -6       33
  AVERAGE         41                        45     -4       49

PRECIPITATION (IN)
  YESTERDAY        0.00          0.42 1917   0.05  -0.05     0.00
  MONTH TO DATE    0.99                      1.35  -0.36     1.91
  SINCE OCT 1     16.41                     13.04   3.37    14.16
  SINCE JAN 1      8.84                      8.19   0.65     7.45

SNOWFALL (IN)
  YESTERDAY       MM
  MONTH TO DATE   MM
  SINCE MAR 1     MM
  SINCE JUL 1     MM
  SNOW DEPTH      MM

DEGREE DAYS
 HEATING
  YESTERDAY       24                        20      4       16
  MONTH TO DATE  480                       550    -70      464
  SINCE MAR 1   2296                      2676   -380     2229
  SINCE JUL 1   9246                     10210   -964     8607

 COOLING
  YESTERDAY        0                         0      0        0
  MONTH TO DATE    0                         0      0        0
  SINCE MAR 1      0                         0      0        0
  SINCE JAN 1      0                         0      0        0
..................................................................


WIND (MPH)
  HIGHEST WIND SPEED    16   HIGHEST WIND DIRECTION     N (340)
  HIGHEST GUST SPEED    23   HIGHEST GUST DIRECTION     N (340)
  AVERAGE WIND SPEED     3.5


SKY COVER
  POSSIBLE SUNSHINE  MM
  AVERAGE SKY COVER 0.0


WEATHER CONDITIONS
 THE FOLLOWING WEATHER WAS RECORDED YESTERDAY.
  NO SIGNIFICANT WEATHER WAS OBSERVED.


RELATIVE HUMIDITY (PERCENT)
 HIGHEST    88           500 AM
 LOWEST     32           200 PM
 AVERAGE    60

..........................................................


THE STANLEY ID CLIMATE NORMALS FOR TODAY
                         NORMAL    RECORD    YEAR
 MAXIMUM TEMPERATURE (F)   61        79      1992
 MINIMUM TEMPERATURE (F)   30        16      1920


SUNRISE AND SUNSET
MAY 25 2016...........SUNRISE   603 AM MDT   SUNSET   911 PM MDT
MAY 26 2016...........SUNRISE   603 AM MDT   SUNSET   912 PM MDT


-  INDICATES NEGATIVE NUMBERS.
R  INDICATES RECORD WAS SET OR TIED.
MM INDICATES DATA IS MISSING.
T  INDICATES TRACE AMOUNT.




$$
