000
CDUS45 KPIH 270807
CLISNT


CLIMATE REPORT
NATIONAL WEATHER SERVICE POCATELLO ID
204 AM MDT WED JUL 27 2016


...................................

...THE STANLEY ID CLIMATE SUMMARY FOR JULY 26 2016...

CLIMATE NORMAL PERIOD 1981 TO 2010
CLIMATE RECORD PERIOD 1916 TO 2016


WEATHER ITEM   OBSERVED TIME   RECORD YEAR NORMAL DEPARTURE LAST
                VALUE   (LST)  VALUE       VALUE  FROM      YEAR
                                                  NORMAL
..................................................................
TEMPERATURE (F)
 YESTERDAY
  MAXIMUM         87    307 PM  90    1978  80      7       77
  MINIMUM         37    555 AM  21    1968  38     -1       34
  AVERAGE         62                        59      3       56

PRECIPITATION (IN)
  YESTERDAY        0.00          0.33 1991   0.02  -0.02     0.00
  MONTH TO DATE    0.10                      0.60  -0.50     0.85
  SINCE OCT 1     17.13                     15.37   1.76    16.37
  SINCE JAN 1      9.56                     10.52  -0.96     9.66

SNOWFALL (IN)
  YESTERDAY       MM
  MONTH TO DATE   MM
  SINCE JUN 1     MM
  SINCE JUL 1     MM
  SNOW DEPTH      MM

DEGREE DAYS
 HEATING
  YESTERDAY        3                         6     -3        9
  MONTH TO DATE  221                       209     12      164
  SINCE JUN 1    525                       663   -138      398
  SINCE JUL 1    221                       209     12      164

 COOLING
  YESTERDAY        0                         0      0        0
  MONTH TO DATE    0                         0      0        1
  SINCE JUN 1      3                         0      3       18
  SINCE JAN 1      3                         0      3       18
..................................................................


WIND (MPH)
  HIGHEST WIND SPEED    21   HIGHEST WIND DIRECTION     N (340)
  HIGHEST GUST SPEED    28   HIGHEST GUST DIRECTION     N (350)
  AVERAGE WIND SPEED     4.2


SKY COVER
  POSSIBLE SUNSHINE  MM
  AVERAGE SKY COVER 0.0


WEATHER CONDITIONS
 THE FOLLOWING WEATHER WAS RECORDED YESTERDAY.
  NO SIGNIFICANT WEATHER WAS OBSERVED.


RELATIVE HUMIDITY (PERCENT)
 HIGHEST    62           700 AM
 LOWEST     11           100 PM
 AVERAGE    37

..........................................................


THE STANLEY ID CLIMATE NORMALS FOR TODAY
                         NORMAL    RECORD    YEAR
 MAXIMUM TEMPERATURE (F)   80        91      1994
 MINIMUM TEMPERATURE (F)   38        25      1966


SUNRISE AND SUNSET
JULY 27 2016..........SUNRISE   623 AM MDT   SUNSET   909 PM MDT
JULY 28 2016..........SUNRISE   624 AM MDT   SUNSET   908 PM MDT


-  INDICATES NEGATIVE NUMBERS.
R  INDICATES RECORD WAS SET OR TIED.
MM INDICATES DATA IS MISSING.
T  INDICATES TRACE AMOUNT.




$$
