000
CDUS45 KPIH 030741
CLISNT


CLIMATE REPORT
NATIONAL WEATHER SERVICE POCATELLO ID
139 AM MDT WED JUN 3 2015


...................................

...THE STANLEY ID CLIMATE SUMMARY FOR JUNE 2 2015...

CLIMATE NORMAL PERIOD 1981 TO 2010
CLIMATE RECORD PERIOD 1916 TO 2015


WEATHER ITEM   OBSERVED TIME   RECORD YEAR NORMAL DEPARTURE LAST
                VALUE   (LST)  VALUE       VALUE  FROM      YEAR
                                                  NORMAL
..................................................................
TEMPERATURE (F)
 YESTERDAY
  MAXIMUM         61    442 PM  81    2001  63     -2       72
  MINIMUM         38   1141 PM  15    1920  31      7       27
  AVERAGE         50                        47      3       50

PRECIPITATION (IN)
  YESTERDAY        0.09          0.47 2011   0.05   0.04     0.00
  MONTH TO DATE    0.55                      0.11   0.44     0.00
  SINCE OCT 1     15.03                     13.49   1.54    16.04
  SINCE JAN 1      8.32                      8.64  -0.32    12.43

SNOWFALL (IN)
  YESTERDAY       MM
  MONTH TO DATE   MM
  SINCE JUN 1     MM
  SINCE JUL 1     MM
  SNOW DEPTH      MM

DEGREE DAYS
 HEATING
  YESTERDAY       15                        18     -3       15
  MONTH TO DATE   27                        36     -9       32
  SINCE JUN 1     27                        36     -9       32
  SINCE JUL 1   8729                     10378  -1649     9953

 COOLING
  YESTERDAY        0                         0      0        0
  MONTH TO DATE    0                         0      0        0
  SINCE JUN 1      0                         0      0        0
  SINCE JAN 1      0                         0      0        0
..................................................................


WIND (MPH)
  HIGHEST WIND SPEED    15   HIGHEST WIND DIRECTION     W (270)
  HIGHEST GUST SPEED    23   HIGHEST GUST DIRECTION     W (280)
  AVERAGE WIND SPEED     3.9


SKY COVER
  POSSIBLE SUNSHINE  MM
  AVERAGE SKY COVER 0.0


WEATHER CONDITIONS
 THE FOLLOWING WEATHER WAS RECORDED YESTERDAY.
  NO SIGNIFICANT WEATHER WAS OBSERVED.


RELATIVE HUMIDITY (PERCENT)
 HIGHEST    92           200 AM
 LOWEST     39           500 PM
 AVERAGE    66

..........................................................


THE STANLEY ID CLIMATE NORMALS FOR TODAY
                         NORMAL    RECORD    YEAR
 MAXIMUM TEMPERATURE (F)   63        81      1970
 MINIMUM TEMPERATURE (F)   32        20      1924


SUNRISE AND SUNSET
JUNE  3 2015..........SUNRISE   558 AM MDT   SUNSET   918 PM MDT
JUNE  4 2015..........SUNRISE   558 AM MDT   SUNSET   918 PM MDT


-  INDICATES NEGATIVE NUMBERS.
R  INDICATES RECORD WAS SET OR TIED.
MM INDICATES DATA IS MISSING.
T  INDICATES TRACE AMOUNT.




$$
