000
CDUS45 KPIH 230733
CLISNT


CLIMATE REPORT
NATIONAL WEATHER SERVICE POCATELLO ID
132 AM MDT SUN JUL 23 2017


...................................

...THE STANLEY ID CLIMATE SUMMARY FOR JULY 22 2017...

CLIMATE NORMAL PERIOD 1981 TO 2010
CLIMATE RECORD PERIOD 1916 TO 2017


WEATHER ITEM   OBSERVED TIME   RECORD YEAR NORMAL DEPARTURE LAST
                VALUE   (LST)  VALUE       VALUE  FROM      YEAR
                                                  NORMAL
..................................................................
TEMPERATURE (F)
 YESTERDAY
  MAXIMUM         87    516 PM  93    2006  80      7       82
  MINIMUM         34    534 AM  27    1981  38     -4       42
  AVERAGE         61                        59      2       62

PRECIPITATION (IN)
  YESTERDAY        0.00          0.36 2008   0.02  -0.02     0.00
  MONTH TO DATE    0.19                      0.51  -0.32     0.10
  SINCE OCT 1     28.32                     15.28  13.04    17.13
  SINCE JAN 1     16.99                     10.43   6.56     9.56

SNOWFALL (IN)
  YESTERDAY       MM
  MONTH TO DATE   MM
  SINCE JUN 1     MM
  SINCE JUL 1     MM
  SNOW DEPTH      MM

DEGREE DAYS
 HEATING
  YESTERDAY        4                         6     -2        3
  MONTH TO DATE   58                       185   -127      199
  SINCE JUN 1    402                       639   -237      503
  SINCE JUL 1     58                       185   -127      199

 COOLING
  YESTERDAY        0                         0      0        0
  MONTH TO DATE   15                         0     15        0
  SINCE JUN 1     17                         0     17        3
  SINCE JAN 1     17                         0     17        3
..................................................................


WIND (MPH)
  HIGHEST WIND SPEED    10   HIGHEST WIND DIRECTION     N (350)
  HIGHEST GUST SPEED    16   HIGHEST GUST DIRECTION     N (340)
  AVERAGE WIND SPEED     3.5


SKY COVER
  POSSIBLE SUNSHINE  MM
  AVERAGE SKY COVER 0.0


WEATHER CONDITIONS
 THE FOLLOWING WEATHER WAS RECORDED YESTERDAY.
  NO SIGNIFICANT WEATHER WAS OBSERVED.


RELATIVE HUMIDITY (PERCENT)
 HIGHEST    82           500 AM
 LOWEST     10           500 PM
 AVERAGE    46

..........................................................


THE STANLEY ID CLIMATE NORMALS FOR TODAY
                         NORMAL    RECORD    YEAR
 MAXIMUM TEMPERATURE (F)   80        92      2003
                                             1994
 MINIMUM TEMPERATURE (F)   38        25      1964


SUNRISE AND SUNSET
JULY 23 2017..........SUNRISE   618 AM MDT   SUNSET   914 PM MDT
JULY 24 2017..........SUNRISE   619 AM MDT   SUNSET   913 PM MDT


-  INDICATES NEGATIVE NUMBERS.
R  INDICATES RECORD WAS SET OR TIED.
MM INDICATES DATA IS MISSING.
T  INDICATES TRACE AMOUNT.




$$
