551
CDUS45 KPIH 200749
CLISNT


CLIMATE REPORT
NATIONAL WEATHER SERVICE POCATELLO ID
1248 AM MST MON FEB 20 2017


...................................

...THE STANLEY ID CLIMATE SUMMARY FOR FEBRUARY 19 2017...

CLIMATE NORMAL PERIOD 1981 TO 2010
CLIMATE RECORD PERIOD 1916 TO 2017


WEATHER ITEM   OBSERVED TIME   RECORD YEAR NORMAL DEPARTURE LAST
                VALUE   (LST)  VALUE       VALUE  FROM      YEAR
                                                  NORMAL
..................................................................
TEMPERATURE (F)
 YESTERDAY
  MAXIMUM         37   1234 PM  56    1923  35      2       39
  MINIMUM         25    459 PM -27    1990   4     21       22
  AVERAGE         31                        20     11       31

PRECIPITATION (IN)
  YESTERDAY        0.45          0.76 1920   0.04   0.41     0.20
  MONTH TO DATE    5.40                      1.23   4.17     1.03
  SINCE OCT 1     16.99                      7.60   9.39    11.05
  SINCE JAN 1      5.66                      2.75   2.91     3.48

SNOWFALL (IN)
  YESTERDAY       MM
  MONTH TO DATE   MM
  SINCE DEC 1     MM
  SINCE JUL 1     MM
  SNOW DEPTH      MM

DEGREE DAYS
 HEATING
  YESTERDAY       34                        46    -12       34
  MONTH TO DATE  713                       910   -197      764
  SINCE DEC 1   4239                      4042    197     3757
  SINCE JUL 1   6856                      7139   -283     6529

 COOLING
  YESTERDAY        0                         0      0        0
  MONTH TO DATE    0                         0      0        0
  SINCE DEC 1      0                         0      0        0
  SINCE JAN 1      0                         0      0        0
..................................................................


WIND (MPH)
  HIGHEST WIND SPEED    13   HIGHEST WIND DIRECTION    SE (150)
  HIGHEST GUST SPEED    18   HIGHEST GUST DIRECTION    SE (150)
  AVERAGE WIND SPEED     4.9


SKY COVER
  POSSIBLE SUNSHINE  MM
  AVERAGE SKY COVER 0.0


WEATHER CONDITIONS
 THE FOLLOWING WEATHER WAS RECORDED YESTERDAY.
  NO SIGNIFICANT WEATHER WAS OBSERVED.


RELATIVE HUMIDITY (PERCENT)
 HIGHEST   100           600 AM
 LOWEST     69          1200 PM
 AVERAGE    85

..........................................................


THE STANLEY ID CLIMATE NORMALS FOR TODAY
                         NORMAL    RECORD    YEAR
 MAXIMUM TEMPERATURE (F)   35        60      1923
 MINIMUM TEMPERATURE (F)    5       -27      1990


SUNRISE AND SUNSET
FEBRUARY 20 2017......SUNRISE   731 AM MST   SUNSET   616 PM MST
FEBRUARY 21 2017......SUNRISE   729 AM MST   SUNSET   618 PM MST


-  INDICATES NEGATIVE NUMBERS.
R  INDICATES RECORD WAS SET OR TIED.
MM INDICATES DATA IS MISSING.
T  INDICATES TRACE AMOUNT.




$$
