000
CDUS45 KPIH 252332
CLISNT


CLIMATE REPORT
NATIONAL WEATHER SERVICE POCATELLO ID
524 PM MDT SAT OCT 25 2014


...................................

...THE STANLEY ID CLIMATE SUMMARY FOR OCTOBER 25 2014...
VALID TODAY AS OF 0500 PM LOCAL TIME.

CLIMATE NORMAL PERIOD 1981 TO 2010
CLIMATE RECORD PERIOD 1916 TO 2014


WEATHER ITEM   OBSERVED TIME   RECORD YEAR NORMAL DEPARTURE LAST
                VALUE   (LST)  VALUE       VALUE  FROM      YEAR
                                                  NORMAL
..................................................................
TEMPERATURE (F)
 TODAY
  MAXIMUM         62    101 PM  66    1992  49     13       63
  MINIMUM         26    746 AM   0    1919  21      5       17
  AVERAGE         44                        35      9       40

PRECIPITATION (IN)
  TODAY            0.00          0.24 1963   0.08  -0.08     0.00
  MONTH TO DATE    0.90                      1.03  -0.13     0.03
  SINCE OCT 1      0.90                      1.03  -0.13     0.03
  SINCE JAN 1     16.81                     13.24   3.57    10.53

SNOWFALL (IN)
  TODAY           MM
  MONTH TO DATE   MM
  SINCE SEP 1     MM
  SINCE JUL 1     MM
  SNOW DEPTH      MM

DEGREE DAYS
 HEATING
  TODAY           21                        30     -9       25
  MONTH TO DATE  515                       633   -118      687
  SINCE SEP 1    927                      1154   -227     1111
  SINCE JUL 1   1266                      1674   -408     1438

 COOLING
  TODAY            0                         0      0        0
  MONTH TO DATE    0                         0      0        0
  SINCE SEP 1      0                         0      0        0
  SINCE JAN 1     16                         3     13       19
..................................................................


WIND (MPH)
  HIGHEST WIND SPEED    13   HIGHEST WIND DIRECTION     S (160)
  HIGHEST GUST SPEED    19   HIGHEST GUST DIRECTION    SE (140)
  AVERAGE WIND SPEED     3.3


SKY COVER
  POSSIBLE SUNSHINE  MM
  AVERAGE SKY COVER 0.0


WEATHER CONDITIONS
 THE FOLLOWING WEATHER WAS RECORDED TODAY.
  NO SIGNIFICANT WEATHER WAS OBSERVED.


RELATIVE HUMIDITY (PERCENT)
 HIGHEST   100           400 AM
 LOWEST     29           100 PM
 AVERAGE    65

..........................................................


THE STANLEY ID CLIMATE NORMALS FOR TOMORROW
                         NORMAL    RECORD    YEAR
 MAXIMUM TEMPERATURE (F)   49        67      1992
 MINIMUM TEMPERATURE (F)   21         2      2012


SUNRISE AND SUNSET
OCTOBER 25 2014.......SUNRISE   807 AM MDT   SUNSET   640 PM MDT
OCTOBER 26 2014.......SUNRISE   809 AM MDT   SUNSET   638 PM MDT


-  INDICATES NEGATIVE NUMBERS.
R  INDICATES RECORD WAS SET OR TIED.
MM INDICATES DATA IS MISSING.
T  INDICATES TRACE AMOUNT.




$$
