000
CDUS45 KCYS 232132
CLISNY


CLIMATE REPORT
NATIONAL WEATHER SERVICE CHEYENNE WY
332 PM MDT SAT MAY 23 2015


...................................

...THE SIDNEY NE AIRPORT CLIMATE SUMMARY FOR MAY 23 2015...
VALID AS OF 0300 PM LOCAL TIME.

CLIMATE NORMAL PERIOD 1981 TO 2010
CLIMATE RECORD PERIOD 1948 TO 2015


WEATHER ITEM   OBSERVED TIME   RECORD YEAR NORMAL DEPARTURE LAST
                VALUE   (LST)  VALUE       VALUE  FROM      YEAR
                                                  NORMAL
..................................................................
TEMPERATURE (F)
 TODAY
  MAXIMUM         56    155 PM  89    1950  73    -17       67
  MINIMUM         46   1254 AM  32    1974  46      0       55
  AVERAGE         51                        60     -9       61

PRECIPITATION (IN)
  TODAY            0.07          1.82 1976   0.10  -0.03     0.06
  MONTH TO DATE    5.88                      2.22   3.66     2.26
  SINCE JAN 1     12.41                      5.89   6.52     4.26

DEGREE DAYS
 HEATING
  TODAY           14                         6      8        4
  MONTH TO DATE  336                       209    127      265
  SINCE MAR 1   1512                      1539    -27     1584
  SINCE JUL 1   6244                      6121    123     6573

 COOLING
  TODAY            0                         1     -1        0
  MONTH TO DATE    0                        14    -14        0
  SINCE MAR 1      0                        15    -15        0
  SINCE JAN 1      0                        15    -15        0
..................................................................


WIND (MPH)
  HIGHEST WIND SPEED    23   HIGHEST WIND DIRECTION     E (80)
  HIGHEST GUST SPEED    29   HIGHEST GUST DIRECTION     E (80)
  AVERAGE WIND SPEED     7.3


SKY COVER
  AVERAGE SKY COVER 1.0


WEATHER CONDITIONS
 THE FOLLOWING WEATHER WAS RECORDED TODAY.
  THUNDERSTORM
  LIGHT RAIN
  FOG
  FOG W/VISIBILITY <= 1/4 MILE


RELATIVE HUMIDITY (PERCENT)
 HIGHEST   100          1200 AM
 LOWEST     93           600 AM
 AVERAGE    97

..........................................................


THE SIDNEY NE AIRPORT CLIMATE NORMALS FOR TOMORROW
                         NORMAL    RECORD    YEAR
 MAXIMUM TEMPERATURE (F)   74        93      1967
 MINIMUM TEMPERATURE (F)   46        30      2001


SUNRISE AND SUNSET
MAY 23 2015...........SUNRISE   527 AM MDT   SUNSET   811 PM MDT
MAY 24 2015...........SUNRISE   527 AM MDT   SUNSET   811 PM MDT


-  INDICATES NEGATIVE NUMBERS.
R  INDICATES RECORD WAS SET OR TIED.
MM INDICATES DATA IS MISSING.
T  INDICATES TRACE AMOUNT.




$$
