000
CDUS45 KCYS 232122
CLISNY


CLIMATE REPORT
NATIONAL WEATHER SERVICE CHEYENNE WY
322 PM MDT WED JUL 23 2014


...................................

...THE SIDNEY NE AIRPORT CLIMATE SUMMARY FOR JULY 23 2014...
VALID AS OF 0300 PM LOCAL TIME.

CLIMATE NORMAL PERIOD 1981 TO 2010
CLIMATE RECORD PERIOD 1948 TO 2014


WEATHER ITEM   OBSERVED TIME   RECORD YEAR NORMAL DEPARTURE LAST
                VALUE   (LST)  VALUE       VALUE  FROM      YEAR
                                                  NORMAL
..................................................................
TEMPERATURE (F)
 TODAY
  MAXIMUM         91    159 PM 104    2005  91      0       90
  MINIMUM         65    630 AM  43    1990  61      4       62
  AVERAGE         78                        76      2       76

PRECIPITATION (IN)
  TODAY            0.00          1.52 1991   0.09  -0.09     0.00
  MONTH TO DATE    0.21                      2.23  -2.02     0.86
  SINCE JAN 1      8.63                     12.17  -3.54     6.89

DEGREE DAYS
 HEATING
  TODAY            0                         0      0        0
  MONTH TO DATE    9                         0      9        0
  SINCE JUN 1     64                        59      5       37
  SINCE JUL 1      9                         0      9        0

 COOLING
  TODAY           13                        11      2       11
  MONTH TO DATE  180                       233    -53      230
  SINCE JUN 1    248                       370   -122      398
  SINCE JAN 1    264                       392   -128      431
..................................................................


WIND (MPH)
  HIGHEST WIND SPEED    26   HIGHEST WIND DIRECTION     S (170)
  HIGHEST GUST SPEED    35   HIGHEST GUST DIRECTION     S (170)
  AVERAGE WIND SPEED    16.5


SKY COVER
  AVERAGE SKY COVER 0.4


WEATHER CONDITIONS
 THE FOLLOWING WEATHER WAS RECORDED TODAY.
  FOG


RELATIVE HUMIDITY (PERCENT)
 HIGHEST    87           200 AM
 LOWEST     38           200 PM
 AVERAGE    63

..........................................................


THE SIDNEY NE AIRPORT CLIMATE NORMALS FOR TOMORROW
                         NORMAL    RECORD    YEAR
 MAXIMUM TEMPERATURE (F)   91       102      2012
                                             2009
                                             2003
 MINIMUM TEMPERATURE (F)   61        47      1988


SUNRISE AND SUNSET
JULY 23 2014..........SUNRISE   539 AM MDT   SUNSET   817 PM MDT
JULY 24 2014..........SUNRISE   540 AM MDT   SUNSET   816 PM MDT


-  INDICATES NEGATIVE NUMBERS.
R  INDICATES RECORD WAS SET OR TIED.
MM INDICATES DATA IS MISSING.
T  INDICATES TRACE AMOUNT.




$$
