527
CDUS45 KCYS 280730
CLISNY


CLIMATE REPORT
NATIONAL WEATHER SERVICE CHEYENNE WY
129 AM MDT THU JUL 28 2016


...................................

...THE SIDNEY NE AIRPORT CLIMATE SUMMARY FOR JULY 27 2016...

CLIMATE NORMAL PERIOD 1981 TO 2010
CLIMATE RECORD PERIOD 1948 TO 2016


WEATHER ITEM   OBSERVED TIME   RECORD YEAR NORMAL DEPARTURE LAST
                VALUE   (LST)  VALUE       VALUE  FROM      YEAR
                                                  NORMAL
..................................................................
TEMPERATURE (F)
 YESTERDAY
  MAXIMUM         90    347 PM 101    2012  91     -1       96
                                      1949
  MINIMUM         60    555 AM  49    2005  61     -1       58
                                      1980
  AVERAGE         75                        76     -1       77

PRECIPITATION (IN)
  YESTERDAY        0.17          2.57 1970   0.10   0.07     0.00
  MONTH TO DATE    0.56                      2.60  -2.04     1.64
  SINCE JAN 1      8.35                     12.54  -4.19    18.73

DEGREE DAYS
 HEATING
  YESTERDAY        0                         0      0        0
  MONTH TO DATE    0                         0      0        7
  SINCE JUN 1     10                        59    -49        7
  SINCE JUL 1      0                         0      0        7

 COOLING
  YESTERDAY       10                        11     -1       12
  MONTH TO DATE  274                       277     -3      221
  SINCE JUN 1    484                       414     70      330
  SINCE JAN 1    488                       436     52      330
..................................................................


WIND (MPH)
  HIGHEST WIND SPEED    30   HIGHEST WIND DIRECTION     S (170)
  HIGHEST GUST SPEED    37   HIGHEST GUST DIRECTION     S (160)
  AVERAGE WIND SPEED    10.6


SKY COVER
  AVERAGE SKY COVER 0.2


WEATHER CONDITIONS
 THE FOLLOWING WEATHER WAS RECORDED YESTERDAY.
  THUNDERSTORM
  RAIN
  LIGHT RAIN
  FOG


RELATIVE HUMIDITY (PERCENT)
 HIGHEST    90           400 AM
 LOWEST     34           300 PM
 AVERAGE    62

..........................................................


THE SIDNEY NE AIRPORT CLIMATE NORMALS FOR TODAY
                         NORMAL    RECORD    YEAR
 MAXIMUM TEMPERATURE (F)   91       100      1959
 MINIMUM TEMPERATURE (F)   61        46      1971


SUNRISE AND SUNSET
JULY 28 2016..........SUNRISE   544 AM MDT   SUNSET   812 PM MDT
JULY 29 2016..........SUNRISE   545 AM MDT   SUNSET   811 PM MDT


-  INDICATES NEGATIVE NUMBERS.
R  INDICATES RECORD WAS SET OR TIED.
MM INDICATES DATA IS MISSING.
T  INDICATES TRACE AMOUNT.




$$
