000
CDUS45 KCYS 010327
CLISNY


CLIMATE REPORT
NATIONAL WEATHER SERVICE CHEYENNE WY
926 PM MDT FRI JUL 31 2015


...................................

...THE SIDNEY NE AIRPORT CLIMATE SUMMARY FOR JULY 31 2015...
VALID TODAY AS OF 0900 PM LOCAL TIME.

CLIMATE NORMAL PERIOD 1981 TO 2010
CLIMATE RECORD PERIOD 1948 TO 2015


WEATHER ITEM   OBSERVED TIME   RECORD YEAR NORMAL DEPARTURE LAST
                VALUE   (LST)  VALUE       VALUE  FROM      YEAR
                                                  NORMAL
..................................................................
TEMPERATURE (F)
 TODAY
  MAXIMUM         92    414 PM 104    2002  90      2       89
  MINIMUM         54    448 AM  48    1973  61     -7       53
                                      1968
  AVERAGE         73                        75     -2       71

PRECIPITATION (IN)
  TODAY            0.00          0.93 1999   0.09  -0.09     0.00
  MONTH TO DATE    1.64                      2.96  -1.32     0.35
  SINCE JAN 1     18.73                     12.90   5.83     8.77

DEGREE DAYS
 HEATING
  TODAY            0                         0      0        0
  MONTH TO DATE    7                         0      7        9
  SINCE JUN 1      7                        62    -55       64
  SINCE JUL 1      7                         3      4        9

 COOLING
  TODAY            8                        11     -3        6
  MONTH TO DATE  240                       319    -79      259
  SINCE JUN 1    349                       456   -107      327
  SINCE JAN 1    349                       478   -129      343
..................................................................


WIND (MPH)
  HIGHEST WIND SPEED    14   HIGHEST WIND DIRECTION    SE (130)
  HIGHEST GUST SPEED    21   HIGHEST GUST DIRECTION     S (160)
  AVERAGE WIND SPEED     6.5


SKY COVER
  AVERAGE SKY COVER 0.0


WEATHER CONDITIONS
 THE FOLLOWING WEATHER WAS RECORDED TODAY.
  NO SIGNIFICANT WEATHER WAS OBSERVED.


RELATIVE HUMIDITY (PERCENT)
 HIGHEST    93          1200 AM
 LOWEST     20           300 PM
 AVERAGE    57

..........................................................


THE SIDNEY NE AIRPORT CLIMATE NORMALS FOR TOMORROW
                         NORMAL    RECORD    YEAR
 MAXIMUM TEMPERATURE (F)   90       102      2004
 MINIMUM TEMPERATURE (F)   61        47      1968


SUNRISE AND SUNSET
JULY 31 2015..........SUNRISE   546 AM MDT   SUNSET   810 PM MDT
AUGUST  1 2015........SUNRISE   547 AM MDT   SUNSET   808 PM MDT


-  INDICATES NEGATIVE NUMBERS.
R  INDICATES RECORD WAS SET OR TIED.
MM INDICATES DATA IS MISSING.
T  INDICATES TRACE AMOUNT.




$$
