192
CDUS45 KCYS 290745
CLISNY


CLIMATE REPORT
NATIONAL WEATHER SERVICE CHEYENNE WY
145 AM MDT THU SEP 29 2016


...................................

...THE SIDNEY NE AIRPORT CLIMATE SUMMARY FOR SEPTEMBER 28 2016...

CLIMATE NORMAL PERIOD 1981 TO 2010
CLIMATE RECORD PERIOD 1948 TO 2016


WEATHER ITEM   OBSERVED TIME   RECORD YEAR NORMAL DEPARTURE LAST
                VALUE   (LST)  VALUE       VALUE  FROM      YEAR
                                                  NORMAL
..................................................................
TEMPERATURE (F)
 YESTERDAY
  MAXIMUM         81    218 PM  92    1969  73      8       78
  MINIMUM         42    519 AM  22    1985  42      0       52
  AVERAGE         62                        57      5       65

PRECIPITATION (IN)
  YESTERDAY        0.00          1.22 1973   0.04  -0.04     0.00
  MONTH TO DATE    0.60                      1.19  -0.59     0.25
  SINCE JAN 1     12.11                     16.35  -4.24    19.52

DEGREE DAYS
 HEATING
  YESTERDAY        3                         8     -5        0
  MONTH TO DATE   97                       111    -14       41
  SINCE SEP 1     97                       111    -14       41
  SINCE JUL 1    123                       122      1       79

 COOLING
  YESTERDAY        0                         1     -1        0
  MONTH TO DATE   61                        83    -22       98
  SINCE SEP 1     61                        83    -22       98
  SINCE JAN 1    764                       825    -61      666
..................................................................


WIND (MPH)
  HIGHEST WIND SPEED    16   HIGHEST WIND DIRECTION    NE (60)
  HIGHEST GUST SPEED    21   HIGHEST GUST DIRECTION    NE (50)
  AVERAGE WIND SPEED     9.0


SKY COVER
  AVERAGE SKY COVER 0.0


WEATHER CONDITIONS
 THE FOLLOWING WEATHER WAS RECORDED YESTERDAY.
  NO SIGNIFICANT WEATHER WAS OBSERVED.


RELATIVE HUMIDITY (PERCENT)
 HIGHEST    82           300 AM
 LOWEST     19           400 PM
 AVERAGE    51

..........................................................


THE SIDNEY NE AIRPORT CLIMATE NORMALS FOR TODAY
                         NORMAL    RECORD    YEAR
 MAXIMUM TEMPERATURE (F)   72        91      1981
 MINIMUM TEMPERATURE (F)   42        16      1984


SUNRISE AND SUNSET
SEPTEMBER 29 2016.....SUNRISE   647 AM MDT   SUNSET   636 PM MDT
SEPTEMBER 30 2016.....SUNRISE   648 AM MDT   SUNSET   635 PM MDT


-  INDICATES NEGATIVE NUMBERS.
R  INDICATES RECORD WAS SET OR TIED.
MM INDICATES DATA IS MISSING.
T  INDICATES TRACE AMOUNT.




$$
