000
CDUS45 KCYS 260733
CLISNY


CLIMATE REPORT
NATIONAL WEATHER SERVICE CHEYENNE WY
1230 AM MST WED NOV 26 2014


...................................

...THE SIDNEY NE AIRPORT CLIMATE SUMMARY FOR NOVEMBER 25 2014...

CLIMATE NORMAL PERIOD 1981 TO 2010
CLIMATE RECORD PERIOD 1948 TO 2014


WEATHER ITEM   OBSERVED TIME   RECORD YEAR NORMAL DEPARTURE LAST
                VALUE   (LST)  VALUE       VALUE  FROM      YEAR
                                                  NORMAL
..................................................................
TEMPERATURE (F)
 YESTERDAY
  MAXIMUM         50    125 PM  74    1960  46      4       44
  MINIMUM         19    428 AM -10    1993  20     -1       20
  AVERAGE         35                        33      2       32

PRECIPITATION (IN)
  YESTERDAY        0.01          0.25 1989   0.03  -0.02     0.00
  MONTH TO DATE    0.36                      0.49  -0.13     0.45
  SINCE JAN 1     15.89                     17.92  -2.03    16.92

DEGREE DAYS
 HEATING
  YESTERDAY       30                        32     -2       33
  MONTH TO DATE  822                       656    166      687
  SINCE SEP 1   1316                      1248     68     1339
  SINCE JUL 1   1328                      1259     69     1348

 COOLING
  YESTERDAY        0                         0      0        0
  MONTH TO DATE    0                         0      0        0
  SINCE SEP 1     79                        88     -9      155
  SINCE JAN 1    637                       830   -193      918
..................................................................


WIND (MPH)
  HIGHEST WIND SPEED    36   HIGHEST WIND DIRECTION    NW (320)
  HIGHEST GUST SPEED    49   HIGHEST GUST DIRECTION    NW (320)
  AVERAGE WIND SPEED    17.0


SKY COVER
  AVERAGE SKY COVER 0.6


WEATHER CONDITIONS
 THE FOLLOWING WEATHER WAS RECORDED YESTERDAY.
  LIGHT SNOW
  FOG


RELATIVE HUMIDITY (PERCENT)
 HIGHEST    92           900 PM
 LOWEST     31           100 PM
 AVERAGE    62

..........................................................


THE SIDNEY NE AIRPORT CLIMATE NORMALS FOR TODAY
                         NORMAL    RECORD    YEAR
 MAXIMUM TEMPERATURE (F)   46        74      1995
 MINIMUM TEMPERATURE (F)   20        -8      1952


SUNRISE AND SUNSET
NOVEMBER 26 2014......SUNRISE   652 AM MST   SUNSET   426 PM MST
NOVEMBER 27 2014......SUNRISE   653 AM MST   SUNSET   425 PM MST


-  INDICATES NEGATIVE NUMBERS.
R  INDICATES RECORD WAS SET OR TIED.
MM INDICATES DATA IS MISSING.
T  INDICATES TRACE AMOUNT.




$$
