000
CDUS45 KCYS 030726
CLISNY


CLIMATE REPORT
NATIONAL WEATHER SERVICE CHEYENNE WY
126 AM MDT WED SEP 3 2014


...................................

...THE SIDNEY NE AIRPORT CLIMATE SUMMARY FOR SEPTEMBER 2 2014...

CLIMATE NORMAL PERIOD 1981 TO 2010
CLIMATE RECORD PERIOD 1948 TO 2014


WEATHER ITEM   OBSERVED TIME   RECORD YEAR NORMAL DEPARTURE LAST
                VALUE   (LST)  VALUE       VALUE  FROM      YEAR
                                                  NORMAL
..................................................................
TEMPERATURE (F)
 YESTERDAY
  MAXIMUM         87    400 PM  99    1983  85      2       94
  MINIMUM         42    325 AM  32    2006  54    -12       55
  AVERAGE         65                        70     -5       75

PRECIPITATION (IN)
  YESTERDAY        0.00          0.83 1966   0.06  -0.06     0.00
  MONTH TO DATE    0.00                      0.12  -0.12     0.00
  SINCE JAN 1     11.68                     15.28  -3.60     8.17

DEGREE DAYS
 HEATING
  YESTERDAY        0                         1     -1        0
  MONTH TO DATE    1                         2     -1        0
  SINCE SEP 1      1                         2     -1        0
  SINCE JUL 1     13                        13      0        9

 COOLING
  YESTERDAY        0                         6     -6       10
  MONTH TO DATE    0                        12    -12       14
  SINCE SEP 1      0                        12    -12       14
  SINCE JAN 1    558                       754   -196      777
..................................................................


WIND (MPH)
  HIGHEST WIND SPEED    23   HIGHEST WIND DIRECTION     S (200)
  HIGHEST GUST SPEED    30   HIGHEST GUST DIRECTION     S (190)
  AVERAGE WIND SPEED    10.2


SKY COVER
  AVERAGE SKY COVER 0.0


WEATHER CONDITIONS
 THE FOLLOWING WEATHER WAS RECORDED YESTERDAY.
  NO SIGNIFICANT WEATHER WAS OBSERVED.


RELATIVE HUMIDITY (PERCENT)
 HIGHEST    92           100 AM
 LOWEST     25           400 PM
 AVERAGE    59

..........................................................


THE SIDNEY NE AIRPORT CLIMATE NORMALS FOR TODAY
                         NORMAL    RECORD    YEAR
 MAXIMUM TEMPERATURE (F)   85        98      2013
                                             1998
 MINIMUM TEMPERATURE (F)   54        33      1974


SUNRISE AND SUNSET
SEPTEMBER  3 2014.....SUNRISE   620 AM MDT   SUNSET   721 PM MDT
SEPTEMBER  4 2014.....SUNRISE   621 AM MDT   SUNSET   720 PM MDT


-  INDICATES NEGATIVE NUMBERS.
R  INDICATES RECORD WAS SET OR TIED.
MM INDICATES DATA IS MISSING.
T  INDICATES TRACE AMOUNT.




$$
