000
CDUS45 KPUB 251042
CLISPD


CLIMATE REPORT
NATIONAL WEATHER SERVICE PUEBLO
442 AM MDT FRI JUL 25 2014


...................................

...THE SPRINGFIELD CO CLIMATE SUMMARY FOR JULY 24 2014...

CLIMATE NORMAL PERIOD 1981 TO 2010
CLIMATE RECORD PERIOD 9999 TO 9999


WEATHER ITEM   OBSERVED TIME   NORMAL DEPARTURE LAST
                VALUE   (LST)  VALUE  FROM      YEAR
                                      NORMAL
......................................................
TEMPERATURE (F)
 YESTERDAY
  MAXIMUM         97    222 PM  91      6       90
  MINIMUM         63    506 AM  62      1       64
  AVERAGE         80                            77

PRECIPITATION (IN)
  YESTERDAY        0.00          0.08  -0.08     0.98
  MONTH TO DATE    2.41          2.16   0.25     2.94
  SINCE JUN 1      4.34          4.66  -0.32     4.68
  SINCE JAN 1      8.23         10.23  -2.00     6.66

DEGREE DAYS
 HEATING
  YESTERDAY        0             0      0        0
  MONTH TO DATE    1             0      1        0
  SINCE JUN 1     23            21      2       19
  SINCE JUL 1      1             0      1        0

 COOLING
  YESTERDAY       15            12      3       12
  MONTH TO DATE  260           272    -12      287
  SINCE JUN 1    479           480     -1      638
  SINCE JAN 1    537           534      3      755
......................................................


WIND (MPH)
  HIGHEST WIND SPEED    29   HIGHEST WIND DIRECTION     S (190)
  HIGHEST GUST SPEED    37   HIGHEST GUST DIRECTION     S (200)
  AVERAGE WIND SPEED    16.2


SKY COVER
  POSSIBLE SUNSHINE  MM



RELATIVE HUMIDITY (PERCENT)
 HIGHEST    73           400 AM
 LOWEST     17           300 PM
 AVERAGE    45

..........................................................


THE SPRINGFIELD CO CLIMATE NORMALS FOR TODAY
                         NORMAL    RECORD    YEAR
 MAXIMUM TEMPERATURE (F)   91        MM        MM
 MINIMUM TEMPERATURE (F)   62        MM        MM


SUNRISE AND SUNSET
JULY 25 2014..........SUNRISE   549 AM MDT   SUNSET   804 PM MDT
JULY 26 2014..........SUNRISE   550 AM MDT   SUNSET   803 PM MDT


-  INDICATES NEGATIVE NUMBERS.
R  INDICATES RECORD WAS SET OR TIED.
MM INDICATES DATA IS MISSING.
T  INDICATES TRACE AMOUNT.




$$
