000
CDUS45 KPUB 201008
CLISPD


CLIMATE REPORT
NATIONAL WEATHER SERVICE PUEBLO
406 AM MDT SUN APR 20 2014


...................................

...THE SPRINGFIELD CO CLIMATE SUMMARY FOR APRIL 19 2014...

CLIMATE NORMAL PERIOD 1981 TO 2010
CLIMATE RECORD PERIOD 9999 TO 9999


WEATHER ITEM   OBSERVED TIME   NORMAL DEPARTURE LAST
                VALUE   (LST)  VALUE  FROM      YEAR
                                      NORMAL
......................................................
TEMPERATURE (F)
 YESTERDAY
  MAXIMUM         82    135 PM  68     14       61
  MINIMUM         50    535 AM  37     13       20
  AVERAGE         66                            41

PRECIPITATION (IN)
  YESTERDAY        0.00          0.04  -0.04     0.00
  MONTH TO DATE    0.60          0.79  -0.19     0.30
  SINCE MAR 1      0.97          1.92  -0.95     0.47
  SINCE JAN 1      1.30          2.73  -1.43     0.60

DEGREE DAYS
 HEATING
  YESTERDAY        0            13    -13       24
  MONTH TO DATE  312           288     24      402
  SINCE MAR 1   1024           975     49     1083
  SINCE JUL 1   5021          4981     40     4860

 COOLING
  YESTERDAY        1             0      1        0
  MONTH TO DATE    4             0      4        0
  SINCE MAR 1      4             0      4        0
  SINCE JAN 1      4             0      4        0
......................................................


WIND (MPH)
  HIGHEST WIND SPEED    37   HIGHEST WIND DIRECTION     S (180)
  HIGHEST GUST SPEED    47   HIGHEST GUST DIRECTION    SW (210)
  AVERAGE WIND SPEED    16.6


SKY COVER
  POSSIBLE SUNSHINE  MM



RELATIVE HUMIDITY (PERCENT)
 HIGHEST    74           500 AM
 LOWEST     14           100 PM
 AVERAGE    44

..........................................................


THE SPRINGFIELD CO CLIMATE NORMALS FOR TODAY
                         NORMAL    RECORD    YEAR
 MAXIMUM TEMPERATURE (F)   68        MM        MM
 MINIMUM TEMPERATURE (F)   38        MM        MM


SUNRISE AND SUNSET
APRIL 20 2014.........SUNRISE   609 AM MDT   SUNSET   730 PM MDT
APRIL 21 2014.........SUNRISE   608 AM MDT   SUNSET   731 PM MDT


-  INDICATES NEGATIVE NUMBERS.
R  INDICATES RECORD WAS SET OR TIED.
MM INDICATES DATA IS MISSING.
T  INDICATES TRACE AMOUNT.




$$
