373
CDUS45 KPUB 131134
CLISPD


CLIMATE REPORT
NATIONAL WEATHER SERVICE PUEBLO
434 AM MST SAT FEB 13 2016


...................................

...THE SPRINGFIELD CO CLIMATE SUMMARY FOR FEBRUARY 12 2016...

CLIMATE NORMAL PERIOD 1981 TO 2010
CLIMATE RECORD PERIOD 9999 TO 9999


WEATHER ITEM   OBSERVED TIME   NORMAL DEPARTURE LAST
                VALUE   (LST)  VALUE  FROM      YEAR
                                      NORMAL
......................................................
TEMPERATURE (F)
 YESTERDAY
  MAXIMUM         64    202 PM  49     15       56
  MINIMUM         23    630 AM  20      3       22
  AVERAGE         44                            39

PRECIPITATION (IN)
  YESTERDAY        0.00          0.02  -0.02     0.00
  MONTH TO DATE    0.14          0.22  -0.08     0.00
  SINCE DEC 1      0.39          1.10  -0.71     1.81
  SINCE JAN 1      0.30          0.59  -0.29     1.04

DEGREE DAYS
 HEATING
  YESTERDAY       21            30     -9       26
  MONTH TO DATE  366           373     -7      266
  SINCE DEC 1   2315          2403    -88     2189
  SINCE JUL 1   3320          3549   -229     3321

 COOLING
  YESTERDAY        0             0      0        0
  MONTH TO DATE    0             0      0        0
  SINCE DEC 1      0             0      0        0
  SINCE JAN 1      0             0      0        0
......................................................


WIND (MPH)
  HIGHEST WIND SPEED    24   HIGHEST WIND DIRECTION    SE (150)
  HIGHEST GUST SPEED    29   HIGHEST GUST DIRECTION     S (160)
  AVERAGE WIND SPEED    12.0


SKY COVER
  POSSIBLE SUNSHINE  MM



RELATIVE HUMIDITY (PERCENT)
 HIGHEST    88           700 AM
 LOWEST     23           200 PM
 AVERAGE    56

..........................................................


THE SPRINGFIELD CO CLIMATE NORMALS FOR TODAY
                         NORMAL    RECORD    YEAR
 MAXIMUM TEMPERATURE (F)   50        MM        MM
 MINIMUM TEMPERATURE (F)   20        MM        MM


SUNRISE AND SUNSET
FEBRUARY 13 2016......SUNRISE   642 AM MST   SUNSET   528 PM MST
FEBRUARY 14 2016......SUNRISE   641 AM MST   SUNSET   529 PM MST


-  INDICATES NEGATIVE NUMBERS.
R  INDICATES RECORD WAS SET OR TIED.
MM INDICATES DATA IS MISSING.
T  INDICATES TRACE AMOUNT.




$$
