000
CDUS43 KILX 280700
CLISPI


CLIMATE REPORT
NATIONAL WEATHER SERVICE LINCOLN IL
1258 AM CST TUE FEB 28 2017


...................................

...THE SPRINGFIELD IL CLIMATE SUMMARY FOR FEBRUARY 27 2017...

CLIMATE NORMAL PERIOD 1981 TO 2010
CLIMATE RECORD PERIOD 1879 TO 2017


WEATHER ITEM   OBSERVED TIME   RECORD YEAR NORMAL DEPARTURE LAST
                VALUE   (LST)  VALUE       VALUE  FROM      YEAR
                                                  NORMAL
..................................................................
TEMPERATURE (F)
 YESTERDAY
  MAXIMUM         62    359 PM  72    1976  45     17       62
  MINIMUM         32    529 AM -14    2015  26      6       29
  AVERAGE         47                        36     11       46

PRECIPITATION (IN)
  YESTERDAY        T             1.52 1997   0.07  -0.07     0.00
  MONTH TO DATE    0.35                      1.73  -1.38     1.24
  SINCE DEC 1      2.28                      6.07  -3.79     8.89
  SINCE JAN 1      1.37                      3.55  -2.18     2.33

SNOWFALL (IN)
  YESTERDAY        0.0           6.6  1984   0.1   -0.1      0.0
  MONTH TO DATE    2.1                       5.3   -3.2      8.3
  SINCE DEC 1      5.7                      17.3  -11.6     15.1
  SINCE JUL 1      5.7                      17.9  -12.2     15.6
  SNOW DEPTH       0

DEGREE DAYS
 HEATING
  YESTERDAY       18                        30    -12       19
  MONTH TO DATE  607                       917   -310      823
  SINCE DEC 1   2602                      3175   -573     2628
  SINCE JUL 1   3253                      4243   -990     3398

 COOLING
  YESTERDAY        0                         0      0        0
  MONTH TO DATE    0                         0      0        0
  SINCE DEC 1      0                         0      0        0
  SINCE JAN 1      0                         0      0        0
..................................................................


WIND (MPH)
  HIGHEST WIND SPEED    22   HIGHEST WIND DIRECTION    SE (150)
  HIGHEST GUST SPEED    30   HIGHEST GUST DIRECTION    SE (150)
  AVERAGE WIND SPEED    10.0


SKY COVER
  POSSIBLE SUNSHINE  MM
  AVERAGE SKY COVER 0.4


WEATHER CONDITIONS
 THE FOLLOWING WEATHER WAS RECORDED YESTERDAY.
  THUNDERSTORM
  RAIN


RELATIVE HUMIDITY (PERCENT)
 HIGHEST    89           300 AM
 LOWEST     34           300 PM
 AVERAGE    62

..........................................................


THE SPRINGFIELD IL CLIMATE NORMALS FOR TODAY
                         NORMAL    RECORD    YEAR
 MAXIMUM TEMPERATURE (F)   45        71      2016
 MINIMUM TEMPERATURE (F)   27         1      1891


SUNRISE AND SUNSET
FEBRUARY 28 2017......SUNRISE   633 AM CST   SUNSET   550 PM CST
MARCH  1 2017.........SUNRISE   632 AM CST   SUNSET   551 PM CST


-  INDICATES NEGATIVE NUMBERS.
R  INDICATES RECORD WAS SET OR TIED.
MM INDICATES DATA IS MISSING.
T  INDICATES TRACE AMOUNT.




$$
