000
CDUS43 KILX 152156
CLISPI


CLIMATE REPORT
NATIONAL WEATHER SERVICE LINCOLN IL
446 PM CDT MON SEP 15 2014


...................................

...THE SPRINGFIELD IL CLIMATE SUMMARY FOR SEPTEMBER 15 2014...
VALID TODAY AS OF 0400 PM LOCAL TIME.

CLIMATE NORMAL PERIOD 1981 TO 2010
CLIMATE RECORD PERIOD 1879 TO 2014


WEATHER ITEM   OBSERVED TIME   RECORD YEAR NORMAL DEPARTURE LAST
                VALUE   (LST)  VALUE       VALUE  FROM      YEAR
                                                  NORMAL
..................................................................
TEMPERATURE (F)
 TODAY
  MAXIMUM         60    259 PM 100    1939  80    -20       76
  MINIMUM         50   1202 AM  35    2007  55     -5       54
  AVERAGE         55                        67    -12       65

PRECIPITATION (IN)
  TODAY            0.88          0.90 1967   0.10   0.78     0.01
  MONTH TO DATE    4.97                      1.49   3.48     0.78
  SINCE SEP 1      4.97                      1.49   3.48     0.78
  SINCE JAN 1     37.30                     27.14  10.16    31.45

SNOWFALL (IN)
  TODAY            0.0           0.0    MM   0.0    0.0      0.0
  MONTH TO DATE    0.0                       0.0    0.0      0.0
  SINCE SEP 1      0.0                       0.0    0.0      0.0
  SINCE JUL 1      0.0                       0.0    0.0      0.0
  SNOW DEPTH       0

DEGREE DAYS
 HEATING
  TODAY           10                         2      8        0
  MONTH TO DATE   51                        15     36        9
  SINCE SEP 1     51                        15     36        9
  SINCE JUL 1     54                        20     34       20

 COOLING
  TODAY            0                         4     -4        0
  MONTH TO DATE   78                        86     -8      117
  SINCE SEP 1     78                        86     -8      117
  SINCE JAN 1   1111                      1056     55     1057
..................................................................


WIND (MPH)
  HIGHEST WIND SPEED    18   HIGHEST WIND DIRECTION    SE (130)
  HIGHEST GUST SPEED    23   HIGHEST GUST DIRECTION     N (360)
  AVERAGE WIND SPEED     4.0


SKY COVER
  POSSIBLE SUNSHINE  MM
  AVERAGE SKY COVER 0.9


WEATHER CONDITIONS
 THE FOLLOWING WEATHER WAS RECORDED TODAY.
  THUNDERSTORM
  HEAVY RAIN
  RAIN
  LIGHT RAIN
  FOG


RELATIVE HUMIDITY (PERCENT)
 HIGHEST    97           300 PM
 LOWEST     75           600 AM
 AVERAGE    86

..........................................................


THE SPRINGFIELD IL CLIMATE NORMALS FOR TOMORROW
                         NORMAL    RECORD    YEAR
 MAXIMUM TEMPERATURE (F)   79       100      1939
 MINIMUM TEMPERATURE (F)   54        39      2000
                                             1916


SUNRISE AND SUNSET
SEPTEMBER 15 2014.....SUNRISE   640 AM CDT   SUNSET   707 PM CDT
SEPTEMBER 16 2014.....SUNRISE   641 AM CDT   SUNSET   706 PM CDT


-  INDICATES NEGATIVE NUMBERS.
R  INDICATES RECORD WAS SET OR TIED.
MM INDICATES DATA IS MISSING.
T  INDICATES TRACE AMOUNT.




$$
