000
CDUS43 KILX 050635
CLISPI


CLIMATE REPORT
NATIONAL WEATHER SERVICE LINCOLN IL
135 AM CDT THU MAY 5 2016


...................................

...THE SPRINGFIELD IL CLIMATE SUMMARY FOR MAY 4 2016...

CLIMATE NORMAL PERIOD 1981 TO 2010
CLIMATE RECORD PERIOD 1879 TO 2016


WEATHER ITEM   OBSERVED TIME   RECORD YEAR NORMAL DEPARTURE LAST
                VALUE   (LST)  VALUE       VALUE  FROM      YEAR
                                                  NORMAL
..................................................................
TEMPERATURE (F)
 YESTERDAY
  MAXIMUM         63    509 PM  90    1952  71     -8       84
  MINIMUM         48    945 PM  30    2005  49     -1       64
                                      1954
  AVERAGE         56                        60     -4       74

PRECIPITATION (IN)
  YESTERDAY        0.05          1.41 1977   0.14  -0.09     0.03
  MONTH TO DATE    0.07                      0.53  -0.46     0.03
  SINCE MAR 1      8.43                      6.67   1.76     3.71
  SINCE JAN 1     10.76                     10.30   0.46     6.99

SNOWFALL (IN)
  YESTERDAY        0.0           T    1951   0.0    0.0      0.0
  MONTH TO DATE    0.0                       0.0    0.0      0.0
  SINCE MAR 1      0.1                       2.8   -2.7      3.7
  SINCE JUL 1     15.7                      20.9   -5.2     33.9
  SNOW DEPTH       0

DEGREE DAYS
 HEATING
  YESTERDAY        9                         6      3        0
  MONTH TO DATE   34                        27      7       13
  SINCE MAR 1    806                      1101   -295     1028
  SINCE JUL 1   4232                      5372  -1140     5597

 COOLING
  YESTERDAY        0                         1     -1        9
  MONTH TO DATE    0                         4     -4       16
  SINCE MAR 1     20                        24     -4       26
  SINCE JAN 1     20                        24     -4       26
..................................................................


WIND (MPH)
  HIGHEST WIND SPEED    24   HIGHEST WIND DIRECTION     N (10)
  HIGHEST GUST SPEED    32   HIGHEST GUST DIRECTION     N (360)
  AVERAGE WIND SPEED    10.8


SKY COVER
  POSSIBLE SUNSHINE  MM
  AVERAGE SKY COVER 0.5


WEATHER CONDITIONS
 THE FOLLOWING WEATHER WAS RECORDED YESTERDAY.
  RAIN
  FOG


RELATIVE HUMIDITY (PERCENT)
 HIGHEST    93           600 AM
 LOWEST     39           500 PM
 AVERAGE    66

..........................................................


THE SPRINGFIELD IL CLIMATE NORMALS FOR TODAY
                         NORMAL    RECORD    YEAR
 MAXIMUM TEMPERATURE (F)   72        93      1943
 MINIMUM TEMPERATURE (F)   49        34      1944


SUNRISE AND SUNSET
MAY  5 2016...........SUNRISE   554 AM CDT   SUNSET   758 PM CDT
MAY  6 2016...........SUNRISE   553 AM CDT   SUNSET   759 PM CDT


-  INDICATES NEGATIVE NUMBERS.
R  INDICATES RECORD WAS SET OR TIED.
MM INDICATES DATA IS MISSING.
T  INDICATES TRACE AMOUNT.




$$
