000
CDUS43 KILX 020651
CLISPI


CLIMATE REPORT
NATIONAL WEATHER SERVICE LINCOLN IL
1240 AM CST MON MAR 2 2015


...................................

...THE SPRINGFIELD IL CLIMATE SUMMARY FOR MARCH 1 2015...

CLIMATE NORMAL PERIOD 1981 TO 2010
CLIMATE RECORD PERIOD 1879 TO 2015


WEATHER ITEM   OBSERVED TIME   RECORD YEAR NORMAL DEPARTURE LAST
                VALUE   (LST)  VALUE       VALUE  FROM      YEAR
                                                  NORMAL
..................................................................
TEMPERATURE (F)
 YESTERDAY
  MAXIMUM         30    328 PM  73    1992  45    -15       38
  MINIMUM         15   1152 PM  -8    1960  27    -12       18
  AVERAGE         23                        36    -13       28

PRECIPITATION (IN)
  YESTERDAY        0.28          0.83 1953   0.08   0.20      T
  MONTH TO DATE    0.28                      0.08   0.20      T
  SINCE MAR 1      0.28                      0.08   0.20      T
  SINCE JAN 1      3.56                      3.71  -0.15     5.43

SNOWFALL (IN)
  YESTERDAY        3.7           7.3  1953   0.1    3.6       T
  MONTH TO DATE    3.7                       0.1    3.6       T
  SINCE MAR 1      3.7                       0.1    3.6       T
  SINCE JUL 1     33.9                      18.2   15.7     42.3
  SNOW DEPTH      11

DEGREE DAYS
 HEATING
  YESTERDAY       42                        29     13       37
  MONTH TO DATE   42                        29     13       37
  SINCE MAR 1     42                        29     13       37
  SINCE JUL 1   4611                      4300    311     4984

 COOLING
  YESTERDAY        0                         0      0        0
  MONTH TO DATE    0                         0      0        0
  SINCE MAR 1      0                         0      0        0
  SINCE JAN 1      0                         0      0        0
..................................................................


WIND (MPH)
  HIGHEST WIND SPEED    13   HIGHEST WIND DIRECTION    NW (310)
  HIGHEST GUST SPEED    14   HIGHEST GUST DIRECTION    NW (310)
  AVERAGE WIND SPEED     4.4


SKY COVER
  POSSIBLE SUNSHINE  MM
  AVERAGE SKY COVER 0.8


WEATHER CONDITIONS
 THE FOLLOWING WEATHER WAS RECORDED YESTERDAY.
  LIGHT SNOW
  FOG
  HAZE


RELATIVE HUMIDITY (PERCENT)
 HIGHEST    92          1200 AM
 LOWEST     69           400 PM
 AVERAGE    81

..........................................................


THE SPRINGFIELD IL CLIMATE NORMALS FOR TODAY
                         NORMAL    RECORD    YEAR
 MAXIMUM TEMPERATURE (F)   46        76      1992
                                             1976
 MINIMUM TEMPERATURE (F)   28        -2      1980


SUNRISE AND SUNSET
MARCH  2 2015.........SUNRISE   631 AM CST   SUNSET   552 PM CST
MARCH  3 2015.........SUNRISE   629 AM CST   SUNSET   553 PM CST


-  INDICATES NEGATIVE NUMBERS.
R  INDICATES RECORD WAS SET OR TIED.
MM INDICATES DATA IS MISSING.
T  INDICATES TRACE AMOUNT.




$$
