000
CDUS43 KILX 270645
CLISPI


CLIMATE REPORT
NATIONAL WEATHER SERVICE LINCOLN IL
140 AM CDT WED MAY 27 2015


...................................

...THE SPRINGFIELD IL CLIMATE SUMMARY FOR MAY 26 2015...

CLIMATE NORMAL PERIOD 1981 TO 2010
CLIMATE RECORD PERIOD 1879 TO 2015


WEATHER ITEM   OBSERVED TIME   RECORD YEAR NORMAL DEPARTURE LAST
                VALUE   (LST)  VALUE       VALUE  FROM      YEAR
                                                  NORMAL
..................................................................
TEMPERATURE (F)
 YESTERDAY
  MAXIMUM         79    118 PM  95    1911  78      1       89
  MINIMUM         67    143 PM  38    1961  56     11       66
                                      1925
  AVERAGE         73                        67      6       78

PRECIPITATION (IN)
  YESTERDAY        0.16          4.20 1893   0.14   0.02      T
  MONTH TO DATE    3.65                      3.53   0.12     2.15
  SINCE MAR 1      7.33                      9.67  -2.34     8.25
  SINCE JAN 1     10.61                     13.30  -2.69    13.68

SNOWFALL (IN)
  YESTERDAY        0.0           0.0    MM   0.0    0.0      0.0
  MONTH TO DATE    0.0                       0.0    0.0      0.0
  SINCE MAR 1      3.7                       2.8    0.9      3.4
  SINCE JUL 1     33.9                      20.9   13.0     45.7
  SNOW DEPTH       0

DEGREE DAYS
 HEATING
  YESTERDAY        0                         2     -2        0
  MONTH TO DATE   70                       116    -46      115
  SINCE MAR 1   1085                      1190   -105     1259
  SINCE JUL 1   5654                      5461    193     6206

 COOLING
  YESTERDAY        8                         4      4       13
  MONTH TO DATE  132                        62     70      109
  SINCE MAR 1    142                        82     60      119
  SINCE JAN 1    142                        82     60      119
..................................................................


WIND (MPH)
  HIGHEST WIND SPEED    35   HIGHEST WIND DIRECTION     W (260)
  HIGHEST GUST SPEED    43   HIGHEST GUST DIRECTION     W (270)
  AVERAGE WIND SPEED    14.1


SKY COVER
  POSSIBLE SUNSHINE  MM
  AVERAGE SKY COVER 0.7


WEATHER CONDITIONS
 THE FOLLOWING WEATHER WAS RECORDED YESTERDAY.
  HEAVY RAIN
  RAIN
  LIGHT RAIN
  FOG
  HAZE


RELATIVE HUMIDITY (PERCENT)
 HIGHEST    84          1200 AM
 LOWEST     56           100 PM
 AVERAGE    70

..........................................................


THE SPRINGFIELD IL CLIMATE NORMALS FOR TODAY
                         NORMAL    RECORD    YEAR
 MAXIMUM TEMPERATURE (F)   78        94      1911
 MINIMUM TEMPERATURE (F)   56        34      1992


SUNRISE AND SUNSET
MAY 27 2015...........SUNRISE   535 AM CDT   SUNSET   817 PM CDT
MAY 28 2015...........SUNRISE   535 AM CDT   SUNSET   818 PM CDT


-  INDICATES NEGATIVE NUMBERS.
R  INDICATES RECORD WAS SET OR TIED.
MM INDICATES DATA IS MISSING.
T  INDICATES TRACE AMOUNT.




$$
