687
CDUS43 KILX 280648
CLISPI


CLIMATE REPORT
NATIONAL WEATHER SERVICE LINCOLN IL
147 AM CDT THU JUL 28 2016


...................................

...THE SPRINGFIELD IL CLIMATE SUMMARY FOR JULY 27 2016...

CLIMATE NORMAL PERIOD 1981 TO 2010
CLIMATE RECORD PERIOD 1879 TO 2016


WEATHER ITEM   OBSERVED TIME   RECORD YEAR NORMAL DEPARTURE LAST
                VALUE   (LST)  VALUE       VALUE  FROM      YEAR
                                                  NORMAL
..................................................................
TEMPERATURE (F)
 YESTERDAY
  MAXIMUM         87    452 PM 106    1936  86      1       92
  MINIMUM         71    358 AM  50    1962  65      6       73
  AVERAGE         79                        76      3       83

PRECIPITATION (IN)
  YESTERDAY        0.04          4.33 1981   0.11  -0.07      T
  MONTH TO DATE    9.08                      3.48   5.60     4.16
  SINCE JUN 1     11.01                      7.94   3.07    13.30
  SINCE JAN 1     24.60                     21.95   2.65    26.21

SNOWFALL (IN)
  YESTERDAY        0.0           0.0    MM   0.0    0.0      0.0
  MONTH TO DATE    0.0                       0.0    0.0      0.0
  SINCE JUN 1      0.0                       0.0    0.0      0.0
  SINCE JUL 1      0.0                       0.0    0.0      0.0
  SNOW DEPTH       0

DEGREE DAYS
 HEATING
  YESTERDAY        0                         0      0        0
  MONTH TO DATE    1                         0      1        4
  SINCE JUN 1      1                        15    -14        7
  SINCE JUL 1      1                         0      1        4

 COOLING
  YESTERDAY       14                        10      4       18
  MONTH TO DATE  348                       296     52      308
  SINCE JUN 1    715                       536    179      606
  SINCE JAN 1    840                       640    200      772
..................................................................


WIND (MPH)
  HIGHEST WIND SPEED    12   HIGHEST WIND DIRECTION    SE (130)
  HIGHEST GUST SPEED    15   HIGHEST GUST DIRECTION    SE (120)
  AVERAGE WIND SPEED     4.8


SKY COVER
  POSSIBLE SUNSHINE  MM
  AVERAGE SKY COVER 0.4


WEATHER CONDITIONS
 THE FOLLOWING WEATHER WAS RECORDED YESTERDAY.
  THUNDERSTORM
  LIGHT RAIN
  FOG


RELATIVE HUMIDITY (PERCENT)
 HIGHEST    94          1000 PM
 LOWEST     59           500 PM
 AVERAGE    77

..........................................................


THE SPRINGFIELD IL CLIMATE NORMALS FOR TODAY
                         NORMAL    RECORD    YEAR
 MAXIMUM TEMPERATURE (F)   86       104      1930
 MINIMUM TEMPERATURE (F)   65        48      2013


SUNRISE AND SUNSET
JULY 28 2016..........SUNRISE   554 AM CDT   SUNSET   816 PM CDT
JULY 29 2016..........SUNRISE   555 AM CDT   SUNSET   815 PM CDT


-  INDICATES NEGATIVE NUMBERS.
R  INDICATES RECORD WAS SET OR TIED.
MM INDICATES DATA IS MISSING.
T  INDICATES TRACE AMOUNT.




$$
