000
CDUS43 KILX 040631
CLISPI


CLIMATE REPORT
NATIONAL WEATHER SERVICE LINCOLN IL
131 AM CDT TUE AUG 4 2015


...................................

...THE SPRINGFIELD IL CLIMATE SUMMARY FOR AUGUST 3 2015...

CLIMATE NORMAL PERIOD 1981 TO 2010
CLIMATE RECORD PERIOD 1879 TO 2015


WEATHER ITEM   OBSERVED TIME   RECORD YEAR NORMAL DEPARTURE LAST
                VALUE   (LST)  VALUE       VALUE  FROM      YEAR
                                                  NORMAL
..................................................................
TEMPERATURE (F)
 YESTERDAY
  MAXIMUM         86    122 PM 103    1964  85      1       87
  MINIMUM         68   1133 PM  50    1950  65      3       60
  AVERAGE         77                        75      2       74

PRECIPITATION (IN)
  YESTERDAY        0.00          1.53 1905   0.11  -0.11     0.00
  MONTH TO DATE    T                         0.34  -0.34     0.67
  SINCE JUN 1     13.30                      8.74   4.56    12.07
  SINCE JAN 1     26.21                     22.75   3.46    26.36

SNOWFALL (IN)
  YESTERDAY        0.0           0.0    MM   0.0    0.0      0.0
  MONTH TO DATE    0.0                       0.0    0.0      0.0
  SINCE JUN 1      0.0                       0.0    0.0      0.0
  SINCE JUL 1      0.0                       0.0    0.0      0.0
  SNOW DEPTH       0

DEGREE DAYS
 HEATING
  YESTERDAY        0                         0      0        0
  MONTH TO DATE    0                         0      0        0
  SINCE JUN 1      7                        16     -9        3
  SINCE JUL 1      4                         1      3        3

 COOLING
  YESTERDAY       12                        10      2        9
  MONTH TO DATE   38                        30      8       22
  SINCE JUN 1    700                       605     95      540
  SINCE JAN 1    866                       709    157      716
..................................................................


WIND (MPH)
  HIGHEST WIND SPEED    15   HIGHEST WIND DIRECTION     W (270)
  HIGHEST GUST SPEED    18   HIGHEST GUST DIRECTION     W (280)
  AVERAGE WIND SPEED     6.7


SKY COVER
  POSSIBLE SUNSHINE  MM
  AVERAGE SKY COVER 0.0


WEATHER CONDITIONS
 THE FOLLOWING WEATHER WAS RECORDED YESTERDAY.
  NO SIGNIFICANT WEATHER WAS OBSERVED.


RELATIVE HUMIDITY (PERCENT)
 HIGHEST    90           200 AM
 LOWEST     55           100 PM
 AVERAGE    73

..........................................................


THE SPRINGFIELD IL CLIMATE NORMALS FOR TODAY
                         NORMAL    RECORD    YEAR
 MAXIMUM TEMPERATURE (F)   85       106      1918
 MINIMUM TEMPERATURE (F)   65        51      1912


SUNRISE AND SUNSET
AUGUST  4 2015........SUNRISE   600 AM CDT   SUNSET   809 PM CDT
AUGUST  5 2015........SUNRISE   601 AM CDT   SUNSET   808 PM CDT


-  INDICATES NEGATIVE NUMBERS.
R  INDICATES RECORD WAS SET OR TIED.
MM INDICATES DATA IS MISSING.
T  INDICATES TRACE AMOUNT.




$$
