000
CDUS43 KILX 172141
CLISPI


CLIMATE REPORT
NATIONAL WEATHER SERVICE LINCOLN IL
440 PM CDT TUE OCT 17 2017


...................................

...THE SPRINGFIELD IL CLIMATE SUMMARY FOR OCTOBER 17 2017...
VALID TODAY AS OF 0400 PM LOCAL TIME.

CLIMATE NORMAL PERIOD 1981 TO 2010
CLIMATE RECORD PERIOD 1879 TO 2017


WEATHER ITEM   OBSERVED TIME   RECORD YEAR NORMAL DEPARTURE LAST
                VALUE   (LST)  VALUE       VALUE  FROM      YEAR
                                                  NORMAL
..................................................................
TEMPERATURE (F)
 TODAY
  MAXIMUM         71    237 PM  88    2016  66      5       88
  MINIMUM         48    622 AM  26    1948  43      5       69
  AVERAGE         60                        55      5       79

PRECIPITATION (IN)
  TODAY            0.00          2.10 1946   0.10  -0.10     0.00
  MONTH TO DATE    5.01                      1.68   3.33     1.61
  SINCE SEP 1      5.02                      4.58   0.44     3.46
  SINCE JAN 1     30.06                     30.23  -0.17    39.31

SNOWFALL (IN)
  TODAY            0.0           T    1884   0.0    0.0      0.0
  MONTH TO DATE    0.0                       0.0    0.0      0.0
  SINCE SEP 1      0.0                       0.0    0.0      0.0
  SINCE JUL 1      0.0                       0.0    0.0      0.0
  SNOW DEPTH       0

DEGREE DAYS
 HEATING
  TODAY            5                        11     -6        0
  MONTH TO DATE   43                       147   -104       54
  SINCE SEP 1     79                       223   -144       66
  SINCE JUL 1     79                       228   -149       67

 COOLING
  TODAY            0                         1     -1       14
  MONTH TO DATE   70                        19     51       59
  SINCE SEP 1    279                       148    131      317
  SINCE JAN 1   1391                      1118    273     1593
..................................................................


WIND (MPH)
  HIGHEST WIND SPEED    17   HIGHEST WIND DIRECTION     S (200)
  HIGHEST GUST SPEED    24   HIGHEST GUST DIRECTION     S (200)
  AVERAGE WIND SPEED     9.1


SKY COVER
  POSSIBLE SUNSHINE  MM
  AVERAGE SKY COVER 0.0


WEATHER CONDITIONS
 THE FOLLOWING WEATHER WAS RECORDED TODAY.
  NO SIGNIFICANT WEATHER WAS OBSERVED.


RELATIVE HUMIDITY (PERCENT)
 HIGHEST    71           300 AM
 LOWEST     33           100 PM
 AVERAGE    52

..........................................................


THE SPRINGFIELD IL CLIMATE NORMALS FOR TOMORROW
                         NORMAL    RECORD    YEAR
 MAXIMUM TEMPERATURE (F)   66        86      1953
 MINIMUM TEMPERATURE (F)   43        24      1948


SUNRISE AND SUNSET
OCTOBER 17 2017.......SUNRISE   711 AM CDT   SUNSET   616 PM CDT
OCTOBER 18 2017.......SUNRISE   712 AM CDT   SUNSET   615 PM CDT


-  INDICATES NEGATIVE NUMBERS.
R  INDICATES RECORD WAS SET OR TIED.
MM INDICATES DATA IS MISSING.
T  INDICATES TRACE AMOUNT.




$$
