000
CDUS43 KILX 270647
CLISPI


CLIMATE REPORT
NATIONAL WEATHER SERVICE LINCOLN IL
147 AM CDT THU APR 27 2017


...................................

...THE SPRINGFIELD IL CLIMATE SUMMARY FOR APRIL 26 2017...

CLIMATE NORMAL PERIOD 1981 TO 2010
CLIMATE RECORD PERIOD 1879 TO 2017


WEATHER ITEM   OBSERVED TIME   RECORD YEAR NORMAL DEPARTURE LAST
                VALUE   (LST)  VALUE       VALUE  FROM      YEAR
                                                  NORMAL
..................................................................
TEMPERATURE (F)
 YESTERDAY
  MAXIMUM         72    101 PM  89    1986  69      3       76
  MINIMUM         60   1136 PM  32    1976  46     14       50
  AVERAGE         66                        57      9       63

PRECIPITATION (IN)
  YESTERDAY        0.55          1.76 1890   0.13   0.42     0.24
  MONTH TO DATE    3.34                      2.99   0.35     1.76
  SINCE MAR 1      7.60                      5.62   1.98     7.35
  SINCE JAN 1      9.07                      9.25  -0.18     9.68

SNOWFALL (IN)
  YESTERDAY        0.0           0.0    MM   0.0    0.0      0.0
  MONTH TO DATE    0.0                       0.3   -0.3      0.0
  SINCE MAR 1      4.6                       2.8    1.8      0.1
  SINCE JUL 1     10.3                      20.9  -10.6     15.7
  SNOW DEPTH       0

DEGREE DAYS
 HEATING
  YESTERDAY        0                         9     -9        2
  MONTH TO DATE  161                       334   -173      280
  SINCE MAR 1    758                      1045   -287      744
  SINCE JUL 1   4013                      5316  -1303     4170

 COOLING
  YESTERDAY        1                         1      0        0
  MONTH TO DATE   37                        15     22       20
  SINCE MAR 1     37                        17     20       20
  SINCE JAN 1     37                        17     20       20
..................................................................


WIND (MPH)
  HIGHEST WIND SPEED    22   HIGHEST WIND DIRECTION     W (250)
  HIGHEST GUST SPEED    27   HIGHEST GUST DIRECTION     W (250)
  AVERAGE WIND SPEED    10.8


SKY COVER
  POSSIBLE SUNSHINE  MM
  AVERAGE SKY COVER 0.7


WEATHER CONDITIONS
 THE FOLLOWING WEATHER WAS RECORDED YESTERDAY.
  THUNDERSTORM
  RAIN
  LIGHT RAIN
  FOG


RELATIVE HUMIDITY (PERCENT)
 HIGHEST    97           800 PM
 LOWEST     53          1200 AM
 AVERAGE    75

..........................................................


THE SPRINGFIELD IL CLIMATE NORMALS FOR TODAY
                         NORMAL    RECORD    YEAR
 MAXIMUM TEMPERATURE (F)   69        87      1984
                                             1981
 MINIMUM TEMPERATURE (F)   46        33      1968
                                             1946
                                             1928


SUNRISE AND SUNSET
APRIL 27 2017.........SUNRISE   604 AM CDT   SUNSET   749 PM CDT
APRIL 28 2017.........SUNRISE   603 AM CDT   SUNSET   750 PM CDT


-  INDICATES NEGATIVE NUMBERS.
R  INDICATES RECORD WAS SET OR TIED.
MM INDICATES DATA IS MISSING.
T  INDICATES TRACE AMOUNT.




$$
