000
CDUS43 KILX 010643
CLISPI


CLIMATE REPORT
NATIONAL WEATHER SERVICE LINCOLN IL
143 AM CDT TUE SEP 1 2015


...................................

...THE SPRINGFIELD IL CLIMATE SUMMARY FOR AUGUST 31 2015...

CLIMATE NORMAL PERIOD 1981 TO 2010
CLIMATE RECORD PERIOD 1879 TO 2015


WEATHER ITEM   OBSERVED TIME   RECORD YEAR NORMAL DEPARTURE LAST
                VALUE   (LST)  VALUE       VALUE  FROM      YEAR
                                                  NORMAL
..................................................................
TEMPERATURE (F)
 YESTERDAY
  MAXIMUM         92    326 PM  99    2011  84      8       87
                                      1943
  MINIMUM         69    337 AM  46    1967  61      8       72
                                      1915
  AVERAGE         81                        72      9       80

PRECIPITATION (IN)
  YESTERDAY        0.00          3.28 2003   0.11  -0.11     0.00
  MONTH TO DATE    1.57                      3.24  -1.67     6.64
  SINCE JUN 1     14.87                     11.64   3.23    18.04
  SINCE JAN 1     27.78                     25.65   2.13    32.33

SNOWFALL (IN)
  YESTERDAY        0.0           0.0    MM   0.0    0.0      0.0
  MONTH TO DATE    0.0                       0.0    0.0      0.0
  SINCE JUN 1      0.0                       0.0    0.0      0.0
  SINCE JUL 1      0.0                       0.0    0.0      0.0
  SNOW DEPTH       0

DEGREE DAYS
 HEATING
  YESTERDAY        0                         0      0        0
  MONTH TO DATE    2                         0      2        0
  SINCE JUN 1      9                        20    -11        3
  SINCE JUL 1      6                         5      1        3

 COOLING
  YESTERDAY       16                         8      8       15
  MONTH TO DATE  267                       291    -24      339
  SINCE JUN 1    929                       866     63      857
  SINCE JAN 1   1095                       970    125     1033
..................................................................


WIND (MPH)
  HIGHEST WIND SPEED    14   HIGHEST WIND DIRECTION     S (190)
  HIGHEST GUST SPEED    19   HIGHEST GUST DIRECTION     S (160)
  AVERAGE WIND SPEED     6.9


SKY COVER
  POSSIBLE SUNSHINE  MM
  AVERAGE SKY COVER 0.2


WEATHER CONDITIONS
 THE FOLLOWING WEATHER WAS RECORDED YESTERDAY.
  FOG


RELATIVE HUMIDITY (PERCENT)
 HIGHEST   100           600 AM
 LOWEST     52           100 PM
 AVERAGE    76

..........................................................


THE SPRINGFIELD IL CLIMATE NORMALS FOR TODAY
                         NORMAL    RECORD    YEAR
 MAXIMUM TEMPERATURE (F)   84       102      2011
 MINIMUM TEMPERATURE (F)   61        43      1967


SUNRISE AND SUNSET
SEPTEMBER  1 2015.....SUNRISE   626 AM CDT   SUNSET   730 PM CDT
SEPTEMBER  2 2015.....SUNRISE   627 AM CDT   SUNSET   729 PM CDT


-  INDICATES NEGATIVE NUMBERS.
R  INDICATES RECORD WAS SET OR TIED.
MM INDICATES DATA IS MISSING.
T  INDICATES TRACE AMOUNT.




$$
