000
CDUS43 KILX 222140
CLISPI


CLIMATE REPORT
NATIONAL WEATHER SERVICE LINCOLN IL
429 PM CDT FRI AUG 22 2014


...................................

...THE SPRINGFIELD IL CLIMATE SUMMARY FOR AUGUST 22 2014...
VALID TODAY AS OF 0400 PM LOCAL TIME.

CLIMATE NORMAL PERIOD 1981 TO 2010
CLIMATE RECORD PERIOD 1879 TO 2014


WEATHER ITEM   OBSERVED TIME   RECORD YEAR NORMAL DEPARTURE LAST
                VALUE   (LST)  VALUE       VALUE  FROM      YEAR
                                                  NORMAL
..................................................................
TEMPERATURE (F)
 TODAY
  MAXIMUM         88    259 PM 104    1936  85      3       88
  MINIMUM         76    529 AM  51    1950  63     13       67
  AVERAGE         82                        74      8       78

PRECIPITATION (IN)
  TODAY            0.00          1.53 2001   0.10  -0.10     0.00
  MONTH TO DATE    4.08                      2.32   1.76     0.34
  SINCE JUN 1     15.48                     10.72   4.76     5.65
  SINCE JAN 1     29.77                     24.73   5.04    30.67

SNOWFALL (IN)
  TODAY            0.0           0.0    MM   0.0    0.0      0.0
  MONTH TO DATE    0.0                       0.0    0.0      0.0
  SINCE JUN 1      0.0                       0.0    0.0      0.0
  SINCE JUL 1      0.0                       0.0    0.0      0.0
  SNOW DEPTH       0

DEGREE DAYS
 HEATING
  TODAY            0                         0      0        0
  MONTH TO DATE    0                         0      0        5
  SINCE JUN 1      3                        16    -13       23
  SINCE JUL 1      3                         1      2       11

 COOLING
  TODAY           17                         9      8       13
  MONTH TO DATE  188                       215    -27      136
  SINCE JUN 1    706                       790    -84      684
  SINCE JAN 1    882                       894    -12      810
..................................................................


WIND (MPH)
  HIGHEST WIND SPEED    14   HIGHEST WIND DIRECTION    SE (120)
  HIGHEST GUST SPEED    19   HIGHEST GUST DIRECTION     S (190)
  AVERAGE WIND SPEED     6.6


SKY COVER
  POSSIBLE SUNSHINE  MM
  AVERAGE SKY COVER 0.3


WEATHER CONDITIONS
 THE FOLLOWING WEATHER WAS RECORDED TODAY.
  NO SIGNIFICANT WEATHER WAS OBSERVED.


RELATIVE HUMIDITY (PERCENT)
 HIGHEST    85          1200 AM
 LOWEST     63           300 PM
 AVERAGE    74

..........................................................


THE SPRINGFIELD IL CLIMATE NORMALS FOR TOMORROW
                         NORMAL    RECORD    YEAR
 MAXIMUM TEMPERATURE (F)   85       101      1936
 MINIMUM TEMPERATURE (F)   63        48      1890
                                             1888


SUNRISE AND SUNSET
AUGUST 22 2014........SUNRISE   617 AM CDT   SUNSET   745 PM CDT
AUGUST 23 2014........SUNRISE   618 AM CDT   SUNSET   744 PM CDT


-  INDICATES NEGATIVE NUMBERS.
R  INDICATES RECORD WAS SET OR TIED.
MM INDICATES DATA IS MISSING.
T  INDICATES TRACE AMOUNT.




$$
