000
CDUS43 KILX 282228
CLISPI


CLIMATE REPORT
NATIONAL WEATHER SERVICE LINCOLN IL
428 PM CST SUN DEC 28 2014


...................................

...THE SPRINGFIELD IL CLIMATE SUMMARY FOR DECEMBER 28 2014...
VALID TODAY AS OF 0400 PM LOCAL TIME.

CLIMATE NORMAL PERIOD 1981 TO 2010
CLIMATE RECORD PERIOD 1879 TO 2014


WEATHER ITEM   OBSERVED TIME   RECORD YEAR NORMAL DEPARTURE LAST
                VALUE   (LST)  VALUE       VALUE  FROM      YEAR
                                                  NORMAL
..................................................................
TEMPERATURE (F)
 TODAY
  MAXIMUM         35    338 PM  74    1984  35      0       55
  MINIMUM         29    942 AM -14    1924  20      9       36
  AVERAGE         32                        28      4       46

PRECIPITATION (IN)
  TODAY            0.00          1.47 1884   0.07  -0.07     0.00
  MONTH TO DATE    1.95                      2.31  -0.36     1.60
  SINCE DEC 1      1.95                      2.31  -0.36     1.60
  SINCE JAN 1     45.44                     37.22   8.22    38.35

SNOWFALL (IN)
  TODAY            0.0           5.7  1981   0.3   -0.3      0.0
  MONTH TO DATE    0.5                       5.0   -4.5      8.2
  SINCE DEC 1      0.5                       5.0   -4.5      8.2
  SINCE JUL 1      4.2                       5.6   -1.4      8.9
  SNOW DEPTH       0

DEGREE DAYS
 HEATING
  TODAY           33                        37     -4       19
  MONTH TO DATE  806                       960   -154     1029
  SINCE DEC 1    806                       960   -154     1029
  SINCE JUL 1   2042                      2028     14     2211

 COOLING
  TODAY            0                         0      0        0
  MONTH TO DATE    0                         0      0        0
  SINCE DEC 1      0                         0      0        0
  SINCE JAN 1   1162                      1122     40     1145
..................................................................


WIND (MPH)
  HIGHEST WIND SPEED    14   HIGHEST WIND DIRECTION    NW (300)
  HIGHEST GUST SPEED    16   HIGHEST GUST DIRECTION    NW (300)
  AVERAGE WIND SPEED     6.2


SKY COVER
  POSSIBLE SUNSHINE  MM
  AVERAGE SKY COVER 0.8


WEATHER CONDITIONS
 THE FOLLOWING WEATHER WAS RECORDED TODAY.
  NO SIGNIFICANT WEATHER WAS OBSERVED.


RELATIVE HUMIDITY (PERCENT)
 HIGHEST    78           100 AM
 LOWEST     64           300 PM
 AVERAGE    71

..........................................................


THE SPRINGFIELD IL CLIMATE NORMALS FOR TOMORROW
                         NORMAL    RECORD    YEAR
 MAXIMUM TEMPERATURE (F)   35        65      1984
 MINIMUM TEMPERATURE (F)   20       -14      1880


SUNRISE AND SUNSET
DECEMBER 28 2014......SUNRISE   719 AM CST   SUNSET   441 PM CST
DECEMBER 29 2014......SUNRISE   720 AM CST   SUNSET   442 PM CST


-  INDICATES NEGATIVE NUMBERS.
R  INDICATES RECORD WAS SET OR TIED.
MM INDICATES DATA IS MISSING.
T  INDICATES TRACE AMOUNT.




$$
